{"id":15236,"date":"2026-09-03T15:38:24","date_gmt":"2026-09-03T13:38:24","guid":{"rendered":"https:\/\/eibarkultura.eus\/eventos\/hamelingo-txistularia\/"},"modified":"2026-09-03T15:41:24","modified_gmt":"2026-09-03T13:41:24","slug":"hamelingo-txistularia","status":"publish","type":"mec-events","link":"https:\/\/eibarkultura.eus\/es\/eventos\/hamelingo-txistularia\/","title":{"rendered":"Hamelingo txistularia"},"content":{"rendered":"<p><strong>BAM! Bergara Antzerki Musikala<\/strong><\/p>\n<p>BAM! presenta un espect\u00e1culo musical basado en el famoso cuento de los hermanos Grimm. La historia narra la tragedia del 26 de junio de 1284 en la localidad de Hamel\u00edn. Apareci\u00f3 una plaga de ratas y, con el fin de ponerle remedio, un flautista desconocido de la zona jur\u00f3 acabar con todas las ratas a cambio de una paga. Los vecinos aceptaron la propuesta y el flautista se llev\u00f3 a las ratas del pueblo de Hamel\u00edn al son de su flauta. Despu\u00e9s de acabar con las ratas y salir del pueblo, los vecinos no cumplieron su palabra y no dieron la paga prometida al flautista. Entonces, el flautista, viendo que los vecinos no cumpl\u00edan su palabra, como venganza, atrajo a los ni\u00f1os del pueblo con el sonido de su flauta y se los llev\u00f3 del pueblo. Finalmente, el flautista, consternado y consciente del dolor causado en la poblaci\u00f3n, decide devolver a los ni\u00f1os.<\/p>\n<p><iframe title=\"Hamelingo Txirularia Teaser - BAM!\" src=\"https:\/\/www.youtube.com\/embed\/p1UzbHtZmBI\" width=\"1337\" height=\"706\" frameborder=\"0\" allowfullscreen=\"allowfullscreen\"><\/iframe><\/p>\n","protected":false},"excerpt":{"rendered":"<p>BAM! Bergara Antzerki Musikala BAM! presenta un espect\u00e1culo musical basado en el famoso cuento de los hermanos Grimm. La historia narra la tragedia del 26 de junio de 1284 en&hellip;<\/p>\n","protected":false},"author":1,"featured_media":14779,"comment_status":"closed","ping_status":"closed","template":"","tags":[],"mec_category":[48],"class_list":["post-15236","mec-events","type-mec-events","status-publish","has-post-thumbnail","hentry","mec_category-teatro"],"yoast_head":"<!-- This site is optimized with the Yoast SEO plugin v28.4 - https:\/\/yoast.com\/product\/yoast-seo-wordpress\/ -->\n<title>Hamelingo txistularia - BAM! Bergara Antzerki Musikala | Eibar Kultura<\/title>\n<meta name=\"description\" content=\"Hamelingo txistularia, musical de BAM! Bergara Antzerki Musikala, el 28 de diciembre en el Coliseo de Eibar. Basado en el famoso cuento de los hermanos Grimm.\" \/>\n<meta name=\"robots\" content=\"index, follow, max-snippet:-1, max-image-preview:large, max-video-preview:-1\" \/>\n<link rel=\"canonical\" href=\"https:\/\/eibarkultura.eus\/es\/eventos\/hamelingo-txistularia\/\" \/>\n<meta property=\"og:locale\" content=\"es_ES\" \/>\n<meta property=\"og:type\" content=\"article\" \/>\n<meta property=\"og:title\" content=\"Hamelingo txistularia - BAM! Bergara Antzerki Musikala | Eibar Kultura\" \/>\n<meta property=\"og:description\" content=\"Hamelingo txistularia, musical de BAM! Bergara Antzerki Musikala, el 28 de diciembre en el Coliseo de Eibar. Basado en el famoso cuento de los hermanos Grimm.\" \/>\n<meta property=\"og:url\" content=\"https:\/\/eibarkultura.eus\/es\/eventos\/hamelingo-txistularia\/\" \/>\n<meta property=\"og:site_name\" content=\"Eibarko Kultur Gida\" \/>\n<meta property=\"article:modified_time\" content=\"2026-09-03T13:41:24+00:00\" \/>\n<meta property=\"og:image\" content=\"https:\/\/eibarkultura.eus\/wp-content\/uploads\/2026\/07\/Hamelingo-txistularia.jpg\" \/>\n\t<meta property=\"og:image:width\" content=\"2000\" \/>\n\t<meta property=\"og:image:height\" content=\"1333\" \/>\n\t<meta property=\"og:image:type\" content=\"image\/jpeg\" \/>\n<meta name=\"twitter:card\" content=\"summary_large_image\" \/>\n<meta name=\"twitter:label1\" content=\"Tiempo de lectura\" \/>\n\t<meta name=\"twitter:data1\" content=\"1 minuto\" \/>\n<script type=\"application\/ld+json\" class=\"yoast-schema-graph\">{\"@context\":\"https:\\\/\\\/schema.org\",\"@graph\":[{\"@type\":\"WebPage\",\"@id\":\"https:\\\/\\\/eibarkultura.eus\\\/es\\\/eventos\\\/hamelingo-txistularia\\\/\",\"url\":\"https:\\\/\\\/eibarkultura.eus\\\/es\\\/eventos\\\/hamelingo-txistularia\\\/\",\"name\":\"Hamelingo txistularia - BAM! Bergara Antzerki Musikala | Eibar Kultura\",\"isPartOf\":{\"@id\":\"https:\\\/\\\/eibarkultura.eus\\\/es\\\/#website\"},\"primaryImageOfPage\":{\"@id\":\"https:\\\/\\\/eibarkultura.eus\\\/es\\\/eventos\\\/hamelingo-txistularia\\\/#primaryimage\"},\"image\":{\"@id\":\"https:\\\/\\\/eibarkultura.eus\\\/es\\\/eventos\\\/hamelingo-txistularia\\\/#primaryimage\"},\"thumbnailUrl\":\"https:\\\/\\\/eibarkultura.eus\\\/wp-content\\\/uploads\\\/2026\\\/07\\\/Hamelingo-txistularia.jpg\",\"datePublished\":\"2026-09-03T13:38:24+00:00\",\"dateModified\":\"2026-09-03T13:41:24+00:00\",\"description\":\"Hamelingo txistularia, musical de BAM! Bergara Antzerki Musikala, el 28 de diciembre en el Coliseo de Eibar. Basado en el famoso cuento de los hermanos Grimm.\",\"breadcrumb\":{\"@id\":\"https:\\\/\\\/eibarkultura.eus\\\/es\\\/eventos\\\/hamelingo-txistularia\\\/#breadcrumb\"},\"inLanguage\":\"es\",\"potentialAction\":[{\"@type\":\"ReadAction\",\"target\":[\"https:\\\/\\\/eibarkultura.eus\\\/es\\\/eventos\\\/hamelingo-txistularia\\\/\"]}]},{\"@type\":\"ImageObject\",\"inLanguage\":\"es\",\"@id\":\"https:\\\/\\\/eibarkultura.eus\\\/es\\\/eventos\\\/hamelingo-txistularia\\\/#primaryimage\",\"url\":\"https:\\\/\\\/eibarkultura.eus\\\/wp-content\\\/uploads\\\/2026\\\/07\\\/Hamelingo-txistularia.jpg\",\"contentUrl\":\"https:\\\/\\\/eibarkultura.eus\\\/wp-content\\\/uploads\\\/2026\\\/07\\\/Hamelingo-txistularia.jpg\",\"width\":2000,\"height\":1333},{\"@type\":\"BreadcrumbList\",\"@id\":\"https:\\\/\\\/eibarkultura.eus\\\/es\\\/eventos\\\/hamelingo-txistularia\\\/#breadcrumb\",\"itemListElement\":[{\"@type\":\"ListItem\",\"position\":1,\"name\":\"Hasiera\",\"item\":\"https:\\\/\\\/eibarkultura.eus\\\/es\\\/\"},{\"@type\":\"ListItem\",\"position\":2,\"name\":\"Eventos\",\"item\":\"https:\\\/\\\/eibarkultura.eus\\\/es\\\/eventos\\\/\"},{\"@type\":\"ListItem\",\"position\":3,\"name\":\"Hamelingo txistularia\"}]},{\"@type\":\"WebSite\",\"@id\":\"https:\\\/\\\/eibarkultura.eus\\\/es\\\/#website\",\"url\":\"https:\\\/\\\/eibarkultura.eus\\\/es\\\/\",\"name\":\"Eibarko Kultura\",\"description\":\"Bizi Kultura\",\"publisher\":{\"@id\":\"https:\\\/\\\/eibarkultura.eus\\\/es\\\/#organization\"},\"potentialAction\":[{\"@type\":\"SearchAction\",\"target\":{\"@type\":\"EntryPoint\",\"urlTemplate\":\"https:\\\/\\\/eibarkultura.eus\\\/es\\\/?s={search_term_string}\"},\"query-input\":{\"@type\":\"PropertyValueSpecification\",\"valueRequired\":true,\"valueName\":\"search_term_string\"}}],\"inLanguage\":\"es\"},{\"@type\":\"Organization\",\"@id\":\"https:\\\/\\\/eibarkultura.eus\\\/es\\\/#organization\",\"name\":\"Eibarko Kultura\",\"url\":\"https:\\\/\\\/eibarkultura.eus\\\/es\\\/\",\"logo\":{\"@type\":\"ImageObject\",\"inLanguage\":\"es\",\"@id\":\"https:\\\/\\\/eibarkultura.eus\\\/es\\\/#\\\/schema\\\/logo\\\/image\\\/\",\"url\":\"https:\\\/\\\/eibarkultura.eus\\\/wp-content\\\/uploads\\\/2023\\\/11\\\/Eibar-Kultura_Logo.png\",\"contentUrl\":\"https:\\\/\\\/eibarkultura.eus\\\/wp-content\\\/uploads\\\/2023\\\/11\\\/Eibar-Kultura_Logo.png\",\"width\":1169,\"height\":245,\"caption\":\"Eibarko Kultura\"},\"image\":{\"@id\":\"https:\\\/\\\/eibarkultura.eus\\\/es\\\/#\\\/schema\\\/logo\\\/image\\\/\"}}]}<\/script>\n<!-- \/ Yoast SEO plugin. -->","yoast_head_json":{"title":"Hamelingo txistularia - BAM! Bergara Antzerki Musikala | Eibar Kultura","description":"Hamelingo txistularia, musical de BAM! Bergara Antzerki Musikala, el 28 de diciembre en el Coliseo de Eibar. Basado en el famoso cuento de los hermanos Grimm.","robots":{"index":"index","follow":"follow","max-snippet":"max-snippet:-1","max-image-preview":"max-image-preview:large","max-video-preview":"max-video-preview:-1"},"canonical":"https:\/\/eibarkultura.eus\/es\/eventos\/hamelingo-txistularia\/","og_locale":"es_ES","og_type":"article","og_title":"Hamelingo txistularia - BAM! Bergara Antzerki Musikala | Eibar Kultura","og_description":"Hamelingo txistularia, musical de BAM! Bergara Antzerki Musikala, el 28 de diciembre en el Coliseo de Eibar. Basado en el famoso cuento de los hermanos Grimm.","og_url":"https:\/\/eibarkultura.eus\/es\/eventos\/hamelingo-txistularia\/","og_site_name":"Eibarko Kultur Gida","article_modified_time":"2026-09-03T13:41:24+00:00","og_image":[{"width":2000,"height":1333,"url":"https:\/\/eibarkultura.eus\/wp-content\/uploads\/2026\/07\/Hamelingo-txistularia.jpg","type":"image\/jpeg"}],"twitter_card":"summary_large_image","twitter_misc":{"Tiempo de lectura":"1 minuto"},"schema":{"@context":"https:\/\/schema.org","@graph":[{"@type":"WebPage","@id":"https:\/\/eibarkultura.eus\/es\/eventos\/hamelingo-txistularia\/","url":"https:\/\/eibarkultura.eus\/es\/eventos\/hamelingo-txistularia\/","name":"Hamelingo txistularia - BAM! Bergara Antzerki Musikala | Eibar Kultura","isPartOf":{"@id":"https:\/\/eibarkultura.eus\/es\/#website"},"primaryImageOfPage":{"@id":"https:\/\/eibarkultura.eus\/es\/eventos\/hamelingo-txistularia\/#primaryimage"},"image":{"@id":"https:\/\/eibarkultura.eus\/es\/eventos\/hamelingo-txistularia\/#primaryimage"},"thumbnailUrl":"https:\/\/eibarkultura.eus\/wp-content\/uploads\/2026\/07\/Hamelingo-txistularia.jpg","datePublished":"2026-09-03T13:38:24+00:00","dateModified":"2026-09-03T13:41:24+00:00","description":"Hamelingo txistularia, musical de BAM! Bergara Antzerki Musikala, el 28 de diciembre en el Coliseo de Eibar. Basado en el famoso cuento de los hermanos Grimm.","breadcrumb":{"@id":"https:\/\/eibarkultura.eus\/es\/eventos\/hamelingo-txistularia\/#breadcrumb"},"inLanguage":"es","potentialAction":[{"@type":"ReadAction","target":["https:\/\/eibarkultura.eus\/es\/eventos\/hamelingo-txistularia\/"]}]},{"@type":"ImageObject","inLanguage":"es","@id":"https:\/\/eibarkultura.eus\/es\/eventos\/hamelingo-txistularia\/#primaryimage","url":"https:\/\/eibarkultura.eus\/wp-content\/uploads\/2026\/07\/Hamelingo-txistularia.jpg","contentUrl":"https:\/\/eibarkultura.eus\/wp-content\/uploads\/2026\/07\/Hamelingo-txistularia.jpg","width":2000,"height":1333},{"@type":"BreadcrumbList","@id":"https:\/\/eibarkultura.eus\/es\/eventos\/hamelingo-txistularia\/#breadcrumb","itemListElement":[{"@type":"ListItem","position":1,"name":"Hasiera","item":"https:\/\/eibarkultura.eus\/es\/"},{"@type":"ListItem","position":2,"name":"Eventos","item":"https:\/\/eibarkultura.eus\/es\/eventos\/"},{"@type":"ListItem","position":3,"name":"Hamelingo txistularia"}]},{"@type":"WebSite","@id":"https:\/\/eibarkultura.eus\/es\/#website","url":"https:\/\/eibarkultura.eus\/es\/","name":"Eibarko Kultura","description":"Bizi Kultura","publisher":{"@id":"https:\/\/eibarkultura.eus\/es\/#organization"},"potentialAction":[{"@type":"SearchAction","target":{"@type":"EntryPoint","urlTemplate":"https:\/\/eibarkultura.eus\/es\/?s={search_term_string}"},"query-input":{"@type":"PropertyValueSpecification","valueRequired":true,"valueName":"search_term_string"}}],"inLanguage":"es"},{"@type":"Organization","@id":"https:\/\/eibarkultura.eus\/es\/#organization","name":"Eibarko Kultura","url":"https:\/\/eibarkultura.eus\/es\/","logo":{"@type":"ImageObject","inLanguage":"es","@id":"https:\/\/eibarkultura.eus\/es\/#\/schema\/logo\/image\/","url":"https:\/\/eibarkultura.eus\/wp-content\/uploads\/2023\/11\/Eibar-Kultura_Logo.png","contentUrl":"https:\/\/eibarkultura.eus\/wp-content\/uploads\/2023\/11\/Eibar-Kultura_Logo.png","width":1169,"height":245,"caption":"Eibarko Kultura"},"image":{"@id":"https:\/\/eibarkultura.eus\/es\/#\/schema\/logo\/image\/"}}]}},"_links":{"self":[{"href":"https:\/\/eibarkultura.eus\/es\/wp-json\/wp\/v2\/mec-events\/15236","targetHints":{"allow":["GET"]}}],"collection":[{"href":"https:\/\/eibarkultura.eus\/es\/wp-json\/wp\/v2\/mec-events"}],"about":[{"href":"https:\/\/eibarkultura.eus\/es\/wp-json\/wp\/v2\/types\/mec-events"}],"author":[{"embeddable":true,"href":"https:\/\/eibarkultura.eus\/es\/wp-json\/wp\/v2\/users\/1"}],"replies":[{"embeddable":true,"href":"https:\/\/eibarkultura.eus\/es\/wp-json\/wp\/v2\/comments?post=15236"}],"wp:attachment":[{"href":"https:\/\/eibarkultura.eus\/es\/wp-json\/wp\/v2\/media?parent=15236"}],"wp:term":[{"taxonomy":"post_tag","embeddable":true,"href":"https:\/\/eibarkultura.eus\/es\/wp-json\/wp\/v2\/tags?post=15236"},{"taxonomy":"mec_category","embeddable":true,"href":"https:\/\/eibarkultura.eus\/es\/wp-json\/wp\/v2\/mec_category?post=15236"}],"curies":[{"name":"wp","href":"https:\/\/api.w.org\/{rel}","templated":true}]}}

<p><strong>BAM! Bergara Antzerki Musikala</strong></p>
<p>BAM! presenta un espectáculo musical basado en el famoso cuento de los hermanos Grimm. La historia narra la tragedia del 26 de junio de 1284 en la localidad de Hamelín. Apareció una plaga de ratas y, con el fin de ponerle remedio, un flautista desconocido de la zona juró acabar con todas las ratas a cambio de una paga. Los vecinos aceptaron la propuesta y el flautista se llevó a las ratas del pueblo de Hamelín al son de su flauta. Después de acabar con las ratas y salir del pueblo, los vecinos no cumplieron su palabra y no dieron la paga prometida al flautista. Entonces, el flautista, viendo que los vecinos no cumplían su palabra, como venganza, atrajo a los niños del pueblo con el sonido de su flauta y se los llevó del pueblo. Finalmente, el flautista, consternado y consciente del dolor causado en la población, decide devolver a los niños.</p>
<p><iframe title="Hamelingo Txirularia Teaser - BAM!" src="https://www.youtube.com/embed/p1UzbHtZmBI" width="1337" height="706" frameborder="0" allowfullscreen="allowfullscreen"></iframe></p>

<p>BAM! Bergara Antzerki Musikala BAM! presenta un espectáculo musical basado en el famoso cuento de los hermanos Grimm. La historia narra la tragedia del 26 de junio de 1284 en&hellip;</p>
