{"id":15194,"date":"2026-09-02T15:31:52","date_gmt":"2026-09-02T13:31:52","guid":{"rendered":"https:\/\/eibarkultura.eus\/eventos\/mikel-bermejo-eureka\/"},"modified":"2026-09-02T15:38:23","modified_gmt":"2026-09-02T13:38:23","slug":"mikel-bermejo-eureka","status":"publish","type":"mec-events","link":"https:\/\/eibarkultura.eus\/es\/eventos\/mikel-bermejo-eureka\/","title":{"rendered":"Mikel Bermejo &#8211; Eureka"},"content":{"rendered":"<p><strong>Komedia Fest<\/strong><\/p>\n<p>Mikel Bermejo llega a\u00a0<strong>Komedia Fest 2026<\/strong>\u00a0con\u00a0<em>Eureka<\/em>, un espect\u00e1culo de stand-up comedy que convierte las grandes preguntas de nuestro tiempo en una aut\u00e9ntica celebraci\u00f3n de la risa.<\/p>\n<p>\u00bfSon los influencers los nuevos fil\u00f3sofos? \u00bfPor qu\u00e9 siempre hay alguien con bater\u00eda suficiente para grabar tus peores decisiones a las seis de la ma\u00f1ana? \u00bfHa alcanzado la estupidez humana su m\u00e1ximo nivel?<\/p>\n<p>A partir de estas y muchas otras cuestiones, Mikel construye un mon\u00f3logo afilado, cercano y cargado de observaci\u00f3n sobre las contradicciones de la vida moderna.<\/p>\n<p>El espect\u00e1culo combina\u00a0<strong>stand-up, improvisaci\u00f3n e interacci\u00f3n con el p\u00fablico<\/strong>\u00a0para analizar con humor los temas m\u00e1s actuales y absurdos de nuestro d\u00eda a d\u00eda.<\/p>\n<p>Durante 80 minutos,\u00a0<em>Eureka<\/em>\u00a0propone un viaje por las maravillas, absurdos y locuras del mundo contempor\u00e1neo a trav\u00e9s de la mirada \u00fanica de Mikel Bermejo, uno de los c\u00f3micos destacados del panorama nacional.<\/p>\n<p>Una oportunidad perfecta para desconectar, re\u00edr y descubrir por qu\u00e9, a veces, las respuestas m\u00e1s inteligentes nacen de las preguntas m\u00e1s absurdas.<\/p>\n","protected":false},"excerpt":{"rendered":"<p>Komedia Fest Mikel Bermejo llega a\u00a0Komedia Fest 2026\u00a0con\u00a0Eureka, un espect\u00e1culo de stand-up comedy que convierte las grandes preguntas de nuestro tiempo en una aut\u00e9ntica celebraci\u00f3n de la risa. \u00bfSon los&hellip;<\/p>\n","protected":false},"author":1,"featured_media":15193,"comment_status":"closed","ping_status":"closed","template":"","tags":[],"mec_category":[48],"class_list":["post-15194","mec-events","type-mec-events","status-publish","has-post-thumbnail","hentry","mec_category-teatro"],"yoast_head":"<!-- This site is optimized with the Yoast SEO plugin v28.4 - https:\/\/yoast.com\/product\/yoast-seo-wordpress\/ -->\n<title>Mikel Bermejo \u2013 Eureka | Eibar Kultura<\/title>\n<meta name=\"description\" content=\"Mikel Bermejo presenta \u201cEureka\u201d en Eibar el 22 de noviembre a las 19:00 en el Teatro Coliseo. Humor, stand-up e improvisaci\u00f3n. Informaci\u00f3n y entradas.\" \/>\n<meta name=\"robots\" content=\"index, follow, max-snippet:-1, max-image-preview:large, max-video-preview:-1\" \/>\n<link rel=\"canonical\" href=\"https:\/\/eibarkultura.eus\/es\/eventos\/mikel-bermejo-eureka\/\" \/>\n<meta property=\"og:locale\" content=\"es_ES\" \/>\n<meta property=\"og:type\" content=\"article\" \/>\n<meta property=\"og:title\" content=\"Mikel Bermejo \u2013 Eureka | Eibar Kultura\" \/>\n<meta property=\"og:description\" content=\"Mikel Bermejo presenta \u201cEureka\u201d en Eibar el 22 de noviembre a las 19:00 en el Teatro Coliseo. Humor, stand-up e improvisaci\u00f3n. Informaci\u00f3n y entradas.\" \/>\n<meta property=\"og:url\" content=\"https:\/\/eibarkultura.eus\/es\/eventos\/mikel-bermejo-eureka\/\" \/>\n<meta property=\"og:site_name\" content=\"Eibarko Kultur Gida\" \/>\n<meta property=\"article:modified_time\" content=\"2026-09-02T13:38:23+00:00\" \/>\n<meta property=\"og:image\" content=\"https:\/\/eibarkultura.eus\/wp-content\/uploads\/2026\/09\/mikel-bermejo.jpg\" \/>\n\t<meta property=\"og:image:width\" content=\"2000\" \/>\n\t<meta property=\"og:image:height\" content=\"1333\" \/>\n\t<meta property=\"og:image:type\" content=\"image\/jpeg\" \/>\n<meta name=\"twitter:card\" content=\"summary_large_image\" \/>\n<meta name=\"twitter:label1\" content=\"Tiempo de lectura\" \/>\n\t<meta name=\"twitter:data1\" content=\"1 minuto\" \/>\n<script type=\"application\/ld+json\" class=\"yoast-schema-graph\">{\"@context\":\"https:\\\/\\\/schema.org\",\"@graph\":[{\"@type\":\"WebPage\",\"@id\":\"https:\\\/\\\/eibarkultura.eus\\\/es\\\/eventos\\\/mikel-bermejo-eureka\\\/\",\"url\":\"https:\\\/\\\/eibarkultura.eus\\\/es\\\/eventos\\\/mikel-bermejo-eureka\\\/\",\"name\":\"Mikel Bermejo \u2013 Eureka | Eibar Kultura\",\"isPartOf\":{\"@id\":\"https:\\\/\\\/eibarkultura.eus\\\/es\\\/#website\"},\"primaryImageOfPage\":{\"@id\":\"https:\\\/\\\/eibarkultura.eus\\\/es\\\/eventos\\\/mikel-bermejo-eureka\\\/#primaryimage\"},\"image\":{\"@id\":\"https:\\\/\\\/eibarkultura.eus\\\/es\\\/eventos\\\/mikel-bermejo-eureka\\\/#primaryimage\"},\"thumbnailUrl\":\"https:\\\/\\\/eibarkultura.eus\\\/wp-content\\\/uploads\\\/2026\\\/09\\\/mikel-bermejo.jpg\",\"datePublished\":\"2026-09-02T13:31:52+00:00\",\"dateModified\":\"2026-09-02T13:38:23+00:00\",\"description\":\"Mikel Bermejo presenta \u201cEureka\u201d en Eibar el 22 de noviembre a las 19:00 en el Teatro Coliseo. Humor, stand-up e improvisaci\u00f3n. Informaci\u00f3n y entradas.\",\"breadcrumb\":{\"@id\":\"https:\\\/\\\/eibarkultura.eus\\\/es\\\/eventos\\\/mikel-bermejo-eureka\\\/#breadcrumb\"},\"inLanguage\":\"es\",\"potentialAction\":[{\"@type\":\"ReadAction\",\"target\":[\"https:\\\/\\\/eibarkultura.eus\\\/es\\\/eventos\\\/mikel-bermejo-eureka\\\/\"]}]},{\"@type\":\"ImageObject\",\"inLanguage\":\"es\",\"@id\":\"https:\\\/\\\/eibarkultura.eus\\\/es\\\/eventos\\\/mikel-bermejo-eureka\\\/#primaryimage\",\"url\":\"https:\\\/\\\/eibarkultura.eus\\\/wp-content\\\/uploads\\\/2026\\\/09\\\/mikel-bermejo.jpg\",\"contentUrl\":\"https:\\\/\\\/eibarkultura.eus\\\/wp-content\\\/uploads\\\/2026\\\/09\\\/mikel-bermejo.jpg\",\"width\":2000,\"height\":1333},{\"@type\":\"BreadcrumbList\",\"@id\":\"https:\\\/\\\/eibarkultura.eus\\\/es\\\/eventos\\\/mikel-bermejo-eureka\\\/#breadcrumb\",\"itemListElement\":[{\"@type\":\"ListItem\",\"position\":1,\"name\":\"Hasiera\",\"item\":\"https:\\\/\\\/eibarkultura.eus\\\/es\\\/\"},{\"@type\":\"ListItem\",\"position\":2,\"name\":\"Eventos\",\"item\":\"https:\\\/\\\/eibarkultura.eus\\\/es\\\/eventos\\\/\"},{\"@type\":\"ListItem\",\"position\":3,\"name\":\"Mikel Bermejo &#8211; Eureka\"}]},{\"@type\":\"WebSite\",\"@id\":\"https:\\\/\\\/eibarkultura.eus\\\/es\\\/#website\",\"url\":\"https:\\\/\\\/eibarkultura.eus\\\/es\\\/\",\"name\":\"Eibarko Kultura\",\"description\":\"Bizi Kultura\",\"publisher\":{\"@id\":\"https:\\\/\\\/eibarkultura.eus\\\/es\\\/#organization\"},\"potentialAction\":[{\"@type\":\"SearchAction\",\"target\":{\"@type\":\"EntryPoint\",\"urlTemplate\":\"https:\\\/\\\/eibarkultura.eus\\\/es\\\/?s={search_term_string}\"},\"query-input\":{\"@type\":\"PropertyValueSpecification\",\"valueRequired\":true,\"valueName\":\"search_term_string\"}}],\"inLanguage\":\"es\"},{\"@type\":\"Organization\",\"@id\":\"https:\\\/\\\/eibarkultura.eus\\\/es\\\/#organization\",\"name\":\"Eibarko Kultura\",\"url\":\"https:\\\/\\\/eibarkultura.eus\\\/es\\\/\",\"logo\":{\"@type\":\"ImageObject\",\"inLanguage\":\"es\",\"@id\":\"https:\\\/\\\/eibarkultura.eus\\\/es\\\/#\\\/schema\\\/logo\\\/image\\\/\",\"url\":\"https:\\\/\\\/eibarkultura.eus\\\/wp-content\\\/uploads\\\/2023\\\/11\\\/Eibar-Kultura_Logo.png\",\"contentUrl\":\"https:\\\/\\\/eibarkultura.eus\\\/wp-content\\\/uploads\\\/2023\\\/11\\\/Eibar-Kultura_Logo.png\",\"width\":1169,\"height\":245,\"caption\":\"Eibarko Kultura\"},\"image\":{\"@id\":\"https:\\\/\\\/eibarkultura.eus\\\/es\\\/#\\\/schema\\\/logo\\\/image\\\/\"}}]}<\/script>\n<!-- \/ Yoast SEO plugin. -->","yoast_head_json":{"title":"Mikel Bermejo \u2013 Eureka | Eibar Kultura","description":"Mikel Bermejo presenta \u201cEureka\u201d en Eibar el 22 de noviembre a las 19:00 en el Teatro Coliseo. Humor, stand-up e improvisaci\u00f3n. Informaci\u00f3n y entradas.","robots":{"index":"index","follow":"follow","max-snippet":"max-snippet:-1","max-image-preview":"max-image-preview:large","max-video-preview":"max-video-preview:-1"},"canonical":"https:\/\/eibarkultura.eus\/es\/eventos\/mikel-bermejo-eureka\/","og_locale":"es_ES","og_type":"article","og_title":"Mikel Bermejo \u2013 Eureka | Eibar Kultura","og_description":"Mikel Bermejo presenta \u201cEureka\u201d en Eibar el 22 de noviembre a las 19:00 en el Teatro Coliseo. Humor, stand-up e improvisaci\u00f3n. Informaci\u00f3n y entradas.","og_url":"https:\/\/eibarkultura.eus\/es\/eventos\/mikel-bermejo-eureka\/","og_site_name":"Eibarko Kultur Gida","article_modified_time":"2026-09-02T13:38:23+00:00","og_image":[{"width":2000,"height":1333,"url":"https:\/\/eibarkultura.eus\/wp-content\/uploads\/2026\/09\/mikel-bermejo.jpg","type":"image\/jpeg"}],"twitter_card":"summary_large_image","twitter_misc":{"Tiempo de lectura":"1 minuto"},"schema":{"@context":"https:\/\/schema.org","@graph":[{"@type":"WebPage","@id":"https:\/\/eibarkultura.eus\/es\/eventos\/mikel-bermejo-eureka\/","url":"https:\/\/eibarkultura.eus\/es\/eventos\/mikel-bermejo-eureka\/","name":"Mikel Bermejo \u2013 Eureka | Eibar Kultura","isPartOf":{"@id":"https:\/\/eibarkultura.eus\/es\/#website"},"primaryImageOfPage":{"@id":"https:\/\/eibarkultura.eus\/es\/eventos\/mikel-bermejo-eureka\/#primaryimage"},"image":{"@id":"https:\/\/eibarkultura.eus\/es\/eventos\/mikel-bermejo-eureka\/#primaryimage"},"thumbnailUrl":"https:\/\/eibarkultura.eus\/wp-content\/uploads\/2026\/09\/mikel-bermejo.jpg","datePublished":"2026-09-02T13:31:52+00:00","dateModified":"2026-09-02T13:38:23+00:00","description":"Mikel Bermejo presenta \u201cEureka\u201d en Eibar el 22 de noviembre a las 19:00 en el Teatro Coliseo. Humor, stand-up e improvisaci\u00f3n. Informaci\u00f3n y entradas.","breadcrumb":{"@id":"https:\/\/eibarkultura.eus\/es\/eventos\/mikel-bermejo-eureka\/#breadcrumb"},"inLanguage":"es","potentialAction":[{"@type":"ReadAction","target":["https:\/\/eibarkultura.eus\/es\/eventos\/mikel-bermejo-eureka\/"]}]},{"@type":"ImageObject","inLanguage":"es","@id":"https:\/\/eibarkultura.eus\/es\/eventos\/mikel-bermejo-eureka\/#primaryimage","url":"https:\/\/eibarkultura.eus\/wp-content\/uploads\/2026\/09\/mikel-bermejo.jpg","contentUrl":"https:\/\/eibarkultura.eus\/wp-content\/uploads\/2026\/09\/mikel-bermejo.jpg","width":2000,"height":1333},{"@type":"BreadcrumbList","@id":"https:\/\/eibarkultura.eus\/es\/eventos\/mikel-bermejo-eureka\/#breadcrumb","itemListElement":[{"@type":"ListItem","position":1,"name":"Hasiera","item":"https:\/\/eibarkultura.eus\/es\/"},{"@type":"ListItem","position":2,"name":"Eventos","item":"https:\/\/eibarkultura.eus\/es\/eventos\/"},{"@type":"ListItem","position":3,"name":"Mikel Bermejo &#8211; Eureka"}]},{"@type":"WebSite","@id":"https:\/\/eibarkultura.eus\/es\/#website","url":"https:\/\/eibarkultura.eus\/es\/","name":"Eibarko Kultura","description":"Bizi Kultura","publisher":{"@id":"https:\/\/eibarkultura.eus\/es\/#organization"},"potentialAction":[{"@type":"SearchAction","target":{"@type":"EntryPoint","urlTemplate":"https:\/\/eibarkultura.eus\/es\/?s={search_term_string}"},"query-input":{"@type":"PropertyValueSpecification","valueRequired":true,"valueName":"search_term_string"}}],"inLanguage":"es"},{"@type":"Organization","@id":"https:\/\/eibarkultura.eus\/es\/#organization","name":"Eibarko Kultura","url":"https:\/\/eibarkultura.eus\/es\/","logo":{"@type":"ImageObject","inLanguage":"es","@id":"https:\/\/eibarkultura.eus\/es\/#\/schema\/logo\/image\/","url":"https:\/\/eibarkultura.eus\/wp-content\/uploads\/2023\/11\/Eibar-Kultura_Logo.png","contentUrl":"https:\/\/eibarkultura.eus\/wp-content\/uploads\/2023\/11\/Eibar-Kultura_Logo.png","width":1169,"height":245,"caption":"Eibarko Kultura"},"image":{"@id":"https:\/\/eibarkultura.eus\/es\/#\/schema\/logo\/image\/"}}]}},"_links":{"self":[{"href":"https:\/\/eibarkultura.eus\/es\/wp-json\/wp\/v2\/mec-events\/15194","targetHints":{"allow":["GET"]}}],"collection":[{"href":"https:\/\/eibarkultura.eus\/es\/wp-json\/wp\/v2\/mec-events"}],"about":[{"href":"https:\/\/eibarkultura.eus\/es\/wp-json\/wp\/v2\/types\/mec-events"}],"author":[{"embeddable":true,"href":"https:\/\/eibarkultura.eus\/es\/wp-json\/wp\/v2\/users\/1"}],"replies":[{"embeddable":true,"href":"https:\/\/eibarkultura.eus\/es\/wp-json\/wp\/v2\/comments?post=15194"}],"wp:featuredmedia":[{"embeddable":true,"href":"https:\/\/eibarkultura.eus\/es\/wp-json\/wp\/v2\/media\/15193"}],"wp:attachment":[{"href":"https:\/\/eibarkultura.eus\/es\/wp-json\/wp\/v2\/media?parent=15194"}],"wp:term":[{"taxonomy":"post_tag","embeddable":true,"href":"https:\/\/eibarkultura.eus\/es\/wp-json\/wp\/v2\/tags?post=15194"},{"taxonomy":"mec_category","embeddable":true,"href":"https:\/\/eibarkultura.eus\/es\/wp-json\/wp\/v2\/mec_category?post=15194"}],"curies":[{"name":"wp","href":"https:\/\/api.w.org\/{rel}","templated":true}]}}

<p><strong>Komedia Fest</strong></p>
<p>Mikel Bermejo llega a <strong>Komedia Fest 2026</strong> con <em>Eureka</em>, un espectáculo de stand-up comedy que convierte las grandes preguntas de nuestro tiempo en una auténtica celebración de la risa.</p>
<p>¿Son los influencers los nuevos filósofos? ¿Por qué siempre hay alguien con batería suficiente para grabar tus peores decisiones a las seis de la mañana? ¿Ha alcanzado la estupidez humana su máximo nivel?</p>
<p>A partir de estas y muchas otras cuestiones, Mikel construye un monólogo afilado, cercano y cargado de observación sobre las contradicciones de la vida moderna.</p>
<p>El espectáculo combina <strong>stand-up, improvisación e interacción con el público</strong> para analizar con humor los temas más actuales y absurdos de nuestro día a día.</p>
<p>Durante 80 minutos, <em>Eureka</em> propone un viaje por las maravillas, absurdos y locuras del mundo contemporáneo a través de la mirada única de Mikel Bermejo, uno de los cómicos destacados del panorama nacional.</p>
<p>Una oportunidad perfecta para desconectar, reír y descubrir por qué, a veces, las respuestas más inteligentes nacen de las preguntas más absurdas.</p>

<p>Komedia Fest Mikel Bermejo llega a Komedia Fest 2026 con Eureka, un espectáculo de stand-up comedy que convierte las grandes preguntas de nuestro tiempo en una auténtica celebración de la risa. ¿Son los&hellip;</p>

<!-- This site is optimized with the Yoast SEO plugin v28.4 - https://yoast.com/product/yoast-seo-wordpress/ -->
<title>Mikel Bermejo – Eureka | Eibar Kultura</title>
<meta name="description" content="Mikel Bermejo presenta “Eureka” en Eibar el 22 de noviembre a las 19:00 en el Teatro Coliseo. Humor, stand-up e improvisación. Información y entradas." />
<meta name="robots" content="index, follow, max-snippet:-1, max-image-preview:large, max-video-preview:-1" />
<link rel="canonical" href="https://eibarkultura.eus/es/eventos/mikel-bermejo-eureka/" />
<meta property="og:locale" content="es_ES" />
<meta property="og:type" content="article" />
<meta property="og:title" content="Mikel Bermejo – Eureka | Eibar Kultura" />
<meta property="og:description" content="Mikel Bermejo presenta “Eureka” en Eibar el 22 de noviembre a las 19:00 en el Teatro Coliseo. Humor, stand-up e improvisación. Información y entradas." />
<meta property="og:url" content="https://eibarkultura.eus/es/eventos/mikel-bermejo-eureka/" />
<meta property="og:site_name" content="Eibarko Kultur Gida" />
<meta property="article:modified_time" content="2026-09-02T13:38:23+00:00" />
<meta property="og:image" content="https://eibarkultura.eus/wp-content/uploads/2026/09/mikel-bermejo.jpg" />
	<meta property="og:image:width" content="2000" />
	<meta property="og:image:height" content="1333" />
	<meta property="og:image:type" content="image/jpeg" />
<meta name="twitter:card" content="summary_large_image" />
<meta name="twitter:label1" content="Tiempo de lectura" />
	<meta name="twitter:data1" content="1 minuto" />
<script type="application/ld+json" class="yoast-schema-graph">{"@context":"https:\/\/schema.org","@graph":[{"@type":"WebPage","@id":"https:\/\/eibarkultura.eus\/es\/eventos\/mikel-bermejo-eureka\/","url":"https:\/\/eibarkultura.eus\/es\/eventos\/mikel-bermejo-eureka\/","name":"Mikel Bermejo – Eureka | Eibar Kultura","isPartOf":{"@id":"https:\/\/eibarkultura.eus\/es\/#website"},"primaryImageOfPage":{"@id":"https:\/\/eibarkultura.eus\/es\/eventos\/mikel-bermejo-eureka\/#primaryimage"},"image":{"@id":"https:\/\/eibarkultura.eus\/es\/eventos\/mikel-bermejo-eureka\/#primaryimage"},"thumbnailUrl":"https:\/\/eibarkultura.eus\/wp-content\/uploads\/2026\/09\/mikel-bermejo.jpg","datePublished":"2026-09-02T13:31:52+00:00","dateModified":"2026-09-02T13:38:23+00:00","description":"Mikel Bermejo presenta “Eureka” en Eibar el 22 de noviembre a las 19:00 en el Teatro Coliseo. Humor, stand-up e improvisación. Información y entradas.","breadcrumb":{"@id":"https:\/\/eibarkultura.eus\/es\/eventos\/mikel-bermejo-eureka\/#breadcrumb"},"inLanguage":"es","potentialAction":[{"@type":"ReadAction","target":["https:\/\/eibarkultura.eus\/es\/eventos\/mikel-bermejo-eureka\/"]}]},{"@type":"ImageObject","inLanguage":"es","@id":"https:\/\/eibarkultura.eus\/es\/eventos\/mikel-bermejo-eureka\/#primaryimage","url":"https:\/\/eibarkultura.eus\/wp-content\/uploads\/2026\/09\/mikel-bermejo.jpg","contentUrl":"https:\/\/eibarkultura.eus\/wp-content\/uploads\/2026\/09\/mikel-bermejo.jpg","width":2000,"height":1333},{"@type":"BreadcrumbList","@id":"https:\/\/eibarkultura.eus\/es\/eventos\/mikel-bermejo-eureka\/#breadcrumb","itemListElement":[{"@type":"ListItem","position":1,"name":"Hasiera","item":"https:\/\/eibarkultura.eus\/es\/"},{"@type":"ListItem","position":2,"name":"Eventos","item":"https:\/\/eibarkultura.eus\/es\/eventos\/"},{"@type":"ListItem","position":3,"name":"Mikel Bermejo &#8211; Eureka"}]},{"@type":"WebSite","@id":"https:\/\/eibarkultura.eus\/es\/#website","url":"https:\/\/eibarkultura.eus\/es\/","name":"Eibarko Kultura","description":"Bizi Kultura","publisher":{"@id":"https:\/\/eibarkultura.eus\/es\/#organization"},"potentialAction":[{"@type":"SearchAction","target":{"@type":"EntryPoint","urlTemplate":"https:\/\/eibarkultura.eus\/es\/?s={search_term_string}"},"query-input":{"@type":"PropertyValueSpecification","valueRequired":true,"valueName":"search_term_string"}}],"inLanguage":"es"},{"@type":"Organization","@id":"https:\/\/eibarkultura.eus\/es\/#organization","name":"Eibarko Kultura","url":"https:\/\/eibarkultura.eus\/es\/","logo":{"@type":"ImageObject","inLanguage":"es","@id":"https:\/\/eibarkultura.eus\/es\/#\/schema\/logo\/image\/","url":"https:\/\/eibarkultura.eus\/wp-content\/uploads\/2023\/11\/Eibar-Kultura_Logo.png","contentUrl":"https:\/\/eibarkultura.eus\/wp-content\/uploads\/2023\/11\/Eibar-Kultura_Logo.png","width":1169,"height":245,"caption":"Eibarko Kultura"},"image":{"@id":"https:\/\/eibarkultura.eus\/es\/#\/schema\/logo\/image\/"}}]}</script>
<!-- / Yoast SEO plugin. -->

Mikel Bermejo presenta “Eureka” en Eibar el 22 de noviembre a las 19:00 en el Teatro Coliseo. Humor, stand-up e improvisación. Información y entradas.
