{"id":15187,"date":"2026-09-02T15:19:28","date_gmt":"2026-09-02T13:19:28","guid":{"rendered":"https:\/\/eibarkultura.eus\/?post_type=mec-events&#038;p=15187"},"modified":"2026-09-02T15:43:52","modified_gmt":"2026-09-02T13:43:52","slug":"diego-arjona-divorciarse-a-los-40","status":"publish","type":"mec-events","link":"https:\/\/eibarkultura.eus\/es\/eventos\/diego-arjona-divorciarse-a-los-40\/","title":{"rendered":"Diego Arjona &#8211; Divorciarse a los 40"},"content":{"rendered":"<p><strong>Komedia Fest<\/strong><\/p>\n<p><strong>\u00a1Qu\u00e9 bonito es el amor! Hasta que se acaba.<\/strong><\/p>\n<p>En\u00a0<em>Divorciarse a los 40<\/em>, Diego Arjona nos trae la gu\u00eda definitiva sobre el perfecto divorciado: \u00bfqu\u00e9 ha pasado?, \u00bfqu\u00e9 hago ahora?, \u00bfqu\u00e9 hacemos con los ni\u00f1os? o, quiz\u00e1 la gran pregunta, \u00bfme meto en Tinder a mi edad?<\/p>\n<p>Una comedia teatral sobre relaciones, rupturas y segundas oportunidades, pensada tanto para quienes est\u00e1n felizmente en pareja como para quienes han sobrevivido a una separaci\u00f3n.<\/p>\n<p>Un espect\u00e1culo lleno de mon\u00f3logos, improvisaci\u00f3n, interacci\u00f3n con el p\u00fablico e incluso un programa de televisi\u00f3n en directo desde el propio teatro.<\/p>\n<p>Humor cercano, directo y absurdo contado desde la experiencia de Diego Arjona. Porque quiz\u00e1 no arregle tu vida sentimental\u2026 pero s\u00ed te har\u00e1 pasar una noche inolvidable.<\/p>\n","protected":false},"excerpt":{"rendered":"<p>Komedia Fest \u00a1Qu\u00e9 bonito es el amor! Hasta que se acaba. En\u00a0Divorciarse a los 40, Diego Arjona nos trae la gu\u00eda definitiva sobre el perfecto divorciado: \u00bfqu\u00e9 ha pasado?, \u00bfqu\u00e9&hellip;<\/p>\n","protected":false},"author":1,"featured_media":15188,"comment_status":"closed","ping_status":"closed","template":"","tags":[],"mec_category":[48],"class_list":["post-15187","mec-events","type-mec-events","status-publish","has-post-thumbnail","hentry","mec_category-teatro"],"yoast_head":"<!-- This site is optimized with the Yoast SEO plugin v28.4 - https:\/\/yoast.com\/product\/yoast-seo-wordpress\/ -->\n<title>Diego Arjona \u2013 Divorciarse a los 40 | Eibar Kultura<\/title>\n<meta name=\"description\" content=\"Diego Arjona presenta \u201cDivorciarse a los 40\u201d en Eibar el 20 de noviembre a las 20:30 en el Teatro Coliseo. Informaci\u00f3n y entradas.\" \/>\n<meta name=\"robots\" content=\"index, follow, max-snippet:-1, max-image-preview:large, max-video-preview:-1\" \/>\n<link rel=\"canonical\" href=\"https:\/\/eibarkultura.eus\/es\/eventos\/diego-arjona-divorciarse-a-los-40\/\" \/>\n<meta property=\"og:locale\" content=\"es_ES\" \/>\n<meta property=\"og:type\" content=\"article\" \/>\n<meta property=\"og:title\" content=\"Diego Arjona \u2013 Divorciarse a los 40 | Eibar Kultura\" \/>\n<meta property=\"og:description\" content=\"Diego Arjona presenta \u201cDivorciarse a los 40\u201d en Eibar el 20 de noviembre a las 20:30 en el Teatro Coliseo. Informaci\u00f3n y entradas.\" \/>\n<meta property=\"og:url\" content=\"https:\/\/eibarkultura.eus\/es\/eventos\/diego-arjona-divorciarse-a-los-40\/\" \/>\n<meta property=\"og:site_name\" content=\"Eibarko Kultur Gida\" \/>\n<meta property=\"article:modified_time\" content=\"2026-09-02T13:43:52+00:00\" \/>\n<meta property=\"og:image\" content=\"https:\/\/eibarkultura.eus\/wp-content\/uploads\/2026\/09\/diego-arjona.jpg\" \/>\n\t<meta property=\"og:image:width\" content=\"2000\" \/>\n\t<meta property=\"og:image:height\" content=\"1333\" \/>\n\t<meta property=\"og:image:type\" content=\"image\/jpeg\" \/>\n<meta name=\"twitter:card\" content=\"summary_large_image\" \/>\n<meta name=\"twitter:label1\" content=\"Tiempo de lectura\" \/>\n\t<meta name=\"twitter:data1\" content=\"1 minuto\" \/>\n<script type=\"application\/ld+json\" class=\"yoast-schema-graph\">{\"@context\":\"https:\\\/\\\/schema.org\",\"@graph\":[{\"@type\":\"WebPage\",\"@id\":\"https:\\\/\\\/eibarkultura.eus\\\/es\\\/eventos\\\/diego-arjona-divorciarse-a-los-40\\\/\",\"url\":\"https:\\\/\\\/eibarkultura.eus\\\/es\\\/eventos\\\/diego-arjona-divorciarse-a-los-40\\\/\",\"name\":\"Diego Arjona \u2013 Divorciarse a los 40 | Eibar Kultura\",\"isPartOf\":{\"@id\":\"https:\\\/\\\/eibarkultura.eus\\\/es\\\/#website\"},\"primaryImageOfPage\":{\"@id\":\"https:\\\/\\\/eibarkultura.eus\\\/es\\\/eventos\\\/diego-arjona-divorciarse-a-los-40\\\/#primaryimage\"},\"image\":{\"@id\":\"https:\\\/\\\/eibarkultura.eus\\\/es\\\/eventos\\\/diego-arjona-divorciarse-a-los-40\\\/#primaryimage\"},\"thumbnailUrl\":\"https:\\\/\\\/eibarkultura.eus\\\/wp-content\\\/uploads\\\/2026\\\/09\\\/diego-arjona.jpg\",\"datePublished\":\"2026-09-02T13:19:28+00:00\",\"dateModified\":\"2026-09-02T13:43:52+00:00\",\"description\":\"Diego Arjona presenta \u201cDivorciarse a los 40\u201d en Eibar el 20 de noviembre a las 20:30 en el Teatro Coliseo. Informaci\u00f3n y entradas.\",\"breadcrumb\":{\"@id\":\"https:\\\/\\\/eibarkultura.eus\\\/es\\\/eventos\\\/diego-arjona-divorciarse-a-los-40\\\/#breadcrumb\"},\"inLanguage\":\"es\",\"potentialAction\":[{\"@type\":\"ReadAction\",\"target\":[\"https:\\\/\\\/eibarkultura.eus\\\/es\\\/eventos\\\/diego-arjona-divorciarse-a-los-40\\\/\"]}]},{\"@type\":\"ImageObject\",\"inLanguage\":\"es\",\"@id\":\"https:\\\/\\\/eibarkultura.eus\\\/es\\\/eventos\\\/diego-arjona-divorciarse-a-los-40\\\/#primaryimage\",\"url\":\"https:\\\/\\\/eibarkultura.eus\\\/wp-content\\\/uploads\\\/2026\\\/09\\\/diego-arjona.jpg\",\"contentUrl\":\"https:\\\/\\\/eibarkultura.eus\\\/wp-content\\\/uploads\\\/2026\\\/09\\\/diego-arjona.jpg\",\"width\":2000,\"height\":1333},{\"@type\":\"BreadcrumbList\",\"@id\":\"https:\\\/\\\/eibarkultura.eus\\\/es\\\/eventos\\\/diego-arjona-divorciarse-a-los-40\\\/#breadcrumb\",\"itemListElement\":[{\"@type\":\"ListItem\",\"position\":1,\"name\":\"Hasiera\",\"item\":\"https:\\\/\\\/eibarkultura.eus\\\/es\\\/\"},{\"@type\":\"ListItem\",\"position\":2,\"name\":\"Eventos\",\"item\":\"https:\\\/\\\/eibarkultura.eus\\\/es\\\/eventos\\\/\"},{\"@type\":\"ListItem\",\"position\":3,\"name\":\"Diego Arjona &#8211; Divorciarse a los 40\"}]},{\"@type\":\"WebSite\",\"@id\":\"https:\\\/\\\/eibarkultura.eus\\\/es\\\/#website\",\"url\":\"https:\\\/\\\/eibarkultura.eus\\\/es\\\/\",\"name\":\"Eibarko Kultura\",\"description\":\"Bizi Kultura\",\"publisher\":{\"@id\":\"https:\\\/\\\/eibarkultura.eus\\\/es\\\/#organization\"},\"potentialAction\":[{\"@type\":\"SearchAction\",\"target\":{\"@type\":\"EntryPoint\",\"urlTemplate\":\"https:\\\/\\\/eibarkultura.eus\\\/es\\\/?s={search_term_string}\"},\"query-input\":{\"@type\":\"PropertyValueSpecification\",\"valueRequired\":true,\"valueName\":\"search_term_string\"}}],\"inLanguage\":\"es\"},{\"@type\":\"Organization\",\"@id\":\"https:\\\/\\\/eibarkultura.eus\\\/es\\\/#organization\",\"name\":\"Eibarko Kultura\",\"url\":\"https:\\\/\\\/eibarkultura.eus\\\/es\\\/\",\"logo\":{\"@type\":\"ImageObject\",\"inLanguage\":\"es\",\"@id\":\"https:\\\/\\\/eibarkultura.eus\\\/es\\\/#\\\/schema\\\/logo\\\/image\\\/\",\"url\":\"https:\\\/\\\/eibarkultura.eus\\\/wp-content\\\/uploads\\\/2023\\\/11\\\/Eibar-Kultura_Logo.png\",\"contentUrl\":\"https:\\\/\\\/eibarkultura.eus\\\/wp-content\\\/uploads\\\/2023\\\/11\\\/Eibar-Kultura_Logo.png\",\"width\":1169,\"height\":245,\"caption\":\"Eibarko Kultura\"},\"image\":{\"@id\":\"https:\\\/\\\/eibarkultura.eus\\\/es\\\/#\\\/schema\\\/logo\\\/image\\\/\"}}]}<\/script>\n<!-- \/ Yoast SEO plugin. -->","yoast_head_json":{"title":"Diego Arjona \u2013 Divorciarse a los 40 | Eibar Kultura","description":"Diego Arjona presenta \u201cDivorciarse a los 40\u201d en Eibar el 20 de noviembre a las 20:30 en el Teatro Coliseo. Informaci\u00f3n y entradas.","robots":{"index":"index","follow":"follow","max-snippet":"max-snippet:-1","max-image-preview":"max-image-preview:large","max-video-preview":"max-video-preview:-1"},"canonical":"https:\/\/eibarkultura.eus\/es\/eventos\/diego-arjona-divorciarse-a-los-40\/","og_locale":"es_ES","og_type":"article","og_title":"Diego Arjona \u2013 Divorciarse a los 40 | Eibar Kultura","og_description":"Diego Arjona presenta \u201cDivorciarse a los 40\u201d en Eibar el 20 de noviembre a las 20:30 en el Teatro Coliseo. Informaci\u00f3n y entradas.","og_url":"https:\/\/eibarkultura.eus\/es\/eventos\/diego-arjona-divorciarse-a-los-40\/","og_site_name":"Eibarko Kultur Gida","article_modified_time":"2026-09-02T13:43:52+00:00","og_image":[{"width":2000,"height":1333,"url":"https:\/\/eibarkultura.eus\/wp-content\/uploads\/2026\/09\/diego-arjona.jpg","type":"image\/jpeg"}],"twitter_card":"summary_large_image","twitter_misc":{"Tiempo de lectura":"1 minuto"},"schema":{"@context":"https:\/\/schema.org","@graph":[{"@type":"WebPage","@id":"https:\/\/eibarkultura.eus\/es\/eventos\/diego-arjona-divorciarse-a-los-40\/","url":"https:\/\/eibarkultura.eus\/es\/eventos\/diego-arjona-divorciarse-a-los-40\/","name":"Diego Arjona \u2013 Divorciarse a los 40 | Eibar Kultura","isPartOf":{"@id":"https:\/\/eibarkultura.eus\/es\/#website"},"primaryImageOfPage":{"@id":"https:\/\/eibarkultura.eus\/es\/eventos\/diego-arjona-divorciarse-a-los-40\/#primaryimage"},"image":{"@id":"https:\/\/eibarkultura.eus\/es\/eventos\/diego-arjona-divorciarse-a-los-40\/#primaryimage"},"thumbnailUrl":"https:\/\/eibarkultura.eus\/wp-content\/uploads\/2026\/09\/diego-arjona.jpg","datePublished":"2026-09-02T13:19:28+00:00","dateModified":"2026-09-02T13:43:52+00:00","description":"Diego Arjona presenta \u201cDivorciarse a los 40\u201d en Eibar el 20 de noviembre a las 20:30 en el Teatro Coliseo. Informaci\u00f3n y entradas.","breadcrumb":{"@id":"https:\/\/eibarkultura.eus\/es\/eventos\/diego-arjona-divorciarse-a-los-40\/#breadcrumb"},"inLanguage":"es","potentialAction":[{"@type":"ReadAction","target":["https:\/\/eibarkultura.eus\/es\/eventos\/diego-arjona-divorciarse-a-los-40\/"]}]},{"@type":"ImageObject","inLanguage":"es","@id":"https:\/\/eibarkultura.eus\/es\/eventos\/diego-arjona-divorciarse-a-los-40\/#primaryimage","url":"https:\/\/eibarkultura.eus\/wp-content\/uploads\/2026\/09\/diego-arjona.jpg","contentUrl":"https:\/\/eibarkultura.eus\/wp-content\/uploads\/2026\/09\/diego-arjona.jpg","width":2000,"height":1333},{"@type":"BreadcrumbList","@id":"https:\/\/eibarkultura.eus\/es\/eventos\/diego-arjona-divorciarse-a-los-40\/#breadcrumb","itemListElement":[{"@type":"ListItem","position":1,"name":"Hasiera","item":"https:\/\/eibarkultura.eus\/es\/"},{"@type":"ListItem","position":2,"name":"Eventos","item":"https:\/\/eibarkultura.eus\/es\/eventos\/"},{"@type":"ListItem","position":3,"name":"Diego Arjona &#8211; Divorciarse a los 40"}]},{"@type":"WebSite","@id":"https:\/\/eibarkultura.eus\/es\/#website","url":"https:\/\/eibarkultura.eus\/es\/","name":"Eibarko Kultura","description":"Bizi Kultura","publisher":{"@id":"https:\/\/eibarkultura.eus\/es\/#organization"},"potentialAction":[{"@type":"SearchAction","target":{"@type":"EntryPoint","urlTemplate":"https:\/\/eibarkultura.eus\/es\/?s={search_term_string}"},"query-input":{"@type":"PropertyValueSpecification","valueRequired":true,"valueName":"search_term_string"}}],"inLanguage":"es"},{"@type":"Organization","@id":"https:\/\/eibarkultura.eus\/es\/#organization","name":"Eibarko Kultura","url":"https:\/\/eibarkultura.eus\/es\/","logo":{"@type":"ImageObject","inLanguage":"es","@id":"https:\/\/eibarkultura.eus\/es\/#\/schema\/logo\/image\/","url":"https:\/\/eibarkultura.eus\/wp-content\/uploads\/2023\/11\/Eibar-Kultura_Logo.png","contentUrl":"https:\/\/eibarkultura.eus\/wp-content\/uploads\/2023\/11\/Eibar-Kultura_Logo.png","width":1169,"height":245,"caption":"Eibarko Kultura"},"image":{"@id":"https:\/\/eibarkultura.eus\/es\/#\/schema\/logo\/image\/"}}]}},"_links":{"self":[{"href":"https:\/\/eibarkultura.eus\/es\/wp-json\/wp\/v2\/mec-events\/15187","targetHints":{"allow":["GET"]}}],"collection":[{"href":"https:\/\/eibarkultura.eus\/es\/wp-json\/wp\/v2\/mec-events"}],"about":[{"href":"https:\/\/eibarkultura.eus\/es\/wp-json\/wp\/v2\/types\/mec-events"}],"author":[{"embeddable":true,"href":"https:\/\/eibarkultura.eus\/es\/wp-json\/wp\/v2\/users\/1"}],"replies":[{"embeddable":true,"href":"https:\/\/eibarkultura.eus\/es\/wp-json\/wp\/v2\/comments?post=15187"}],"wp:featuredmedia":[{"embeddable":true,"href":"https:\/\/eibarkultura.eus\/es\/wp-json\/wp\/v2\/media\/15188"}],"wp:attachment":[{"href":"https:\/\/eibarkultura.eus\/es\/wp-json\/wp\/v2\/media?parent=15187"}],"wp:term":[{"taxonomy":"post_tag","embeddable":true,"href":"https:\/\/eibarkultura.eus\/es\/wp-json\/wp\/v2\/tags?post=15187"},{"taxonomy":"mec_category","embeddable":true,"href":"https:\/\/eibarkultura.eus\/es\/wp-json\/wp\/v2\/mec_category?post=15187"}],"curies":[{"name":"wp","href":"https:\/\/api.w.org\/{rel}","templated":true}]}}

<p><strong>Komedia Fest</strong></p>
<p><strong>¡Qué bonito es el amor! Hasta que se acaba.</strong></p>
<p>En <em>Divorciarse a los 40</em>, Diego Arjona nos trae la guía definitiva sobre el perfecto divorciado: ¿qué ha pasado?, ¿qué hago ahora?, ¿qué hacemos con los niños? o, quizá la gran pregunta, ¿me meto en Tinder a mi edad?</p>
<p>Una comedia teatral sobre relaciones, rupturas y segundas oportunidades, pensada tanto para quienes están felizmente en pareja como para quienes han sobrevivido a una separación.</p>
<p>Un espectáculo lleno de monólogos, improvisación, interacción con el público e incluso un programa de televisión en directo desde el propio teatro.</p>
<p>Humor cercano, directo y absurdo contado desde la experiencia de Diego Arjona. Porque quizá no arregle tu vida sentimental… pero sí te hará pasar una noche inolvidable.</p>

<p>Komedia Fest ¡Qué bonito es el amor! Hasta que se acaba. En Divorciarse a los 40, Diego Arjona nos trae la guía definitiva sobre el perfecto divorciado: ¿qué ha pasado?, ¿qué&hellip;</p>

<!-- This site is optimized with the Yoast SEO plugin v28.4 - https://yoast.com/product/yoast-seo-wordpress/ -->
<title>Diego Arjona – Divorciarse a los 40 | Eibar Kultura</title>
<meta name="description" content="Diego Arjona presenta “Divorciarse a los 40” en Eibar el 20 de noviembre a las 20:30 en el Teatro Coliseo. Información y entradas." />
<meta name="robots" content="index, follow, max-snippet:-1, max-image-preview:large, max-video-preview:-1" />
<link rel="canonical" href="https://eibarkultura.eus/es/eventos/diego-arjona-divorciarse-a-los-40/" />
<meta property="og:locale" content="es_ES" />
<meta property="og:type" content="article" />
<meta property="og:title" content="Diego Arjona – Divorciarse a los 40 | Eibar Kultura" />
<meta property="og:description" content="Diego Arjona presenta “Divorciarse a los 40” en Eibar el 20 de noviembre a las 20:30 en el Teatro Coliseo. Información y entradas." />
<meta property="og:url" content="https://eibarkultura.eus/es/eventos/diego-arjona-divorciarse-a-los-40/" />
<meta property="og:site_name" content="Eibarko Kultur Gida" />
<meta property="article:modified_time" content="2026-09-02T13:43:52+00:00" />
<meta property="og:image" content="https://eibarkultura.eus/wp-content/uploads/2026/09/diego-arjona.jpg" />
	<meta property="og:image:width" content="2000" />
	<meta property="og:image:height" content="1333" />
	<meta property="og:image:type" content="image/jpeg" />
<meta name="twitter:card" content="summary_large_image" />
<meta name="twitter:label1" content="Tiempo de lectura" />
	<meta name="twitter:data1" content="1 minuto" />
<script type="application/ld+json" class="yoast-schema-graph">{"@context":"https:\/\/schema.org","@graph":[{"@type":"WebPage","@id":"https:\/\/eibarkultura.eus\/es\/eventos\/diego-arjona-divorciarse-a-los-40\/","url":"https:\/\/eibarkultura.eus\/es\/eventos\/diego-arjona-divorciarse-a-los-40\/","name":"Diego Arjona – Divorciarse a los 40 | Eibar Kultura","isPartOf":{"@id":"https:\/\/eibarkultura.eus\/es\/#website"},"primaryImageOfPage":{"@id":"https:\/\/eibarkultura.eus\/es\/eventos\/diego-arjona-divorciarse-a-los-40\/#primaryimage"},"image":{"@id":"https:\/\/eibarkultura.eus\/es\/eventos\/diego-arjona-divorciarse-a-los-40\/#primaryimage"},"thumbnailUrl":"https:\/\/eibarkultura.eus\/wp-content\/uploads\/2026\/09\/diego-arjona.jpg","datePublished":"2026-09-02T13:19:28+00:00","dateModified":"2026-09-02T13:43:52+00:00","description":"Diego Arjona presenta “Divorciarse a los 40” en Eibar el 20 de noviembre a las 20:30 en el Teatro Coliseo. Información y entradas.","breadcrumb":{"@id":"https:\/\/eibarkultura.eus\/es\/eventos\/diego-arjona-divorciarse-a-los-40\/#breadcrumb"},"inLanguage":"es","potentialAction":[{"@type":"ReadAction","target":["https:\/\/eibarkultura.eus\/es\/eventos\/diego-arjona-divorciarse-a-los-40\/"]}]},{"@type":"ImageObject","inLanguage":"es","@id":"https:\/\/eibarkultura.eus\/es\/eventos\/diego-arjona-divorciarse-a-los-40\/#primaryimage","url":"https:\/\/eibarkultura.eus\/wp-content\/uploads\/2026\/09\/diego-arjona.jpg","contentUrl":"https:\/\/eibarkultura.eus\/wp-content\/uploads\/2026\/09\/diego-arjona.jpg","width":2000,"height":1333},{"@type":"BreadcrumbList","@id":"https:\/\/eibarkultura.eus\/es\/eventos\/diego-arjona-divorciarse-a-los-40\/#breadcrumb","itemListElement":[{"@type":"ListItem","position":1,"name":"Hasiera","item":"https:\/\/eibarkultura.eus\/es\/"},{"@type":"ListItem","position":2,"name":"Eventos","item":"https:\/\/eibarkultura.eus\/es\/eventos\/"},{"@type":"ListItem","position":3,"name":"Diego Arjona &#8211; Divorciarse a los 40"}]},{"@type":"WebSite","@id":"https:\/\/eibarkultura.eus\/es\/#website","url":"https:\/\/eibarkultura.eus\/es\/","name":"Eibarko Kultura","description":"Bizi Kultura","publisher":{"@id":"https:\/\/eibarkultura.eus\/es\/#organization"},"potentialAction":[{"@type":"SearchAction","target":{"@type":"EntryPoint","urlTemplate":"https:\/\/eibarkultura.eus\/es\/?s={search_term_string}"},"query-input":{"@type":"PropertyValueSpecification","valueRequired":true,"valueName":"search_term_string"}}],"inLanguage":"es"},{"@type":"Organization","@id":"https:\/\/eibarkultura.eus\/es\/#organization","name":"Eibarko Kultura","url":"https:\/\/eibarkultura.eus\/es\/","logo":{"@type":"ImageObject","inLanguage":"es","@id":"https:\/\/eibarkultura.eus\/es\/#\/schema\/logo\/image\/","url":"https:\/\/eibarkultura.eus\/wp-content\/uploads\/2023\/11\/Eibar-Kultura_Logo.png","contentUrl":"https:\/\/eibarkultura.eus\/wp-content\/uploads\/2023\/11\/Eibar-Kultura_Logo.png","width":1169,"height":245,"caption":"Eibarko Kultura"},"image":{"@id":"https:\/\/eibarkultura.eus\/es\/#\/schema\/logo\/image\/"}}]}</script>
<!-- / Yoast SEO plugin. -->

Diego Arjona presenta “Divorciarse a los 40” en Eibar el 20 de noviembre a las 20:30 en el Teatro Coliseo. Información y entradas.
