{"id":15164,"date":"2026-09-02T12:09:00","date_gmt":"2026-09-02T10:09:00","guid":{"rendered":"https:\/\/eibarkultura.eus\/eventos\/david-dominguez-el-raro-de-los-noventa\/"},"modified":"2026-09-02T12:12:31","modified_gmt":"2026-09-02T10:12:31","slug":"david-dominguez-el-raro-de-los-noventa","status":"publish","type":"mec-events","link":"https:\/\/eibarkultura.eus\/es\/eventos\/david-dominguez-el-raro-de-los-noventa\/","title":{"rendered":"David Dom\u00ednguez &#8211; El raro de los noventa"},"content":{"rendered":"<p><strong>Komedia Fest<\/strong><\/p>\n<p>David Dom\u00ednguez presenta\u00a0El raro de los 90\u00a0en Komedia Fest Eibar 2026, un espect\u00e1culo de stand-up comedy que recupera con humor, nostalgia e iron\u00eda los recuerdos de una de las d\u00e9cadas m\u00e1s ic\u00f3nicas de la cultura popular.<\/p>\n<p>A trav\u00e9s de an\u00e9cdotas personales y situaciones reconocibles, David repasa la vida en los a\u00f1os noventa: las tribus urbanas, las primeras historias de amor, la tecnolog\u00eda previa a internet, la m\u00fasica, la televisi\u00f3n y las costumbres que marcaron a toda una generaci\u00f3n.<\/p>\n<p>Con m\u00e1s de quince a\u00f1os de experiencia sobre los escenarios, David Dom\u00ednguez se ha consolidado como uno de los monologuistas m\u00e1s queridos del circuito nacional gracias a su estilo cercano, espont\u00e1neo y cargado de observaci\u00f3n cotidiana.<\/p>\n<p><em>El raro de los 90<\/em>\u00a0es mucho m\u00e1s que un viaje al pasado. Es una oportunidad para re\u00edrse de c\u00f3mo \u00e9ramos, de c\u00f3mo hemos cambiado y de todas esas situaciones que siguen uniendo a quienes crecieron durante una d\u00e9cada irrepetible.<\/p>\n","protected":false},"excerpt":{"rendered":"<p>Komedia Fest David Dom\u00ednguez presenta\u00a0El raro de los 90\u00a0en Komedia Fest Eibar 2026, un espect\u00e1culo de stand-up comedy que recupera con humor, nostalgia e iron\u00eda los recuerdos de una de&hellip;<\/p>\n","protected":false},"author":1,"featured_media":15163,"comment_status":"closed","ping_status":"closed","template":"","tags":[],"mec_category":[48],"class_list":["post-15164","mec-events","type-mec-events","status-publish","has-post-thumbnail","hentry","mec_category-teatro"],"yoast_head":"<!-- This site is optimized with the Yoast SEO plugin v28.4 - https:\/\/yoast.com\/product\/yoast-seo-wordpress\/ -->\n<title>David Dom\u00ednguez \u2013 El raro de los noventa | Eibar Kultura<\/title>\n<meta name=\"description\" content=\"\u201cEl raro de los noventa\u201d, de David Dom\u00ednguez, llega a Eibar el 18 de octubre a las 19:30 en Uni-Eibar. Informaci\u00f3n y entradas.\" \/>\n<meta name=\"robots\" content=\"index, follow, max-snippet:-1, max-image-preview:large, max-video-preview:-1\" \/>\n<link rel=\"canonical\" href=\"https:\/\/eibarkultura.eus\/es\/eventos\/david-dominguez-el-raro-de-los-noventa\/\" \/>\n<meta property=\"og:locale\" content=\"es_ES\" \/>\n<meta property=\"og:type\" content=\"article\" \/>\n<meta property=\"og:title\" content=\"David Dom\u00ednguez \u2013 El raro de los noventa | Eibar Kultura\" \/>\n<meta property=\"og:description\" content=\"\u201cEl raro de los noventa\u201d, de David Dom\u00ednguez, llega a Eibar el 18 de octubre a las 19:30 en Uni-Eibar. Informaci\u00f3n y entradas.\" \/>\n<meta property=\"og:url\" content=\"https:\/\/eibarkultura.eus\/es\/eventos\/david-dominguez-el-raro-de-los-noventa\/\" \/>\n<meta property=\"og:site_name\" content=\"Eibarko Kultur Gida\" \/>\n<meta property=\"article:modified_time\" content=\"2026-09-02T10:12:31+00:00\" \/>\n<meta property=\"og:image\" content=\"https:\/\/eibarkultura.eus\/wp-content\/uploads\/2026\/09\/david-dominguez.jpg\" \/>\n\t<meta property=\"og:image:width\" content=\"2000\" \/>\n\t<meta property=\"og:image:height\" content=\"1333\" \/>\n\t<meta property=\"og:image:type\" content=\"image\/jpeg\" \/>\n<meta name=\"twitter:card\" content=\"summary_large_image\" \/>\n<meta name=\"twitter:label1\" content=\"Tiempo de lectura\" \/>\n\t<meta name=\"twitter:data1\" content=\"1 minuto\" \/>\n<script type=\"application\/ld+json\" class=\"yoast-schema-graph\">{\"@context\":\"https:\\\/\\\/schema.org\",\"@graph\":[{\"@type\":\"WebPage\",\"@id\":\"https:\\\/\\\/eibarkultura.eus\\\/es\\\/eventos\\\/david-dominguez-el-raro-de-los-noventa\\\/\",\"url\":\"https:\\\/\\\/eibarkultura.eus\\\/es\\\/eventos\\\/david-dominguez-el-raro-de-los-noventa\\\/\",\"name\":\"David Dom\u00ednguez \u2013 El raro de los noventa | Eibar Kultura\",\"isPartOf\":{\"@id\":\"https:\\\/\\\/eibarkultura.eus\\\/es\\\/#website\"},\"primaryImageOfPage\":{\"@id\":\"https:\\\/\\\/eibarkultura.eus\\\/es\\\/eventos\\\/david-dominguez-el-raro-de-los-noventa\\\/#primaryimage\"},\"image\":{\"@id\":\"https:\\\/\\\/eibarkultura.eus\\\/es\\\/eventos\\\/david-dominguez-el-raro-de-los-noventa\\\/#primaryimage\"},\"thumbnailUrl\":\"https:\\\/\\\/eibarkultura.eus\\\/wp-content\\\/uploads\\\/2026\\\/09\\\/david-dominguez.jpg\",\"datePublished\":\"2026-09-02T10:09:00+00:00\",\"dateModified\":\"2026-09-02T10:12:31+00:00\",\"description\":\"\u201cEl raro de los noventa\u201d, de David Dom\u00ednguez, llega a Eibar el 18 de octubre a las 19:30 en Uni-Eibar. Informaci\u00f3n y entradas.\",\"breadcrumb\":{\"@id\":\"https:\\\/\\\/eibarkultura.eus\\\/es\\\/eventos\\\/david-dominguez-el-raro-de-los-noventa\\\/#breadcrumb\"},\"inLanguage\":\"es\",\"potentialAction\":[{\"@type\":\"ReadAction\",\"target\":[\"https:\\\/\\\/eibarkultura.eus\\\/es\\\/eventos\\\/david-dominguez-el-raro-de-los-noventa\\\/\"]}]},{\"@type\":\"ImageObject\",\"inLanguage\":\"es\",\"@id\":\"https:\\\/\\\/eibarkultura.eus\\\/es\\\/eventos\\\/david-dominguez-el-raro-de-los-noventa\\\/#primaryimage\",\"url\":\"https:\\\/\\\/eibarkultura.eus\\\/wp-content\\\/uploads\\\/2026\\\/09\\\/david-dominguez.jpg\",\"contentUrl\":\"https:\\\/\\\/eibarkultura.eus\\\/wp-content\\\/uploads\\\/2026\\\/09\\\/david-dominguez.jpg\",\"width\":2000,\"height\":1333},{\"@type\":\"BreadcrumbList\",\"@id\":\"https:\\\/\\\/eibarkultura.eus\\\/es\\\/eventos\\\/david-dominguez-el-raro-de-los-noventa\\\/#breadcrumb\",\"itemListElement\":[{\"@type\":\"ListItem\",\"position\":1,\"name\":\"Hasiera\",\"item\":\"https:\\\/\\\/eibarkultura.eus\\\/es\\\/\"},{\"@type\":\"ListItem\",\"position\":2,\"name\":\"Eventos\",\"item\":\"https:\\\/\\\/eibarkultura.eus\\\/es\\\/eventos\\\/\"},{\"@type\":\"ListItem\",\"position\":3,\"name\":\"David Dom\u00ednguez &#8211; El raro de los noventa\"}]},{\"@type\":\"WebSite\",\"@id\":\"https:\\\/\\\/eibarkultura.eus\\\/es\\\/#website\",\"url\":\"https:\\\/\\\/eibarkultura.eus\\\/es\\\/\",\"name\":\"Eibarko Kultura\",\"description\":\"Bizi Kultura\",\"publisher\":{\"@id\":\"https:\\\/\\\/eibarkultura.eus\\\/es\\\/#organization\"},\"potentialAction\":[{\"@type\":\"SearchAction\",\"target\":{\"@type\":\"EntryPoint\",\"urlTemplate\":\"https:\\\/\\\/eibarkultura.eus\\\/es\\\/?s={search_term_string}\"},\"query-input\":{\"@type\":\"PropertyValueSpecification\",\"valueRequired\":true,\"valueName\":\"search_term_string\"}}],\"inLanguage\":\"es\"},{\"@type\":\"Organization\",\"@id\":\"https:\\\/\\\/eibarkultura.eus\\\/es\\\/#organization\",\"name\":\"Eibarko Kultura\",\"url\":\"https:\\\/\\\/eibarkultura.eus\\\/es\\\/\",\"logo\":{\"@type\":\"ImageObject\",\"inLanguage\":\"es\",\"@id\":\"https:\\\/\\\/eibarkultura.eus\\\/es\\\/#\\\/schema\\\/logo\\\/image\\\/\",\"url\":\"https:\\\/\\\/eibarkultura.eus\\\/wp-content\\\/uploads\\\/2023\\\/11\\\/Eibar-Kultura_Logo.png\",\"contentUrl\":\"https:\\\/\\\/eibarkultura.eus\\\/wp-content\\\/uploads\\\/2023\\\/11\\\/Eibar-Kultura_Logo.png\",\"width\":1169,\"height\":245,\"caption\":\"Eibarko Kultura\"},\"image\":{\"@id\":\"https:\\\/\\\/eibarkultura.eus\\\/es\\\/#\\\/schema\\\/logo\\\/image\\\/\"}}]}<\/script>\n<!-- \/ Yoast SEO plugin. -->","yoast_head_json":{"title":"David Dom\u00ednguez \u2013 El raro de los noventa | Eibar Kultura","description":"\u201cEl raro de los noventa\u201d, de David Dom\u00ednguez, llega a Eibar el 18 de octubre a las 19:30 en Uni-Eibar. Informaci\u00f3n y entradas.","robots":{"index":"index","follow":"follow","max-snippet":"max-snippet:-1","max-image-preview":"max-image-preview:large","max-video-preview":"max-video-preview:-1"},"canonical":"https:\/\/eibarkultura.eus\/es\/eventos\/david-dominguez-el-raro-de-los-noventa\/","og_locale":"es_ES","og_type":"article","og_title":"David Dom\u00ednguez \u2013 El raro de los noventa | Eibar Kultura","og_description":"\u201cEl raro de los noventa\u201d, de David Dom\u00ednguez, llega a Eibar el 18 de octubre a las 19:30 en Uni-Eibar. Informaci\u00f3n y entradas.","og_url":"https:\/\/eibarkultura.eus\/es\/eventos\/david-dominguez-el-raro-de-los-noventa\/","og_site_name":"Eibarko Kultur Gida","article_modified_time":"2026-09-02T10:12:31+00:00","og_image":[{"width":2000,"height":1333,"url":"https:\/\/eibarkultura.eus\/wp-content\/uploads\/2026\/09\/david-dominguez.jpg","type":"image\/jpeg"}],"twitter_card":"summary_large_image","twitter_misc":{"Tiempo de lectura":"1 minuto"},"schema":{"@context":"https:\/\/schema.org","@graph":[{"@type":"WebPage","@id":"https:\/\/eibarkultura.eus\/es\/eventos\/david-dominguez-el-raro-de-los-noventa\/","url":"https:\/\/eibarkultura.eus\/es\/eventos\/david-dominguez-el-raro-de-los-noventa\/","name":"David Dom\u00ednguez \u2013 El raro de los noventa | Eibar Kultura","isPartOf":{"@id":"https:\/\/eibarkultura.eus\/es\/#website"},"primaryImageOfPage":{"@id":"https:\/\/eibarkultura.eus\/es\/eventos\/david-dominguez-el-raro-de-los-noventa\/#primaryimage"},"image":{"@id":"https:\/\/eibarkultura.eus\/es\/eventos\/david-dominguez-el-raro-de-los-noventa\/#primaryimage"},"thumbnailUrl":"https:\/\/eibarkultura.eus\/wp-content\/uploads\/2026\/09\/david-dominguez.jpg","datePublished":"2026-09-02T10:09:00+00:00","dateModified":"2026-09-02T10:12:31+00:00","description":"\u201cEl raro de los noventa\u201d, de David Dom\u00ednguez, llega a Eibar el 18 de octubre a las 19:30 en Uni-Eibar. Informaci\u00f3n y entradas.","breadcrumb":{"@id":"https:\/\/eibarkultura.eus\/es\/eventos\/david-dominguez-el-raro-de-los-noventa\/#breadcrumb"},"inLanguage":"es","potentialAction":[{"@type":"ReadAction","target":["https:\/\/eibarkultura.eus\/es\/eventos\/david-dominguez-el-raro-de-los-noventa\/"]}]},{"@type":"ImageObject","inLanguage":"es","@id":"https:\/\/eibarkultura.eus\/es\/eventos\/david-dominguez-el-raro-de-los-noventa\/#primaryimage","url":"https:\/\/eibarkultura.eus\/wp-content\/uploads\/2026\/09\/david-dominguez.jpg","contentUrl":"https:\/\/eibarkultura.eus\/wp-content\/uploads\/2026\/09\/david-dominguez.jpg","width":2000,"height":1333},{"@type":"BreadcrumbList","@id":"https:\/\/eibarkultura.eus\/es\/eventos\/david-dominguez-el-raro-de-los-noventa\/#breadcrumb","itemListElement":[{"@type":"ListItem","position":1,"name":"Hasiera","item":"https:\/\/eibarkultura.eus\/es\/"},{"@type":"ListItem","position":2,"name":"Eventos","item":"https:\/\/eibarkultura.eus\/es\/eventos\/"},{"@type":"ListItem","position":3,"name":"David Dom\u00ednguez &#8211; El raro de los noventa"}]},{"@type":"WebSite","@id":"https:\/\/eibarkultura.eus\/es\/#website","url":"https:\/\/eibarkultura.eus\/es\/","name":"Eibarko Kultura","description":"Bizi Kultura","publisher":{"@id":"https:\/\/eibarkultura.eus\/es\/#organization"},"potentialAction":[{"@type":"SearchAction","target":{"@type":"EntryPoint","urlTemplate":"https:\/\/eibarkultura.eus\/es\/?s={search_term_string}"},"query-input":{"@type":"PropertyValueSpecification","valueRequired":true,"valueName":"search_term_string"}}],"inLanguage":"es"},{"@type":"Organization","@id":"https:\/\/eibarkultura.eus\/es\/#organization","name":"Eibarko Kultura","url":"https:\/\/eibarkultura.eus\/es\/","logo":{"@type":"ImageObject","inLanguage":"es","@id":"https:\/\/eibarkultura.eus\/es\/#\/schema\/logo\/image\/","url":"https:\/\/eibarkultura.eus\/wp-content\/uploads\/2023\/11\/Eibar-Kultura_Logo.png","contentUrl":"https:\/\/eibarkultura.eus\/wp-content\/uploads\/2023\/11\/Eibar-Kultura_Logo.png","width":1169,"height":245,"caption":"Eibarko Kultura"},"image":{"@id":"https:\/\/eibarkultura.eus\/es\/#\/schema\/logo\/image\/"}}]}},"_links":{"self":[{"href":"https:\/\/eibarkultura.eus\/es\/wp-json\/wp\/v2\/mec-events\/15164","targetHints":{"allow":["GET"]}}],"collection":[{"href":"https:\/\/eibarkultura.eus\/es\/wp-json\/wp\/v2\/mec-events"}],"about":[{"href":"https:\/\/eibarkultura.eus\/es\/wp-json\/wp\/v2\/types\/mec-events"}],"author":[{"embeddable":true,"href":"https:\/\/eibarkultura.eus\/es\/wp-json\/wp\/v2\/users\/1"}],"replies":[{"embeddable":true,"href":"https:\/\/eibarkultura.eus\/es\/wp-json\/wp\/v2\/comments?post=15164"}],"wp:featuredmedia":[{"embeddable":true,"href":"https:\/\/eibarkultura.eus\/es\/wp-json\/wp\/v2\/media\/15163"}],"wp:attachment":[{"href":"https:\/\/eibarkultura.eus\/es\/wp-json\/wp\/v2\/media?parent=15164"}],"wp:term":[{"taxonomy":"post_tag","embeddable":true,"href":"https:\/\/eibarkultura.eus\/es\/wp-json\/wp\/v2\/tags?post=15164"},{"taxonomy":"mec_category","embeddable":true,"href":"https:\/\/eibarkultura.eus\/es\/wp-json\/wp\/v2\/mec_category?post=15164"}],"curies":[{"name":"wp","href":"https:\/\/api.w.org\/{rel}","templated":true}]}}

David Domínguez &#8211; El raro de los noventa

<p><strong>Komedia Fest</strong></p>
<p>David Domínguez presenta El raro de los 90 en Komedia Fest Eibar 2026, un espectáculo de stand-up comedy que recupera con humor, nostalgia e ironía los recuerdos de una de las décadas más icónicas de la cultura popular.</p>
<p>A través de anécdotas personales y situaciones reconocibles, David repasa la vida en los años noventa: las tribus urbanas, las primeras historias de amor, la tecnología previa a internet, la música, la televisión y las costumbres que marcaron a toda una generación.</p>
<p>Con más de quince años de experiencia sobre los escenarios, David Domínguez se ha consolidado como uno de los monologuistas más queridos del circuito nacional gracias a su estilo cercano, espontáneo y cargado de observación cotidiana.</p>
<p><em>El raro de los 90</em> es mucho más que un viaje al pasado. Es una oportunidad para reírse de cómo éramos, de cómo hemos cambiado y de todas esas situaciones que siguen uniendo a quienes crecieron durante una década irrepetible.</p>

<p>Komedia Fest David Domínguez presenta El raro de los 90 en Komedia Fest Eibar 2026, un espectáculo de stand-up comedy que recupera con humor, nostalgia e ironía los recuerdos de una de&hellip;</p>

<!-- This site is optimized with the Yoast SEO plugin v28.4 - https://yoast.com/product/yoast-seo-wordpress/ -->
<title>David Domínguez – El raro de los noventa | Eibar Kultura</title>
<meta name="description" content="“El raro de los noventa”, de David Domínguez, llega a Eibar el 18 de octubre a las 19:30 en Uni-Eibar. Información y entradas." />
<meta name="robots" content="index, follow, max-snippet:-1, max-image-preview:large, max-video-preview:-1" />
<link rel="canonical" href="https://eibarkultura.eus/es/eventos/david-dominguez-el-raro-de-los-noventa/" />
<meta property="og:locale" content="es_ES" />
<meta property="og:type" content="article" />
<meta property="og:title" content="David Domínguez – El raro de los noventa | Eibar Kultura" />
<meta property="og:description" content="“El raro de los noventa”, de David Domínguez, llega a Eibar el 18 de octubre a las 19:30 en Uni-Eibar. Información y entradas." />
<meta property="og:url" content="https://eibarkultura.eus/es/eventos/david-dominguez-el-raro-de-los-noventa/" />
<meta property="og:site_name" content="Eibarko Kultur Gida" />
<meta property="article:modified_time" content="2026-09-02T10:12:31+00:00" />
<meta property="og:image" content="https://eibarkultura.eus/wp-content/uploads/2026/09/david-dominguez.jpg" />
	<meta property="og:image:width" content="2000" />
	<meta property="og:image:height" content="1333" />
	<meta property="og:image:type" content="image/jpeg" />
<meta name="twitter:card" content="summary_large_image" />
<meta name="twitter:label1" content="Tiempo de lectura" />
	<meta name="twitter:data1" content="1 minuto" />
<script type="application/ld+json" class="yoast-schema-graph">{"@context":"https:\/\/schema.org","@graph":[{"@type":"WebPage","@id":"https:\/\/eibarkultura.eus\/es\/eventos\/david-dominguez-el-raro-de-los-noventa\/","url":"https:\/\/eibarkultura.eus\/es\/eventos\/david-dominguez-el-raro-de-los-noventa\/","name":"David Domínguez – El raro de los noventa | Eibar Kultura","isPartOf":{"@id":"https:\/\/eibarkultura.eus\/es\/#website"},"primaryImageOfPage":{"@id":"https:\/\/eibarkultura.eus\/es\/eventos\/david-dominguez-el-raro-de-los-noventa\/#primaryimage"},"image":{"@id":"https:\/\/eibarkultura.eus\/es\/eventos\/david-dominguez-el-raro-de-los-noventa\/#primaryimage"},"thumbnailUrl":"https:\/\/eibarkultura.eus\/wp-content\/uploads\/2026\/09\/david-dominguez.jpg","datePublished":"2026-09-02T10:09:00+00:00","dateModified":"2026-09-02T10:12:31+00:00","description":"“El raro de los noventa”, de David Domínguez, llega a Eibar el 18 de octubre a las 19:30 en Uni-Eibar. Información y entradas.","breadcrumb":{"@id":"https:\/\/eibarkultura.eus\/es\/eventos\/david-dominguez-el-raro-de-los-noventa\/#breadcrumb"},"inLanguage":"es","potentialAction":[{"@type":"ReadAction","target":["https:\/\/eibarkultura.eus\/es\/eventos\/david-dominguez-el-raro-de-los-noventa\/"]}]},{"@type":"ImageObject","inLanguage":"es","@id":"https:\/\/eibarkultura.eus\/es\/eventos\/david-dominguez-el-raro-de-los-noventa\/#primaryimage","url":"https:\/\/eibarkultura.eus\/wp-content\/uploads\/2026\/09\/david-dominguez.jpg","contentUrl":"https:\/\/eibarkultura.eus\/wp-content\/uploads\/2026\/09\/david-dominguez.jpg","width":2000,"height":1333},{"@type":"BreadcrumbList","@id":"https:\/\/eibarkultura.eus\/es\/eventos\/david-dominguez-el-raro-de-los-noventa\/#breadcrumb","itemListElement":[{"@type":"ListItem","position":1,"name":"Hasiera","item":"https:\/\/eibarkultura.eus\/es\/"},{"@type":"ListItem","position":2,"name":"Eventos","item":"https:\/\/eibarkultura.eus\/es\/eventos\/"},{"@type":"ListItem","position":3,"name":"David Domínguez &#8211; El raro de los noventa"}]},{"@type":"WebSite","@id":"https:\/\/eibarkultura.eus\/es\/#website","url":"https:\/\/eibarkultura.eus\/es\/","name":"Eibarko Kultura","description":"Bizi Kultura","publisher":{"@id":"https:\/\/eibarkultura.eus\/es\/#organization"},"potentialAction":[{"@type":"SearchAction","target":{"@type":"EntryPoint","urlTemplate":"https:\/\/eibarkultura.eus\/es\/?s={search_term_string}"},"query-input":{"@type":"PropertyValueSpecification","valueRequired":true,"valueName":"search_term_string"}}],"inLanguage":"es"},{"@type":"Organization","@id":"https:\/\/eibarkultura.eus\/es\/#organization","name":"Eibarko Kultura","url":"https:\/\/eibarkultura.eus\/es\/","logo":{"@type":"ImageObject","inLanguage":"es","@id":"https:\/\/eibarkultura.eus\/es\/#\/schema\/logo\/image\/","url":"https:\/\/eibarkultura.eus\/wp-content\/uploads\/2023\/11\/Eibar-Kultura_Logo.png","contentUrl":"https:\/\/eibarkultura.eus\/wp-content\/uploads\/2023\/11\/Eibar-Kultura_Logo.png","width":1169,"height":245,"caption":"Eibarko Kultura"},"image":{"@id":"https:\/\/eibarkultura.eus\/es\/#\/schema\/logo\/image\/"}}]}</script>
<!-- / Yoast SEO plugin. -->

David Domínguez – El raro de los noventa | Eibar Kultura

“El raro de los noventa”, de David Domínguez, llega a Eibar el 18 de octubre a las 19:30 en Uni-Eibar. Información y entradas.
