{"id":15081,"date":"2026-08-31T13:52:51","date_gmt":"2026-08-31T11:52:51","guid":{"rendered":"https:\/\/eibarkultura.eus\/?post_type=mec-events&#038;p=15081"},"modified":"2026-08-31T13:53:58","modified_gmt":"2026-08-31T11:53:58","slug":"cronos","status":"publish","type":"mec-events","link":"https:\/\/eibarkultura.eus\/es\/eventos\/cronos\/","title":{"rendered":"Cronos"},"content":{"rendered":"<p><strong>Drama | ES<\/strong><\/p>\n<p>Basada en testimonios reales de los diferentes implicados, la pel\u00edcula narra el desarrollo de la operaci\u00f3n Cronos, el dispositivo activado el 17 de agosto de 2017 como reacci\u00f3n al acto terrorista de las Ramblas. Cuatro d\u00edas interminables de confusi\u00f3n, tensi\u00f3n, dolor, frustraci\u00f3n, rabia y confrontaci\u00f3n pol\u00edtica que acabaron con el abatimiento del \u00faltimo terrorista huido y muchas heridas dejadas abiertas.<\/p>\n<p><iframe title=\"Cronos - Tr\u00e1iler Oficial\" src=\"https:\/\/www.youtube.com\/embed\/XymFT_jUeXY\" width=\"1337\" height=\"752\" frameborder=\"0\" allowfullscreen=\"allowfullscreen\"><\/iframe><\/p>\n","protected":false},"excerpt":{"rendered":"<p>Drama | ES Basada en testimonios reales de los diferentes implicados, la pel\u00edcula narra el desarrollo de la operaci\u00f3n Cronos, el dispositivo activado el 17 de agosto de 2017 como&hellip;<\/p>\n","protected":false},"author":1,"featured_media":15082,"comment_status":"closed","ping_status":"closed","template":"","tags":[],"mec_category":[58],"class_list":["post-15081","mec-events","type-mec-events","status-publish","has-post-thumbnail","hentry","mec_category-cine-coliseo"],"yoast_head":"<!-- This site is optimized with the Yoast SEO plugin v28.3 - https:\/\/yoast.com\/product\/yoast-seo-wordpress\/ -->\n<title>Cronos | Eibar Kulturaronos<\/title>\n<meta name=\"description\" content=\"Las vidas interconectadas de tres hombres en tres \u00e9pocas distintas. Tres existencias \u00edntimamente ligadas por la sexualidad y el deseo, ...\" \/>\n<meta name=\"robots\" content=\"index, follow, max-snippet:-1, max-image-preview:large, max-video-preview:-1\" \/>\n<link rel=\"canonical\" href=\"https:\/\/eibarkultura.eus\/es\/eventos\/cronos\/\" \/>\n<meta property=\"og:locale\" content=\"es_ES\" \/>\n<meta property=\"og:type\" content=\"article\" \/>\n<meta property=\"og:title\" content=\"Cronos | Eibar Kulturaronos\" \/>\n<meta property=\"og:description\" content=\"Las vidas interconectadas de tres hombres en tres \u00e9pocas distintas. Tres existencias \u00edntimamente ligadas por la sexualidad y el deseo, ...\" \/>\n<meta property=\"og:url\" content=\"https:\/\/eibarkultura.eus\/es\/eventos\/cronos\/\" \/>\n<meta property=\"og:site_name\" content=\"Eibarko Kultur Gida\" \/>\n<meta property=\"article:modified_time\" content=\"2026-08-31T11:53:58+00:00\" \/>\n<meta property=\"og:image\" content=\"https:\/\/eibarkultura.eus\/wp-content\/uploads\/2026\/08\/cronos.jpg\" \/>\n\t<meta property=\"og:image:width\" content=\"2000\" \/>\n\t<meta property=\"og:image:height\" content=\"1333\" \/>\n\t<meta property=\"og:image:type\" content=\"image\/jpeg\" \/>\n<meta name=\"twitter:card\" content=\"summary_large_image\" \/>\n<meta name=\"twitter:label1\" content=\"Tiempo de lectura\" \/>\n\t<meta name=\"twitter:data1\" content=\"1 minuto\" \/>\n<script type=\"application\/ld+json\" class=\"yoast-schema-graph\">{\"@context\":\"https:\\\/\\\/schema.org\",\"@graph\":[{\"@type\":\"WebPage\",\"@id\":\"https:\\\/\\\/eibarkultura.eus\\\/es\\\/eventos\\\/cronos\\\/\",\"url\":\"https:\\\/\\\/eibarkultura.eus\\\/es\\\/eventos\\\/cronos\\\/\",\"name\":\"Cronos | Eibar Kulturaronos\",\"isPartOf\":{\"@id\":\"https:\\\/\\\/eibarkultura.eus\\\/es\\\/#website\"},\"primaryImageOfPage\":{\"@id\":\"https:\\\/\\\/eibarkultura.eus\\\/es\\\/eventos\\\/cronos\\\/#primaryimage\"},\"image\":{\"@id\":\"https:\\\/\\\/eibarkultura.eus\\\/es\\\/eventos\\\/cronos\\\/#primaryimage\"},\"thumbnailUrl\":\"https:\\\/\\\/eibarkultura.eus\\\/wp-content\\\/uploads\\\/2026\\\/08\\\/cronos.jpg\",\"datePublished\":\"2026-08-31T11:52:51+00:00\",\"dateModified\":\"2026-08-31T11:53:58+00:00\",\"description\":\"Las vidas interconectadas de tres hombres en tres \u00e9pocas distintas. Tres existencias \u00edntimamente ligadas por la sexualidad y el deseo, ...\",\"breadcrumb\":{\"@id\":\"https:\\\/\\\/eibarkultura.eus\\\/es\\\/eventos\\\/cronos\\\/#breadcrumb\"},\"inLanguage\":\"es\",\"potentialAction\":[{\"@type\":\"ReadAction\",\"target\":[\"https:\\\/\\\/eibarkultura.eus\\\/es\\\/eventos\\\/cronos\\\/\"]}]},{\"@type\":\"ImageObject\",\"inLanguage\":\"es\",\"@id\":\"https:\\\/\\\/eibarkultura.eus\\\/es\\\/eventos\\\/cronos\\\/#primaryimage\",\"url\":\"https:\\\/\\\/eibarkultura.eus\\\/wp-content\\\/uploads\\\/2026\\\/08\\\/cronos.jpg\",\"contentUrl\":\"https:\\\/\\\/eibarkultura.eus\\\/wp-content\\\/uploads\\\/2026\\\/08\\\/cronos.jpg\",\"width\":2000,\"height\":1333},{\"@type\":\"BreadcrumbList\",\"@id\":\"https:\\\/\\\/eibarkultura.eus\\\/es\\\/eventos\\\/cronos\\\/#breadcrumb\",\"itemListElement\":[{\"@type\":\"ListItem\",\"position\":1,\"name\":\"Hasiera\",\"item\":\"https:\\\/\\\/eibarkultura.eus\\\/es\\\/\"},{\"@type\":\"ListItem\",\"position\":2,\"name\":\"Eventos\",\"item\":\"https:\\\/\\\/eibarkultura.eus\\\/es\\\/eventos\\\/\"},{\"@type\":\"ListItem\",\"position\":3,\"name\":\"Cronos\"}]},{\"@type\":\"WebSite\",\"@id\":\"https:\\\/\\\/eibarkultura.eus\\\/es\\\/#website\",\"url\":\"https:\\\/\\\/eibarkultura.eus\\\/es\\\/\",\"name\":\"Eibarko Kultura\",\"description\":\"Bizi Kultura\",\"publisher\":{\"@id\":\"https:\\\/\\\/eibarkultura.eus\\\/es\\\/#organization\"},\"potentialAction\":[{\"@type\":\"SearchAction\",\"target\":{\"@type\":\"EntryPoint\",\"urlTemplate\":\"https:\\\/\\\/eibarkultura.eus\\\/es\\\/?s={search_term_string}\"},\"query-input\":{\"@type\":\"PropertyValueSpecification\",\"valueRequired\":true,\"valueName\":\"search_term_string\"}}],\"inLanguage\":\"es\"},{\"@type\":\"Organization\",\"@id\":\"https:\\\/\\\/eibarkultura.eus\\\/es\\\/#organization\",\"name\":\"Eibarko Kultura\",\"url\":\"https:\\\/\\\/eibarkultura.eus\\\/es\\\/\",\"logo\":{\"@type\":\"ImageObject\",\"inLanguage\":\"es\",\"@id\":\"https:\\\/\\\/eibarkultura.eus\\\/es\\\/#\\\/schema\\\/logo\\\/image\\\/\",\"url\":\"https:\\\/\\\/eibarkultura.eus\\\/wp-content\\\/uploads\\\/2023\\\/11\\\/Eibar-Kultura_Logo.png\",\"contentUrl\":\"https:\\\/\\\/eibarkultura.eus\\\/wp-content\\\/uploads\\\/2023\\\/11\\\/Eibar-Kultura_Logo.png\",\"width\":1169,\"height\":245,\"caption\":\"Eibarko Kultura\"},\"image\":{\"@id\":\"https:\\\/\\\/eibarkultura.eus\\\/es\\\/#\\\/schema\\\/logo\\\/image\\\/\"}}]}<\/script>\n<!-- \/ Yoast SEO plugin. -->","yoast_head_json":{"title":"Cronos | Eibar Kulturaronos","description":"Las vidas interconectadas de tres hombres en tres \u00e9pocas distintas. Tres existencias \u00edntimamente ligadas por la sexualidad y el deseo, ...","robots":{"index":"index","follow":"follow","max-snippet":"max-snippet:-1","max-image-preview":"max-image-preview:large","max-video-preview":"max-video-preview:-1"},"canonical":"https:\/\/eibarkultura.eus\/es\/eventos\/cronos\/","og_locale":"es_ES","og_type":"article","og_title":"Cronos | Eibar Kulturaronos","og_description":"Las vidas interconectadas de tres hombres en tres \u00e9pocas distintas. Tres existencias \u00edntimamente ligadas por la sexualidad y el deseo, ...","og_url":"https:\/\/eibarkultura.eus\/es\/eventos\/cronos\/","og_site_name":"Eibarko Kultur Gida","article_modified_time":"2026-08-31T11:53:58+00:00","og_image":[{"width":2000,"height":1333,"url":"https:\/\/eibarkultura.eus\/wp-content\/uploads\/2026\/08\/cronos.jpg","type":"image\/jpeg"}],"twitter_card":"summary_large_image","twitter_misc":{"Tiempo de lectura":"1 minuto"},"schema":{"@context":"https:\/\/schema.org","@graph":[{"@type":"WebPage","@id":"https:\/\/eibarkultura.eus\/es\/eventos\/cronos\/","url":"https:\/\/eibarkultura.eus\/es\/eventos\/cronos\/","name":"Cronos | Eibar Kulturaronos","isPartOf":{"@id":"https:\/\/eibarkultura.eus\/es\/#website"},"primaryImageOfPage":{"@id":"https:\/\/eibarkultura.eus\/es\/eventos\/cronos\/#primaryimage"},"image":{"@id":"https:\/\/eibarkultura.eus\/es\/eventos\/cronos\/#primaryimage"},"thumbnailUrl":"https:\/\/eibarkultura.eus\/wp-content\/uploads\/2026\/08\/cronos.jpg","datePublished":"2026-08-31T11:52:51+00:00","dateModified":"2026-08-31T11:53:58+00:00","description":"Las vidas interconectadas de tres hombres en tres \u00e9pocas distintas. Tres existencias \u00edntimamente ligadas por la sexualidad y el deseo, ...","breadcrumb":{"@id":"https:\/\/eibarkultura.eus\/es\/eventos\/cronos\/#breadcrumb"},"inLanguage":"es","potentialAction":[{"@type":"ReadAction","target":["https:\/\/eibarkultura.eus\/es\/eventos\/cronos\/"]}]},{"@type":"ImageObject","inLanguage":"es","@id":"https:\/\/eibarkultura.eus\/es\/eventos\/cronos\/#primaryimage","url":"https:\/\/eibarkultura.eus\/wp-content\/uploads\/2026\/08\/cronos.jpg","contentUrl":"https:\/\/eibarkultura.eus\/wp-content\/uploads\/2026\/08\/cronos.jpg","width":2000,"height":1333},{"@type":"BreadcrumbList","@id":"https:\/\/eibarkultura.eus\/es\/eventos\/cronos\/#breadcrumb","itemListElement":[{"@type":"ListItem","position":1,"name":"Hasiera","item":"https:\/\/eibarkultura.eus\/es\/"},{"@type":"ListItem","position":2,"name":"Eventos","item":"https:\/\/eibarkultura.eus\/es\/eventos\/"},{"@type":"ListItem","position":3,"name":"Cronos"}]},{"@type":"WebSite","@id":"https:\/\/eibarkultura.eus\/es\/#website","url":"https:\/\/eibarkultura.eus\/es\/","name":"Eibarko Kultura","description":"Bizi Kultura","publisher":{"@id":"https:\/\/eibarkultura.eus\/es\/#organization"},"potentialAction":[{"@type":"SearchAction","target":{"@type":"EntryPoint","urlTemplate":"https:\/\/eibarkultura.eus\/es\/?s={search_term_string}"},"query-input":{"@type":"PropertyValueSpecification","valueRequired":true,"valueName":"search_term_string"}}],"inLanguage":"es"},{"@type":"Organization","@id":"https:\/\/eibarkultura.eus\/es\/#organization","name":"Eibarko Kultura","url":"https:\/\/eibarkultura.eus\/es\/","logo":{"@type":"ImageObject","inLanguage":"es","@id":"https:\/\/eibarkultura.eus\/es\/#\/schema\/logo\/image\/","url":"https:\/\/eibarkultura.eus\/wp-content\/uploads\/2023\/11\/Eibar-Kultura_Logo.png","contentUrl":"https:\/\/eibarkultura.eus\/wp-content\/uploads\/2023\/11\/Eibar-Kultura_Logo.png","width":1169,"height":245,"caption":"Eibarko Kultura"},"image":{"@id":"https:\/\/eibarkultura.eus\/es\/#\/schema\/logo\/image\/"}}]}},"_links":{"self":[{"href":"https:\/\/eibarkultura.eus\/es\/wp-json\/wp\/v2\/mec-events\/15081","targetHints":{"allow":["GET"]}}],"collection":[{"href":"https:\/\/eibarkultura.eus\/es\/wp-json\/wp\/v2\/mec-events"}],"about":[{"href":"https:\/\/eibarkultura.eus\/es\/wp-json\/wp\/v2\/types\/mec-events"}],"author":[{"embeddable":true,"href":"https:\/\/eibarkultura.eus\/es\/wp-json\/wp\/v2\/users\/1"}],"replies":[{"embeddable":true,"href":"https:\/\/eibarkultura.eus\/es\/wp-json\/wp\/v2\/comments?post=15081"}],"wp:featuredmedia":[{"embeddable":true,"href":"https:\/\/eibarkultura.eus\/es\/wp-json\/wp\/v2\/media\/15082"}],"wp:attachment":[{"href":"https:\/\/eibarkultura.eus\/es\/wp-json\/wp\/v2\/media?parent=15081"}],"wp:term":[{"taxonomy":"post_tag","embeddable":true,"href":"https:\/\/eibarkultura.eus\/es\/wp-json\/wp\/v2\/tags?post=15081"},{"taxonomy":"mec_category","embeddable":true,"href":"https:\/\/eibarkultura.eus\/es\/wp-json\/wp\/v2\/mec_category?post=15081"}],"curies":[{"name":"wp","href":"https:\/\/api.w.org\/{rel}","templated":true}]}}

<p><strong>Drama | ES</strong></p>
<p>Basada en testimonios reales de los diferentes implicados, la película narra el desarrollo de la operación Cronos, el dispositivo activado el 17 de agosto de 2017 como reacción al acto terrorista de las Ramblas. Cuatro días interminables de confusión, tensión, dolor, frustración, rabia y confrontación política que acabaron con el abatimiento del último terrorista huido y muchas heridas dejadas abiertas.</p>
<p><iframe title="Cronos - Tráiler Oficial" src="https://www.youtube.com/embed/XymFT_jUeXY" width="1337" height="752" frameborder="0" allowfullscreen="allowfullscreen"></iframe></p>

<p>Drama | ES Basada en testimonios reales de los diferentes implicados, la película narra el desarrollo de la operación Cronos, el dispositivo activado el 17 de agosto de 2017 como&hellip;</p>

<!-- This site is optimized with the Yoast SEO plugin v28.3 - https://yoast.com/product/yoast-seo-wordpress/ -->
<title>Cronos | Eibar Kulturaronos</title>
<meta name="description" content="Las vidas interconectadas de tres hombres en tres épocas distintas. Tres existencias íntimamente ligadas por la sexualidad y el deseo, ..." />
<meta name="robots" content="index, follow, max-snippet:-1, max-image-preview:large, max-video-preview:-1" />
<link rel="canonical" href="https://eibarkultura.eus/es/eventos/cronos/" />
<meta property="og:locale" content="es_ES" />
<meta property="og:type" content="article" />
<meta property="og:title" content="Cronos | Eibar Kulturaronos" />
<meta property="og:description" content="Las vidas interconectadas de tres hombres en tres épocas distintas. Tres existencias íntimamente ligadas por la sexualidad y el deseo, ..." />
<meta property="og:url" content="https://eibarkultura.eus/es/eventos/cronos/" />
<meta property="og:site_name" content="Eibarko Kultur Gida" />
<meta property="article:modified_time" content="2026-08-31T11:53:58+00:00" />
<meta property="og:image" content="https://eibarkultura.eus/wp-content/uploads/2026/08/cronos.jpg" />
	<meta property="og:image:width" content="2000" />
	<meta property="og:image:height" content="1333" />
	<meta property="og:image:type" content="image/jpeg" />
<meta name="twitter:card" content="summary_large_image" />
<meta name="twitter:label1" content="Tiempo de lectura" />
	<meta name="twitter:data1" content="1 minuto" />
<script type="application/ld+json" class="yoast-schema-graph">{"@context":"https:\/\/schema.org","@graph":[{"@type":"WebPage","@id":"https:\/\/eibarkultura.eus\/es\/eventos\/cronos\/","url":"https:\/\/eibarkultura.eus\/es\/eventos\/cronos\/","name":"Cronos | Eibar Kulturaronos","isPartOf":{"@id":"https:\/\/eibarkultura.eus\/es\/#website"},"primaryImageOfPage":{"@id":"https:\/\/eibarkultura.eus\/es\/eventos\/cronos\/#primaryimage"},"image":{"@id":"https:\/\/eibarkultura.eus\/es\/eventos\/cronos\/#primaryimage"},"thumbnailUrl":"https:\/\/eibarkultura.eus\/wp-content\/uploads\/2026\/08\/cronos.jpg","datePublished":"2026-08-31T11:52:51+00:00","dateModified":"2026-08-31T11:53:58+00:00","description":"Las vidas interconectadas de tres hombres en tres épocas distintas. Tres existencias íntimamente ligadas por la sexualidad y el deseo, ...","breadcrumb":{"@id":"https:\/\/eibarkultura.eus\/es\/eventos\/cronos\/#breadcrumb"},"inLanguage":"es","potentialAction":[{"@type":"ReadAction","target":["https:\/\/eibarkultura.eus\/es\/eventos\/cronos\/"]}]},{"@type":"ImageObject","inLanguage":"es","@id":"https:\/\/eibarkultura.eus\/es\/eventos\/cronos\/#primaryimage","url":"https:\/\/eibarkultura.eus\/wp-content\/uploads\/2026\/08\/cronos.jpg","contentUrl":"https:\/\/eibarkultura.eus\/wp-content\/uploads\/2026\/08\/cronos.jpg","width":2000,"height":1333},{"@type":"BreadcrumbList","@id":"https:\/\/eibarkultura.eus\/es\/eventos\/cronos\/#breadcrumb","itemListElement":[{"@type":"ListItem","position":1,"name":"Hasiera","item":"https:\/\/eibarkultura.eus\/es\/"},{"@type":"ListItem","position":2,"name":"Eventos","item":"https:\/\/eibarkultura.eus\/es\/eventos\/"},{"@type":"ListItem","position":3,"name":"Cronos"}]},{"@type":"WebSite","@id":"https:\/\/eibarkultura.eus\/es\/#website","url":"https:\/\/eibarkultura.eus\/es\/","name":"Eibarko Kultura","description":"Bizi Kultura","publisher":{"@id":"https:\/\/eibarkultura.eus\/es\/#organization"},"potentialAction":[{"@type":"SearchAction","target":{"@type":"EntryPoint","urlTemplate":"https:\/\/eibarkultura.eus\/es\/?s={search_term_string}"},"query-input":{"@type":"PropertyValueSpecification","valueRequired":true,"valueName":"search_term_string"}}],"inLanguage":"es"},{"@type":"Organization","@id":"https:\/\/eibarkultura.eus\/es\/#organization","name":"Eibarko Kultura","url":"https:\/\/eibarkultura.eus\/es\/","logo":{"@type":"ImageObject","inLanguage":"es","@id":"https:\/\/eibarkultura.eus\/es\/#\/schema\/logo\/image\/","url":"https:\/\/eibarkultura.eus\/wp-content\/uploads\/2023\/11\/Eibar-Kultura_Logo.png","contentUrl":"https:\/\/eibarkultura.eus\/wp-content\/uploads\/2023\/11\/Eibar-Kultura_Logo.png","width":1169,"height":245,"caption":"Eibarko Kultura"},"image":{"@id":"https:\/\/eibarkultura.eus\/es\/#\/schema\/logo\/image\/"}}]}</script>
<!-- / Yoast SEO plugin. -->

Las vidas interconectadas de tres hombres en tres épocas distintas. Tres existencias íntimamente ligadas por la sexualidad y el deseo, ...
