{"id":14971,"date":"2026-09-01T17:09:15","date_gmt":"2026-09-01T15:09:15","guid":{"rendered":"https:\/\/eibarkultura.eus\/?post_type=mec-events&#038;p=14971"},"modified":"2026-09-01T17:23:27","modified_gmt":"2026-09-01T15:23:27","slug":"inaki-salvador-miren-gabirondo","status":"publish","type":"mec-events","link":"https:\/\/eibarkultura.eus\/es\/eventos\/inaki-salvador-miren-gabirondo\/","title":{"rendered":"I\u00f1aki Salvador y Miren Gabirondo"},"content":{"rendered":"<p><strong>El acorde\u00f3n viajero<\/strong><\/p>\n<p>Un d\u00fao de acorde\u00f3n y piano nos invita a recorrer paisajes del mundo -Euskal Herria, Francia, Italia, \u00c1frica, Jap\u00f3n, Am\u00e9rica&#8230;- con la br\u00fajula de la emoci\u00f3n, la memoria y el asombro.<\/p>\n","protected":false},"excerpt":{"rendered":"<p>El acorde\u00f3n viajero Un d\u00fao de acorde\u00f3n y piano nos invita a recorrer paisajes del mundo -Euskal Herria, Francia, Italia, \u00c1frica, Jap\u00f3n, Am\u00e9rica&#8230;- con la br\u00fajula de la emoci\u00f3n, la&hellip;<\/p>\n","protected":false},"author":1,"featured_media":14950,"comment_status":"closed","ping_status":"closed","template":"","tags":[],"mec_category":[41],"class_list":["post-14971","mec-events","type-mec-events","status-publish","has-post-thumbnail","hentry","mec_category-musica"],"yoast_head":"<!-- This site is optimized with the Yoast SEO plugin v28.3 - https:\/\/yoast.com\/product\/yoast-seo-wordpress\/ -->\n<title>I\u00f1aki Salvador y Miren Gabirondo | Eibar Kultura<\/title>\n<meta name=\"description\" content=\"I\u00f1aki Salvador y Miren Gabirondo presentan El acorde\u00f3n viajero el 9 de octubre a las 19:00 en el Coliseo de Eibar. M\u00fasica en directo.\" \/>\n<meta name=\"robots\" content=\"index, follow, max-snippet:-1, max-image-preview:large, max-video-preview:-1\" \/>\n<link rel=\"canonical\" href=\"https:\/\/eibarkultura.eus\/es\/eventos\/inaki-salvador-miren-gabirondo\/\" \/>\n<meta property=\"og:locale\" content=\"es_ES\" \/>\n<meta property=\"og:type\" content=\"article\" \/>\n<meta property=\"og:title\" content=\"I\u00f1aki Salvador y Miren Gabirondo | Eibar Kultura\" \/>\n<meta property=\"og:description\" content=\"I\u00f1aki Salvador y Miren Gabirondo presentan El acorde\u00f3n viajero el 9 de octubre a las 19:00 en el Coliseo de Eibar. M\u00fasica en directo.\" \/>\n<meta property=\"og:url\" content=\"https:\/\/eibarkultura.eus\/es\/eventos\/inaki-salvador-miren-gabirondo\/\" \/>\n<meta property=\"og:site_name\" content=\"Eibarko Kultur Gida\" \/>\n<meta property=\"article:modified_time\" content=\"2026-09-01T15:23:27+00:00\" \/>\n<meta property=\"og:image\" content=\"https:\/\/eibarkultura.eus\/wp-content\/uploads\/2026\/07\/Inaki-Salvador.jpg\" \/>\n\t<meta property=\"og:image:width\" content=\"2000\" \/>\n\t<meta property=\"og:image:height\" content=\"1333\" \/>\n\t<meta property=\"og:image:type\" content=\"image\/jpeg\" \/>\n<meta name=\"twitter:card\" content=\"summary_large_image\" \/>\n<meta name=\"twitter:label1\" content=\"Tiempo de lectura\" \/>\n\t<meta name=\"twitter:data1\" content=\"1 minuto\" \/>\n<script type=\"application\/ld+json\" class=\"yoast-schema-graph\">{\"@context\":\"https:\\\/\\\/schema.org\",\"@graph\":[{\"@type\":\"WebPage\",\"@id\":\"https:\\\/\\\/eibarkultura.eus\\\/es\\\/eventos\\\/inaki-salvador-miren-gabirondo\\\/\",\"url\":\"https:\\\/\\\/eibarkultura.eus\\\/es\\\/eventos\\\/inaki-salvador-miren-gabirondo\\\/\",\"name\":\"I\u00f1aki Salvador y Miren Gabirondo | Eibar Kultura\",\"isPartOf\":{\"@id\":\"https:\\\/\\\/eibarkultura.eus\\\/es\\\/#website\"},\"primaryImageOfPage\":{\"@id\":\"https:\\\/\\\/eibarkultura.eus\\\/es\\\/eventos\\\/inaki-salvador-miren-gabirondo\\\/#primaryimage\"},\"image\":{\"@id\":\"https:\\\/\\\/eibarkultura.eus\\\/es\\\/eventos\\\/inaki-salvador-miren-gabirondo\\\/#primaryimage\"},\"thumbnailUrl\":\"https:\\\/\\\/eibarkultura.eus\\\/wp-content\\\/uploads\\\/2026\\\/07\\\/Inaki-Salvador.jpg\",\"datePublished\":\"2026-09-01T15:09:15+00:00\",\"dateModified\":\"2026-09-01T15:23:27+00:00\",\"description\":\"I\u00f1aki Salvador y Miren Gabirondo presentan El acorde\u00f3n viajero el 9 de octubre a las 19:00 en el Coliseo de Eibar. M\u00fasica en directo.\",\"breadcrumb\":{\"@id\":\"https:\\\/\\\/eibarkultura.eus\\\/es\\\/eventos\\\/inaki-salvador-miren-gabirondo\\\/#breadcrumb\"},\"inLanguage\":\"es\",\"potentialAction\":[{\"@type\":\"ReadAction\",\"target\":[\"https:\\\/\\\/eibarkultura.eus\\\/es\\\/eventos\\\/inaki-salvador-miren-gabirondo\\\/\"]}]},{\"@type\":\"ImageObject\",\"inLanguage\":\"es\",\"@id\":\"https:\\\/\\\/eibarkultura.eus\\\/es\\\/eventos\\\/inaki-salvador-miren-gabirondo\\\/#primaryimage\",\"url\":\"https:\\\/\\\/eibarkultura.eus\\\/wp-content\\\/uploads\\\/2026\\\/07\\\/Inaki-Salvador.jpg\",\"contentUrl\":\"https:\\\/\\\/eibarkultura.eus\\\/wp-content\\\/uploads\\\/2026\\\/07\\\/Inaki-Salvador.jpg\",\"width\":2000,\"height\":1333},{\"@type\":\"BreadcrumbList\",\"@id\":\"https:\\\/\\\/eibarkultura.eus\\\/es\\\/eventos\\\/inaki-salvador-miren-gabirondo\\\/#breadcrumb\",\"itemListElement\":[{\"@type\":\"ListItem\",\"position\":1,\"name\":\"Hasiera\",\"item\":\"https:\\\/\\\/eibarkultura.eus\\\/es\\\/\"},{\"@type\":\"ListItem\",\"position\":2,\"name\":\"Eventos\",\"item\":\"https:\\\/\\\/eibarkultura.eus\\\/es\\\/eventos\\\/\"},{\"@type\":\"ListItem\",\"position\":3,\"name\":\"I\u00f1aki Salvador y Miren Gabirondo\"}]},{\"@type\":\"WebSite\",\"@id\":\"https:\\\/\\\/eibarkultura.eus\\\/es\\\/#website\",\"url\":\"https:\\\/\\\/eibarkultura.eus\\\/es\\\/\",\"name\":\"Eibarko Kultura\",\"description\":\"Bizi Kultura\",\"publisher\":{\"@id\":\"https:\\\/\\\/eibarkultura.eus\\\/es\\\/#organization\"},\"potentialAction\":[{\"@type\":\"SearchAction\",\"target\":{\"@type\":\"EntryPoint\",\"urlTemplate\":\"https:\\\/\\\/eibarkultura.eus\\\/es\\\/?s={search_term_string}\"},\"query-input\":{\"@type\":\"PropertyValueSpecification\",\"valueRequired\":true,\"valueName\":\"search_term_string\"}}],\"inLanguage\":\"es\"},{\"@type\":\"Organization\",\"@id\":\"https:\\\/\\\/eibarkultura.eus\\\/es\\\/#organization\",\"name\":\"Eibarko Kultura\",\"url\":\"https:\\\/\\\/eibarkultura.eus\\\/es\\\/\",\"logo\":{\"@type\":\"ImageObject\",\"inLanguage\":\"es\",\"@id\":\"https:\\\/\\\/eibarkultura.eus\\\/es\\\/#\\\/schema\\\/logo\\\/image\\\/\",\"url\":\"https:\\\/\\\/eibarkultura.eus\\\/wp-content\\\/uploads\\\/2023\\\/11\\\/Eibar-Kultura_Logo.png\",\"contentUrl\":\"https:\\\/\\\/eibarkultura.eus\\\/wp-content\\\/uploads\\\/2023\\\/11\\\/Eibar-Kultura_Logo.png\",\"width\":1169,\"height\":245,\"caption\":\"Eibarko Kultura\"},\"image\":{\"@id\":\"https:\\\/\\\/eibarkultura.eus\\\/es\\\/#\\\/schema\\\/logo\\\/image\\\/\"}}]}<\/script>\n<!-- \/ Yoast SEO plugin. -->","yoast_head_json":{"title":"I\u00f1aki Salvador y Miren Gabirondo | Eibar Kultura","description":"I\u00f1aki Salvador y Miren Gabirondo presentan El acorde\u00f3n viajero el 9 de octubre a las 19:00 en el Coliseo de Eibar. M\u00fasica en directo.","robots":{"index":"index","follow":"follow","max-snippet":"max-snippet:-1","max-image-preview":"max-image-preview:large","max-video-preview":"max-video-preview:-1"},"canonical":"https:\/\/eibarkultura.eus\/es\/eventos\/inaki-salvador-miren-gabirondo\/","og_locale":"es_ES","og_type":"article","og_title":"I\u00f1aki Salvador y Miren Gabirondo | Eibar Kultura","og_description":"I\u00f1aki Salvador y Miren Gabirondo presentan El acorde\u00f3n viajero el 9 de octubre a las 19:00 en el Coliseo de Eibar. M\u00fasica en directo.","og_url":"https:\/\/eibarkultura.eus\/es\/eventos\/inaki-salvador-miren-gabirondo\/","og_site_name":"Eibarko Kultur Gida","article_modified_time":"2026-09-01T15:23:27+00:00","og_image":[{"width":2000,"height":1333,"url":"https:\/\/eibarkultura.eus\/wp-content\/uploads\/2026\/07\/Inaki-Salvador.jpg","type":"image\/jpeg"}],"twitter_card":"summary_large_image","twitter_misc":{"Tiempo de lectura":"1 minuto"},"schema":{"@context":"https:\/\/schema.org","@graph":[{"@type":"WebPage","@id":"https:\/\/eibarkultura.eus\/es\/eventos\/inaki-salvador-miren-gabirondo\/","url":"https:\/\/eibarkultura.eus\/es\/eventos\/inaki-salvador-miren-gabirondo\/","name":"I\u00f1aki Salvador y Miren Gabirondo | Eibar Kultura","isPartOf":{"@id":"https:\/\/eibarkultura.eus\/es\/#website"},"primaryImageOfPage":{"@id":"https:\/\/eibarkultura.eus\/es\/eventos\/inaki-salvador-miren-gabirondo\/#primaryimage"},"image":{"@id":"https:\/\/eibarkultura.eus\/es\/eventos\/inaki-salvador-miren-gabirondo\/#primaryimage"},"thumbnailUrl":"https:\/\/eibarkultura.eus\/wp-content\/uploads\/2026\/07\/Inaki-Salvador.jpg","datePublished":"2026-09-01T15:09:15+00:00","dateModified":"2026-09-01T15:23:27+00:00","description":"I\u00f1aki Salvador y Miren Gabirondo presentan El acorde\u00f3n viajero el 9 de octubre a las 19:00 en el Coliseo de Eibar. M\u00fasica en directo.","breadcrumb":{"@id":"https:\/\/eibarkultura.eus\/es\/eventos\/inaki-salvador-miren-gabirondo\/#breadcrumb"},"inLanguage":"es","potentialAction":[{"@type":"ReadAction","target":["https:\/\/eibarkultura.eus\/es\/eventos\/inaki-salvador-miren-gabirondo\/"]}]},{"@type":"ImageObject","inLanguage":"es","@id":"https:\/\/eibarkultura.eus\/es\/eventos\/inaki-salvador-miren-gabirondo\/#primaryimage","url":"https:\/\/eibarkultura.eus\/wp-content\/uploads\/2026\/07\/Inaki-Salvador.jpg","contentUrl":"https:\/\/eibarkultura.eus\/wp-content\/uploads\/2026\/07\/Inaki-Salvador.jpg","width":2000,"height":1333},{"@type":"BreadcrumbList","@id":"https:\/\/eibarkultura.eus\/es\/eventos\/inaki-salvador-miren-gabirondo\/#breadcrumb","itemListElement":[{"@type":"ListItem","position":1,"name":"Hasiera","item":"https:\/\/eibarkultura.eus\/es\/"},{"@type":"ListItem","position":2,"name":"Eventos","item":"https:\/\/eibarkultura.eus\/es\/eventos\/"},{"@type":"ListItem","position":3,"name":"I\u00f1aki Salvador y Miren Gabirondo"}]},{"@type":"WebSite","@id":"https:\/\/eibarkultura.eus\/es\/#website","url":"https:\/\/eibarkultura.eus\/es\/","name":"Eibarko Kultura","description":"Bizi Kultura","publisher":{"@id":"https:\/\/eibarkultura.eus\/es\/#organization"},"potentialAction":[{"@type":"SearchAction","target":{"@type":"EntryPoint","urlTemplate":"https:\/\/eibarkultura.eus\/es\/?s={search_term_string}"},"query-input":{"@type":"PropertyValueSpecification","valueRequired":true,"valueName":"search_term_string"}}],"inLanguage":"es"},{"@type":"Organization","@id":"https:\/\/eibarkultura.eus\/es\/#organization","name":"Eibarko Kultura","url":"https:\/\/eibarkultura.eus\/es\/","logo":{"@type":"ImageObject","inLanguage":"es","@id":"https:\/\/eibarkultura.eus\/es\/#\/schema\/logo\/image\/","url":"https:\/\/eibarkultura.eus\/wp-content\/uploads\/2023\/11\/Eibar-Kultura_Logo.png","contentUrl":"https:\/\/eibarkultura.eus\/wp-content\/uploads\/2023\/11\/Eibar-Kultura_Logo.png","width":1169,"height":245,"caption":"Eibarko Kultura"},"image":{"@id":"https:\/\/eibarkultura.eus\/es\/#\/schema\/logo\/image\/"}}]}},"_links":{"self":[{"href":"https:\/\/eibarkultura.eus\/es\/wp-json\/wp\/v2\/mec-events\/14971","targetHints":{"allow":["GET"]}}],"collection":[{"href":"https:\/\/eibarkultura.eus\/es\/wp-json\/wp\/v2\/mec-events"}],"about":[{"href":"https:\/\/eibarkultura.eus\/es\/wp-json\/wp\/v2\/types\/mec-events"}],"author":[{"embeddable":true,"href":"https:\/\/eibarkultura.eus\/es\/wp-json\/wp\/v2\/users\/1"}],"replies":[{"embeddable":true,"href":"https:\/\/eibarkultura.eus\/es\/wp-json\/wp\/v2\/comments?post=14971"}],"wp:featuredmedia":[{"embeddable":true,"href":"https:\/\/eibarkultura.eus\/es\/wp-json\/wp\/v2\/media\/14950"}],"wp:attachment":[{"href":"https:\/\/eibarkultura.eus\/es\/wp-json\/wp\/v2\/media?parent=14971"}],"wp:term":[{"taxonomy":"post_tag","embeddable":true,"href":"https:\/\/eibarkultura.eus\/es\/wp-json\/wp\/v2\/tags?post=14971"},{"taxonomy":"mec_category","embeddable":true,"href":"https:\/\/eibarkultura.eus\/es\/wp-json\/wp\/v2\/mec_category?post=14971"}],"curies":[{"name":"wp","href":"https:\/\/api.w.org\/{rel}","templated":true}]}}

Iñaki Salvador y Miren Gabirondo

<p><strong>El acordeón viajero</strong></p>
<p>Un dúo de acordeón y piano nos invita a recorrer paisajes del mundo -Euskal Herria, Francia, Italia, África, Japón, América&#8230;- con la brújula de la emoción, la memoria y el asombro.</p>

<p>El acordeón viajero Un dúo de acordeón y piano nos invita a recorrer paisajes del mundo -Euskal Herria, Francia, Italia, África, Japón, América&#8230;- con la brújula de la emoción, la&hellip;</p>

<!-- This site is optimized with the Yoast SEO plugin v28.3 - https://yoast.com/product/yoast-seo-wordpress/ -->
<title>Iñaki Salvador y Miren Gabirondo | Eibar Kultura</title>
<meta name="description" content="Iñaki Salvador y Miren Gabirondo presentan El acordeón viajero el 9 de octubre a las 19:00 en el Coliseo de Eibar. Música en directo." />
<meta name="robots" content="index, follow, max-snippet:-1, max-image-preview:large, max-video-preview:-1" />
<link rel="canonical" href="https://eibarkultura.eus/es/eventos/inaki-salvador-miren-gabirondo/" />
<meta property="og:locale" content="es_ES" />
<meta property="og:type" content="article" />
<meta property="og:title" content="Iñaki Salvador y Miren Gabirondo | Eibar Kultura" />
<meta property="og:description" content="Iñaki Salvador y Miren Gabirondo presentan El acordeón viajero el 9 de octubre a las 19:00 en el Coliseo de Eibar. Música en directo." />
<meta property="og:url" content="https://eibarkultura.eus/es/eventos/inaki-salvador-miren-gabirondo/" />
<meta property="og:site_name" content="Eibarko Kultur Gida" />
<meta property="article:modified_time" content="2026-09-01T15:23:27+00:00" />
<meta property="og:image" content="https://eibarkultura.eus/wp-content/uploads/2026/07/Inaki-Salvador.jpg" />
	<meta property="og:image:width" content="2000" />
	<meta property="og:image:height" content="1333" />
	<meta property="og:image:type" content="image/jpeg" />
<meta name="twitter:card" content="summary_large_image" />
<meta name="twitter:label1" content="Tiempo de lectura" />
	<meta name="twitter:data1" content="1 minuto" />
<script type="application/ld+json" class="yoast-schema-graph">{"@context":"https:\/\/schema.org","@graph":[{"@type":"WebPage","@id":"https:\/\/eibarkultura.eus\/es\/eventos\/inaki-salvador-miren-gabirondo\/","url":"https:\/\/eibarkultura.eus\/es\/eventos\/inaki-salvador-miren-gabirondo\/","name":"Iñaki Salvador y Miren Gabirondo | Eibar Kultura","isPartOf":{"@id":"https:\/\/eibarkultura.eus\/es\/#website"},"primaryImageOfPage":{"@id":"https:\/\/eibarkultura.eus\/es\/eventos\/inaki-salvador-miren-gabirondo\/#primaryimage"},"image":{"@id":"https:\/\/eibarkultura.eus\/es\/eventos\/inaki-salvador-miren-gabirondo\/#primaryimage"},"thumbnailUrl":"https:\/\/eibarkultura.eus\/wp-content\/uploads\/2026\/07\/Inaki-Salvador.jpg","datePublished":"2026-09-01T15:09:15+00:00","dateModified":"2026-09-01T15:23:27+00:00","description":"Iñaki Salvador y Miren Gabirondo presentan El acordeón viajero el 9 de octubre a las 19:00 en el Coliseo de Eibar. Música en directo.","breadcrumb":{"@id":"https:\/\/eibarkultura.eus\/es\/eventos\/inaki-salvador-miren-gabirondo\/#breadcrumb"},"inLanguage":"es","potentialAction":[{"@type":"ReadAction","target":["https:\/\/eibarkultura.eus\/es\/eventos\/inaki-salvador-miren-gabirondo\/"]}]},{"@type":"ImageObject","inLanguage":"es","@id":"https:\/\/eibarkultura.eus\/es\/eventos\/inaki-salvador-miren-gabirondo\/#primaryimage","url":"https:\/\/eibarkultura.eus\/wp-content\/uploads\/2026\/07\/Inaki-Salvador.jpg","contentUrl":"https:\/\/eibarkultura.eus\/wp-content\/uploads\/2026\/07\/Inaki-Salvador.jpg","width":2000,"height":1333},{"@type":"BreadcrumbList","@id":"https:\/\/eibarkultura.eus\/es\/eventos\/inaki-salvador-miren-gabirondo\/#breadcrumb","itemListElement":[{"@type":"ListItem","position":1,"name":"Hasiera","item":"https:\/\/eibarkultura.eus\/es\/"},{"@type":"ListItem","position":2,"name":"Eventos","item":"https:\/\/eibarkultura.eus\/es\/eventos\/"},{"@type":"ListItem","position":3,"name":"Iñaki Salvador y Miren Gabirondo"}]},{"@type":"WebSite","@id":"https:\/\/eibarkultura.eus\/es\/#website","url":"https:\/\/eibarkultura.eus\/es\/","name":"Eibarko Kultura","description":"Bizi Kultura","publisher":{"@id":"https:\/\/eibarkultura.eus\/es\/#organization"},"potentialAction":[{"@type":"SearchAction","target":{"@type":"EntryPoint","urlTemplate":"https:\/\/eibarkultura.eus\/es\/?s={search_term_string}"},"query-input":{"@type":"PropertyValueSpecification","valueRequired":true,"valueName":"search_term_string"}}],"inLanguage":"es"},{"@type":"Organization","@id":"https:\/\/eibarkultura.eus\/es\/#organization","name":"Eibarko Kultura","url":"https:\/\/eibarkultura.eus\/es\/","logo":{"@type":"ImageObject","inLanguage":"es","@id":"https:\/\/eibarkultura.eus\/es\/#\/schema\/logo\/image\/","url":"https:\/\/eibarkultura.eus\/wp-content\/uploads\/2023\/11\/Eibar-Kultura_Logo.png","contentUrl":"https:\/\/eibarkultura.eus\/wp-content\/uploads\/2023\/11\/Eibar-Kultura_Logo.png","width":1169,"height":245,"caption":"Eibarko Kultura"},"image":{"@id":"https:\/\/eibarkultura.eus\/es\/#\/schema\/logo\/image\/"}}]}</script>
<!-- / Yoast SEO plugin. -->

Iñaki Salvador y Miren Gabirondo | Eibar Kultura

Iñaki Salvador y Miren Gabirondo presentan El acordeón viajero el 9 de octubre a las 19:00 en el Coliseo de Eibar. Música en directo.
