{"id":14888,"date":"2026-09-03T12:22:02","date_gmt":"2026-09-03T10:22:02","guid":{"rendered":"https:\/\/eibarkultura.eus\/?post_type=mec-events&#038;p=14888"},"modified":"2026-09-03T12:25:44","modified_gmt":"2026-09-03T10:25:44","slug":"ardatzak","status":"publish","type":"mec-events","link":"https:\/\/eibarkultura.eus\/es\/eventos\/ardatzak\/","title":{"rendered":"Ardatzak"},"content":{"rendered":"<p><strong>Zirkozaurre<\/strong><\/p>\n<ul>\n<li>Direcci\u00f3n: Jorge Silvestre \u201cSilver\u201d<\/li>\n<li>Autor\u00eda: Creaci\u00f3n colectiva bajo la direcci\u00f3n de Jorge Silvestre \u2018Silver\u2019<\/li>\n<li>Int\u00e9rpretes: Gorka Pereira, Imanol Suso<\/li>\n<\/ul>\n<p>Cinco seres provenientes de mundos diferentes forman un pelot\u00f3n con una misi\u00f3n compartida: cruzar los l\u00edmites del miedo y del imposible. En su camino, descubren un espacio olvidado, lo ocupan y lo transforman. Aquello que antes eran restos se convierte en apoyos y accesorios para el circo, la m\u00fasica y el arte. Todo se convierte en una gran circofon\u00eda, donde la belleza brota all\u00e1 donde parec\u00eda no quedar nada.<\/p>\n<p><iframe title=\"'Ardatzak' (Ejes), C\u00eda. Zirkozaurre | V\u00eddeo promocional de calle\" src=\"https:\/\/www.youtube.com\/embed\/cKy5hPUhCAA\" width=\"1337\" height=\"752\" frameborder=\"0\" allowfullscreen=\"allowfullscreen\"><\/iframe><\/p>\n","protected":false},"excerpt":{"rendered":"<p>Zirkozaurre Direcci\u00f3n: Jorge Silvestre \u201cSilver\u201d Autor\u00eda: Creaci\u00f3n colectiva bajo la direcci\u00f3n de Jorge Silvestre \u2018Silver\u2019 Int\u00e9rpretes: Gorka Pereira, Imanol Suso Cinco seres provenientes de mundos diferentes forman un pelot\u00f3n con&hellip;<\/p>\n","protected":false},"author":1,"featured_media":14886,"comment_status":"closed","ping_status":"closed","template":"","tags":[],"mec_category":[48],"class_list":["post-14888","mec-events","type-mec-events","status-publish","has-post-thumbnail","hentry","mec_category-teatro"],"yoast_head":"<!-- This site is optimized with the Yoast SEO plugin v28.4 - https:\/\/yoast.com\/product\/yoast-seo-wordpress\/ -->\n<title>Ardatzak - Zirkozaurre | Eibar Kultura<\/title>\n<meta name=\"description\" content=\"Ardatzak, espect\u00e1culo de circo de Zirkozaurre, el 14 de noviembre en el Coliseo de Eibar. Una propuesta que combina circo, m\u00fasica y arte.\" \/>\n<meta name=\"robots\" content=\"index, follow, max-snippet:-1, max-image-preview:large, max-video-preview:-1\" \/>\n<link rel=\"canonical\" href=\"https:\/\/eibarkultura.eus\/es\/eventos\/ardatzak\/\" \/>\n<meta property=\"og:locale\" content=\"es_ES\" \/>\n<meta property=\"og:type\" content=\"article\" \/>\n<meta property=\"og:title\" content=\"Ardatzak - Zirkozaurre | Eibar Kultura\" \/>\n<meta property=\"og:description\" content=\"Ardatzak, espect\u00e1culo de circo de Zirkozaurre, el 14 de noviembre en el Coliseo de Eibar. Una propuesta que combina circo, m\u00fasica y arte.\" \/>\n<meta property=\"og:url\" content=\"https:\/\/eibarkultura.eus\/es\/eventos\/ardatzak\/\" \/>\n<meta property=\"og:site_name\" content=\"Eibarko Kultur Gida\" \/>\n<meta property=\"article:modified_time\" content=\"2026-09-03T10:25:44+00:00\" \/>\n<meta property=\"og:image\" content=\"https:\/\/eibarkultura.eus\/wp-content\/uploads\/2026\/07\/Ardatzak-1024x676.jpg\" \/>\n\t<meta property=\"og:image:width\" content=\"1024\" \/>\n\t<meta property=\"og:image:height\" content=\"676\" \/>\n\t<meta property=\"og:image:type\" content=\"image\/jpeg\" \/>\n<meta name=\"twitter:card\" content=\"summary_large_image\" \/>\n<meta name=\"twitter:label1\" content=\"Tiempo de lectura\" \/>\n\t<meta name=\"twitter:data1\" content=\"1 minuto\" \/>\n<script type=\"application\/ld+json\" class=\"yoast-schema-graph\">{\"@context\":\"https:\\\/\\\/schema.org\",\"@graph\":[{\"@type\":\"WebPage\",\"@id\":\"https:\\\/\\\/eibarkultura.eus\\\/es\\\/eventos\\\/ardatzak\\\/\",\"url\":\"https:\\\/\\\/eibarkultura.eus\\\/es\\\/eventos\\\/ardatzak\\\/\",\"name\":\"Ardatzak - Zirkozaurre | Eibar Kultura\",\"isPartOf\":{\"@id\":\"https:\\\/\\\/eibarkultura.eus\\\/es\\\/#website\"},\"primaryImageOfPage\":{\"@id\":\"https:\\\/\\\/eibarkultura.eus\\\/es\\\/eventos\\\/ardatzak\\\/#primaryimage\"},\"image\":{\"@id\":\"https:\\\/\\\/eibarkultura.eus\\\/es\\\/eventos\\\/ardatzak\\\/#primaryimage\"},\"thumbnailUrl\":\"https:\\\/\\\/eibarkultura.eus\\\/wp-content\\\/uploads\\\/2026\\\/07\\\/Ardatzak-scaled.jpg\",\"datePublished\":\"2026-09-03T10:22:02+00:00\",\"dateModified\":\"2026-09-03T10:25:44+00:00\",\"description\":\"Ardatzak, espect\u00e1culo de circo de Zirkozaurre, el 14 de noviembre en el Coliseo de Eibar. Una propuesta que combina circo, m\u00fasica y arte.\",\"breadcrumb\":{\"@id\":\"https:\\\/\\\/eibarkultura.eus\\\/es\\\/eventos\\\/ardatzak\\\/#breadcrumb\"},\"inLanguage\":\"es\",\"potentialAction\":[{\"@type\":\"ReadAction\",\"target\":[\"https:\\\/\\\/eibarkultura.eus\\\/es\\\/eventos\\\/ardatzak\\\/\"]}]},{\"@type\":\"ImageObject\",\"inLanguage\":\"es\",\"@id\":\"https:\\\/\\\/eibarkultura.eus\\\/es\\\/eventos\\\/ardatzak\\\/#primaryimage\",\"url\":\"https:\\\/\\\/eibarkultura.eus\\\/wp-content\\\/uploads\\\/2026\\\/07\\\/Ardatzak-scaled.jpg\",\"contentUrl\":\"https:\\\/\\\/eibarkultura.eus\\\/wp-content\\\/uploads\\\/2026\\\/07\\\/Ardatzak-scaled.jpg\",\"width\":2560,\"height\":1690},{\"@type\":\"BreadcrumbList\",\"@id\":\"https:\\\/\\\/eibarkultura.eus\\\/es\\\/eventos\\\/ardatzak\\\/#breadcrumb\",\"itemListElement\":[{\"@type\":\"ListItem\",\"position\":1,\"name\":\"Hasiera\",\"item\":\"https:\\\/\\\/eibarkultura.eus\\\/es\\\/\"},{\"@type\":\"ListItem\",\"position\":2,\"name\":\"Eventos\",\"item\":\"https:\\\/\\\/eibarkultura.eus\\\/es\\\/eventos\\\/\"},{\"@type\":\"ListItem\",\"position\":3,\"name\":\"Ardatzak\"}]},{\"@type\":\"WebSite\",\"@id\":\"https:\\\/\\\/eibarkultura.eus\\\/es\\\/#website\",\"url\":\"https:\\\/\\\/eibarkultura.eus\\\/es\\\/\",\"name\":\"Eibarko Kultura\",\"description\":\"Bizi Kultura\",\"publisher\":{\"@id\":\"https:\\\/\\\/eibarkultura.eus\\\/es\\\/#organization\"},\"potentialAction\":[{\"@type\":\"SearchAction\",\"target\":{\"@type\":\"EntryPoint\",\"urlTemplate\":\"https:\\\/\\\/eibarkultura.eus\\\/es\\\/?s={search_term_string}\"},\"query-input\":{\"@type\":\"PropertyValueSpecification\",\"valueRequired\":true,\"valueName\":\"search_term_string\"}}],\"inLanguage\":\"es\"},{\"@type\":\"Organization\",\"@id\":\"https:\\\/\\\/eibarkultura.eus\\\/es\\\/#organization\",\"name\":\"Eibarko Kultura\",\"url\":\"https:\\\/\\\/eibarkultura.eus\\\/es\\\/\",\"logo\":{\"@type\":\"ImageObject\",\"inLanguage\":\"es\",\"@id\":\"https:\\\/\\\/eibarkultura.eus\\\/es\\\/#\\\/schema\\\/logo\\\/image\\\/\",\"url\":\"https:\\\/\\\/eibarkultura.eus\\\/wp-content\\\/uploads\\\/2023\\\/11\\\/Eibar-Kultura_Logo.png\",\"contentUrl\":\"https:\\\/\\\/eibarkultura.eus\\\/wp-content\\\/uploads\\\/2023\\\/11\\\/Eibar-Kultura_Logo.png\",\"width\":1169,\"height\":245,\"caption\":\"Eibarko Kultura\"},\"image\":{\"@id\":\"https:\\\/\\\/eibarkultura.eus\\\/es\\\/#\\\/schema\\\/logo\\\/image\\\/\"}}]}<\/script>\n<!-- \/ Yoast SEO plugin. -->","yoast_head_json":{"title":"Ardatzak - Zirkozaurre | Eibar Kultura","description":"Ardatzak, espect\u00e1culo de circo de Zirkozaurre, el 14 de noviembre en el Coliseo de Eibar. Una propuesta que combina circo, m\u00fasica y arte.","robots":{"index":"index","follow":"follow","max-snippet":"max-snippet:-1","max-image-preview":"max-image-preview:large","max-video-preview":"max-video-preview:-1"},"canonical":"https:\/\/eibarkultura.eus\/es\/eventos\/ardatzak\/","og_locale":"es_ES","og_type":"article","og_title":"Ardatzak - Zirkozaurre | Eibar Kultura","og_description":"Ardatzak, espect\u00e1culo de circo de Zirkozaurre, el 14 de noviembre en el Coliseo de Eibar. Una propuesta que combina circo, m\u00fasica y arte.","og_url":"https:\/\/eibarkultura.eus\/es\/eventos\/ardatzak\/","og_site_name":"Eibarko Kultur Gida","article_modified_time":"2026-09-03T10:25:44+00:00","og_image":[{"width":1024,"height":676,"url":"https:\/\/eibarkultura.eus\/wp-content\/uploads\/2026\/07\/Ardatzak-1024x676.jpg","type":"image\/jpeg"}],"twitter_card":"summary_large_image","twitter_misc":{"Tiempo de lectura":"1 minuto"},"schema":{"@context":"https:\/\/schema.org","@graph":[{"@type":"WebPage","@id":"https:\/\/eibarkultura.eus\/es\/eventos\/ardatzak\/","url":"https:\/\/eibarkultura.eus\/es\/eventos\/ardatzak\/","name":"Ardatzak - Zirkozaurre | Eibar Kultura","isPartOf":{"@id":"https:\/\/eibarkultura.eus\/es\/#website"},"primaryImageOfPage":{"@id":"https:\/\/eibarkultura.eus\/es\/eventos\/ardatzak\/#primaryimage"},"image":{"@id":"https:\/\/eibarkultura.eus\/es\/eventos\/ardatzak\/#primaryimage"},"thumbnailUrl":"https:\/\/eibarkultura.eus\/wp-content\/uploads\/2026\/07\/Ardatzak-scaled.jpg","datePublished":"2026-09-03T10:22:02+00:00","dateModified":"2026-09-03T10:25:44+00:00","description":"Ardatzak, espect\u00e1culo de circo de Zirkozaurre, el 14 de noviembre en el Coliseo de Eibar. Una propuesta que combina circo, m\u00fasica y arte.","breadcrumb":{"@id":"https:\/\/eibarkultura.eus\/es\/eventos\/ardatzak\/#breadcrumb"},"inLanguage":"es","potentialAction":[{"@type":"ReadAction","target":["https:\/\/eibarkultura.eus\/es\/eventos\/ardatzak\/"]}]},{"@type":"ImageObject","inLanguage":"es","@id":"https:\/\/eibarkultura.eus\/es\/eventos\/ardatzak\/#primaryimage","url":"https:\/\/eibarkultura.eus\/wp-content\/uploads\/2026\/07\/Ardatzak-scaled.jpg","contentUrl":"https:\/\/eibarkultura.eus\/wp-content\/uploads\/2026\/07\/Ardatzak-scaled.jpg","width":2560,"height":1690},{"@type":"BreadcrumbList","@id":"https:\/\/eibarkultura.eus\/es\/eventos\/ardatzak\/#breadcrumb","itemListElement":[{"@type":"ListItem","position":1,"name":"Hasiera","item":"https:\/\/eibarkultura.eus\/es\/"},{"@type":"ListItem","position":2,"name":"Eventos","item":"https:\/\/eibarkultura.eus\/es\/eventos\/"},{"@type":"ListItem","position":3,"name":"Ardatzak"}]},{"@type":"WebSite","@id":"https:\/\/eibarkultura.eus\/es\/#website","url":"https:\/\/eibarkultura.eus\/es\/","name":"Eibarko Kultura","description":"Bizi Kultura","publisher":{"@id":"https:\/\/eibarkultura.eus\/es\/#organization"},"potentialAction":[{"@type":"SearchAction","target":{"@type":"EntryPoint","urlTemplate":"https:\/\/eibarkultura.eus\/es\/?s={search_term_string}"},"query-input":{"@type":"PropertyValueSpecification","valueRequired":true,"valueName":"search_term_string"}}],"inLanguage":"es"},{"@type":"Organization","@id":"https:\/\/eibarkultura.eus\/es\/#organization","name":"Eibarko Kultura","url":"https:\/\/eibarkultura.eus\/es\/","logo":{"@type":"ImageObject","inLanguage":"es","@id":"https:\/\/eibarkultura.eus\/es\/#\/schema\/logo\/image\/","url":"https:\/\/eibarkultura.eus\/wp-content\/uploads\/2023\/11\/Eibar-Kultura_Logo.png","contentUrl":"https:\/\/eibarkultura.eus\/wp-content\/uploads\/2023\/11\/Eibar-Kultura_Logo.png","width":1169,"height":245,"caption":"Eibarko Kultura"},"image":{"@id":"https:\/\/eibarkultura.eus\/es\/#\/schema\/logo\/image\/"}}]}},"_links":{"self":[{"href":"https:\/\/eibarkultura.eus\/es\/wp-json\/wp\/v2\/mec-events\/14888","targetHints":{"allow":["GET"]}}],"collection":[{"href":"https:\/\/eibarkultura.eus\/es\/wp-json\/wp\/v2\/mec-events"}],"about":[{"href":"https:\/\/eibarkultura.eus\/es\/wp-json\/wp\/v2\/types\/mec-events"}],"author":[{"embeddable":true,"href":"https:\/\/eibarkultura.eus\/es\/wp-json\/wp\/v2\/users\/1"}],"replies":[{"embeddable":true,"href":"https:\/\/eibarkultura.eus\/es\/wp-json\/wp\/v2\/comments?post=14888"}],"wp:featuredmedia":[{"embeddable":true,"href":"https:\/\/eibarkultura.eus\/es\/wp-json\/wp\/v2\/media\/14886"}],"wp:attachment":[{"href":"https:\/\/eibarkultura.eus\/es\/wp-json\/wp\/v2\/media?parent=14888"}],"wp:term":[{"taxonomy":"post_tag","embeddable":true,"href":"https:\/\/eibarkultura.eus\/es\/wp-json\/wp\/v2\/tags?post=14888"},{"taxonomy":"mec_category","embeddable":true,"href":"https:\/\/eibarkultura.eus\/es\/wp-json\/wp\/v2\/mec_category?post=14888"}],"curies":[{"name":"wp","href":"https:\/\/api.w.org\/{rel}","templated":true}]}}

<p><strong>Zirkozaurre</strong></p>
<ul>
<li>Dirección: Jorge Silvestre “Silver”</li>
<li>Autoría: Creación colectiva bajo la dirección de Jorge Silvestre ‘Silver’</li>
<li>Intérpretes: Gorka Pereira, Imanol Suso</li>
</ul>
<p>Cinco seres provenientes de mundos diferentes forman un pelotón con una misión compartida: cruzar los límites del miedo y del imposible. En su camino, descubren un espacio olvidado, lo ocupan y lo transforman. Aquello que antes eran restos se convierte en apoyos y accesorios para el circo, la música y el arte. Todo se convierte en una gran circofonía, donde la belleza brota allá donde parecía no quedar nada.</p>
<p><iframe title="'Ardatzak' (Ejes), Cía. Zirkozaurre | Vídeo promocional de calle" src="https://www.youtube.com/embed/cKy5hPUhCAA" width="1337" height="752" frameborder="0" allowfullscreen="allowfullscreen"></iframe></p>

<p>Zirkozaurre Dirección: Jorge Silvestre “Silver” Autoría: Creación colectiva bajo la dirección de Jorge Silvestre ‘Silver’ Intérpretes: Gorka Pereira, Imanol Suso Cinco seres provenientes de mundos diferentes forman un pelotón con&hellip;</p>

<!-- This site is optimized with the Yoast SEO plugin v28.4 - https://yoast.com/product/yoast-seo-wordpress/ -->
<title>Ardatzak - Zirkozaurre | Eibar Kultura</title>
<meta name="description" content="Ardatzak, espectáculo de circo de Zirkozaurre, el 14 de noviembre en el Coliseo de Eibar. Una propuesta que combina circo, música y arte." />
<meta name="robots" content="index, follow, max-snippet:-1, max-image-preview:large, max-video-preview:-1" />
<link rel="canonical" href="https://eibarkultura.eus/es/eventos/ardatzak/" />
<meta property="og:locale" content="es_ES" />
<meta property="og:type" content="article" />
<meta property="og:title" content="Ardatzak - Zirkozaurre | Eibar Kultura" />
<meta property="og:description" content="Ardatzak, espectáculo de circo de Zirkozaurre, el 14 de noviembre en el Coliseo de Eibar. Una propuesta que combina circo, música y arte." />
<meta property="og:url" content="https://eibarkultura.eus/es/eventos/ardatzak/" />
<meta property="og:site_name" content="Eibarko Kultur Gida" />
<meta property="article:modified_time" content="2026-09-03T10:25:44+00:00" />
<meta property="og:image" content="https://eibarkultura.eus/wp-content/uploads/2026/07/Ardatzak-1024x676.jpg" />
	<meta property="og:image:width" content="1024" />
	<meta property="og:image:height" content="676" />
	<meta property="og:image:type" content="image/jpeg" />
<meta name="twitter:card" content="summary_large_image" />
<meta name="twitter:label1" content="Tiempo de lectura" />
	<meta name="twitter:data1" content="1 minuto" />
<script type="application/ld+json" class="yoast-schema-graph">{"@context":"https:\/\/schema.org","@graph":[{"@type":"WebPage","@id":"https:\/\/eibarkultura.eus\/es\/eventos\/ardatzak\/","url":"https:\/\/eibarkultura.eus\/es\/eventos\/ardatzak\/","name":"Ardatzak - Zirkozaurre | Eibar Kultura","isPartOf":{"@id":"https:\/\/eibarkultura.eus\/es\/#website"},"primaryImageOfPage":{"@id":"https:\/\/eibarkultura.eus\/es\/eventos\/ardatzak\/#primaryimage"},"image":{"@id":"https:\/\/eibarkultura.eus\/es\/eventos\/ardatzak\/#primaryimage"},"thumbnailUrl":"https:\/\/eibarkultura.eus\/wp-content\/uploads\/2026\/07\/Ardatzak-scaled.jpg","datePublished":"2026-09-03T10:22:02+00:00","dateModified":"2026-09-03T10:25:44+00:00","description":"Ardatzak, espectáculo de circo de Zirkozaurre, el 14 de noviembre en el Coliseo de Eibar. Una propuesta que combina circo, música y arte.","breadcrumb":{"@id":"https:\/\/eibarkultura.eus\/es\/eventos\/ardatzak\/#breadcrumb"},"inLanguage":"es","potentialAction":[{"@type":"ReadAction","target":["https:\/\/eibarkultura.eus\/es\/eventos\/ardatzak\/"]}]},{"@type":"ImageObject","inLanguage":"es","@id":"https:\/\/eibarkultura.eus\/es\/eventos\/ardatzak\/#primaryimage","url":"https:\/\/eibarkultura.eus\/wp-content\/uploads\/2026\/07\/Ardatzak-scaled.jpg","contentUrl":"https:\/\/eibarkultura.eus\/wp-content\/uploads\/2026\/07\/Ardatzak-scaled.jpg","width":2560,"height":1690},{"@type":"BreadcrumbList","@id":"https:\/\/eibarkultura.eus\/es\/eventos\/ardatzak\/#breadcrumb","itemListElement":[{"@type":"ListItem","position":1,"name":"Hasiera","item":"https:\/\/eibarkultura.eus\/es\/"},{"@type":"ListItem","position":2,"name":"Eventos","item":"https:\/\/eibarkultura.eus\/es\/eventos\/"},{"@type":"ListItem","position":3,"name":"Ardatzak"}]},{"@type":"WebSite","@id":"https:\/\/eibarkultura.eus\/es\/#website","url":"https:\/\/eibarkultura.eus\/es\/","name":"Eibarko Kultura","description":"Bizi Kultura","publisher":{"@id":"https:\/\/eibarkultura.eus\/es\/#organization"},"potentialAction":[{"@type":"SearchAction","target":{"@type":"EntryPoint","urlTemplate":"https:\/\/eibarkultura.eus\/es\/?s={search_term_string}"},"query-input":{"@type":"PropertyValueSpecification","valueRequired":true,"valueName":"search_term_string"}}],"inLanguage":"es"},{"@type":"Organization","@id":"https:\/\/eibarkultura.eus\/es\/#organization","name":"Eibarko Kultura","url":"https:\/\/eibarkultura.eus\/es\/","logo":{"@type":"ImageObject","inLanguage":"es","@id":"https:\/\/eibarkultura.eus\/es\/#\/schema\/logo\/image\/","url":"https:\/\/eibarkultura.eus\/wp-content\/uploads\/2023\/11\/Eibar-Kultura_Logo.png","contentUrl":"https:\/\/eibarkultura.eus\/wp-content\/uploads\/2023\/11\/Eibar-Kultura_Logo.png","width":1169,"height":245,"caption":"Eibarko Kultura"},"image":{"@id":"https:\/\/eibarkultura.eus\/es\/#\/schema\/logo\/image\/"}}]}</script>
<!-- / Yoast SEO plugin. -->

Ardatzak, espectáculo de circo de Zirkozaurre, el 14 de noviembre en el Coliseo de Eibar. Una propuesta que combina circo, música y arte.
