{"id":14840,"date":"2026-08-31T09:25:06","date_gmt":"2026-08-31T07:25:06","guid":{"rendered":"https:\/\/eibarkultura.eus\/?post_type=mec-events&#038;p=14840"},"modified":"2026-08-31T09:25:06","modified_gmt":"2026-08-31T07:25:06","slug":"un-plan-perfecto","status":"publish","type":"mec-events","link":"https:\/\/eibarkultura.eus\/es\/eventos\/un-plan-perfecto\/","title":{"rendered":"Un plan perfecto"},"content":{"rendered":"<p><strong>Comedia | ES<\/strong><\/p>\n<p>Es Navidad. Los Ib\u00e1\u00f1ez son un fracaso como familia. Est\u00e1n arruinados, sin ilusi\u00f3n por la vida y su convivencia familiar es un desastre. Cuando est\u00e1n a punto de ser desahuciados por el banco, descubren en el s\u00f3tano de su casa que alguien cav\u00f3 un t\u00fanel con la idea de robar el banco de enfrente. Con la ayuda de Rufus, un veterano ladr\u00f3n retirado, la familia decide completar el t\u00fanel y dar el golpe de sus vidas. Sin embargo, convivir y trabajar en equipo resultar\u00e1 mucho m\u00e1s complicado que cavar los \u00faltimos metros del t\u00fanel. Entre conflictos familiares, situaciones disparatadas y un atraco en el que todo parece salir mal, descubrir\u00e1n que al final de ese t\u00fanel les espera algo mucho m\u00e1s importante que un bot\u00edn millonario.<\/p>\n","protected":false},"excerpt":{"rendered":"<p>Comedia | ES Es Navidad. Los Ib\u00e1\u00f1ez son un fracaso como familia. Est\u00e1n arruinados, sin ilusi\u00f3n por la vida y su convivencia familiar es un desastre. Cuando est\u00e1n a punto&hellip;<\/p>\n","protected":false},"author":1,"featured_media":14841,"comment_status":"closed","ping_status":"closed","template":"","tags":[],"mec_category":[58],"class_list":["post-14840","mec-events","type-mec-events","status-publish","has-post-thumbnail","hentry","mec_category-cine-coliseo"],"yoast_head":"<!-- This site is optimized with the Yoast SEO plugin v28.3 - https:\/\/yoast.com\/product\/yoast-seo-wordpress\/ -->\n<title>Un plan perfecto | Eibar Kultura<\/title>\n<meta name=\"description\" content=\"Es Navidad. Los Ib\u00e1\u00f1ez son un fracaso como familia. Est\u00e1n arruinados, sin ilusi\u00f3n por la vida y su convivencia familiar es un desastre.\" \/>\n<meta name=\"robots\" content=\"index, follow, max-snippet:-1, max-image-preview:large, max-video-preview:-1\" \/>\n<link rel=\"canonical\" href=\"https:\/\/eibarkultura.eus\/es\/eventos\/un-plan-perfecto\/\" \/>\n<meta property=\"og:locale\" content=\"es_ES\" \/>\n<meta property=\"og:type\" content=\"article\" \/>\n<meta property=\"og:title\" content=\"Un plan perfecto | Eibar Kultura\" \/>\n<meta property=\"og:description\" content=\"Es Navidad. Los Ib\u00e1\u00f1ez son un fracaso como familia. Est\u00e1n arruinados, sin ilusi\u00f3n por la vida y su convivencia familiar es un desastre.\" \/>\n<meta property=\"og:url\" content=\"https:\/\/eibarkultura.eus\/es\/eventos\/un-plan-perfecto\/\" \/>\n<meta property=\"og:site_name\" content=\"Eibarko Kultur Gida\" \/>\n<meta property=\"og:image\" content=\"https:\/\/eibarkultura.eus\/wp-content\/uploads\/2026\/07\/un-plan-perfectoc.jpg\" \/>\n\t<meta property=\"og:image:width\" content=\"2000\" \/>\n\t<meta property=\"og:image:height\" content=\"1333\" \/>\n\t<meta property=\"og:image:type\" content=\"image\/jpeg\" \/>\n<meta name=\"twitter:card\" content=\"summary_large_image\" \/>\n<meta name=\"twitter:label1\" content=\"Tiempo de lectura\" \/>\n\t<meta name=\"twitter:data1\" content=\"1 minuto\" \/>\n<script type=\"application\/ld+json\" class=\"yoast-schema-graph\">{\"@context\":\"https:\\\/\\\/schema.org\",\"@graph\":[{\"@type\":\"WebPage\",\"@id\":\"https:\\\/\\\/eibarkultura.eus\\\/es\\\/eventos\\\/un-plan-perfecto\\\/\",\"url\":\"https:\\\/\\\/eibarkultura.eus\\\/es\\\/eventos\\\/un-plan-perfecto\\\/\",\"name\":\"Un plan perfecto | Eibar Kultura\",\"isPartOf\":{\"@id\":\"https:\\\/\\\/eibarkultura.eus\\\/es\\\/#website\"},\"primaryImageOfPage\":{\"@id\":\"https:\\\/\\\/eibarkultura.eus\\\/es\\\/eventos\\\/un-plan-perfecto\\\/#primaryimage\"},\"image\":{\"@id\":\"https:\\\/\\\/eibarkultura.eus\\\/es\\\/eventos\\\/un-plan-perfecto\\\/#primaryimage\"},\"thumbnailUrl\":\"https:\\\/\\\/eibarkultura.eus\\\/wp-content\\\/uploads\\\/2026\\\/07\\\/un-plan-perfectoc.jpg\",\"datePublished\":\"2026-08-31T07:25:06+00:00\",\"description\":\"Es Navidad. Los Ib\u00e1\u00f1ez son un fracaso como familia. Est\u00e1n arruinados, sin ilusi\u00f3n por la vida y su convivencia familiar es un desastre.\",\"breadcrumb\":{\"@id\":\"https:\\\/\\\/eibarkultura.eus\\\/es\\\/eventos\\\/un-plan-perfecto\\\/#breadcrumb\"},\"inLanguage\":\"es\",\"potentialAction\":[{\"@type\":\"ReadAction\",\"target\":[\"https:\\\/\\\/eibarkultura.eus\\\/es\\\/eventos\\\/un-plan-perfecto\\\/\"]}]},{\"@type\":\"ImageObject\",\"inLanguage\":\"es\",\"@id\":\"https:\\\/\\\/eibarkultura.eus\\\/es\\\/eventos\\\/un-plan-perfecto\\\/#primaryimage\",\"url\":\"https:\\\/\\\/eibarkultura.eus\\\/wp-content\\\/uploads\\\/2026\\\/07\\\/un-plan-perfectoc.jpg\",\"contentUrl\":\"https:\\\/\\\/eibarkultura.eus\\\/wp-content\\\/uploads\\\/2026\\\/07\\\/un-plan-perfectoc.jpg\",\"width\":2000,\"height\":1333},{\"@type\":\"BreadcrumbList\",\"@id\":\"https:\\\/\\\/eibarkultura.eus\\\/es\\\/eventos\\\/un-plan-perfecto\\\/#breadcrumb\",\"itemListElement\":[{\"@type\":\"ListItem\",\"position\":1,\"name\":\"Hasiera\",\"item\":\"https:\\\/\\\/eibarkultura.eus\\\/es\\\/\"},{\"@type\":\"ListItem\",\"position\":2,\"name\":\"Eventos\",\"item\":\"https:\\\/\\\/eibarkultura.eus\\\/es\\\/eventos\\\/\"},{\"@type\":\"ListItem\",\"position\":3,\"name\":\"Un plan perfecto\"}]},{\"@type\":\"WebSite\",\"@id\":\"https:\\\/\\\/eibarkultura.eus\\\/es\\\/#website\",\"url\":\"https:\\\/\\\/eibarkultura.eus\\\/es\\\/\",\"name\":\"Eibarko Kultura\",\"description\":\"Bizi Kultura\",\"publisher\":{\"@id\":\"https:\\\/\\\/eibarkultura.eus\\\/es\\\/#organization\"},\"potentialAction\":[{\"@type\":\"SearchAction\",\"target\":{\"@type\":\"EntryPoint\",\"urlTemplate\":\"https:\\\/\\\/eibarkultura.eus\\\/es\\\/?s={search_term_string}\"},\"query-input\":{\"@type\":\"PropertyValueSpecification\",\"valueRequired\":true,\"valueName\":\"search_term_string\"}}],\"inLanguage\":\"es\"},{\"@type\":\"Organization\",\"@id\":\"https:\\\/\\\/eibarkultura.eus\\\/es\\\/#organization\",\"name\":\"Eibarko Kultura\",\"url\":\"https:\\\/\\\/eibarkultura.eus\\\/es\\\/\",\"logo\":{\"@type\":\"ImageObject\",\"inLanguage\":\"es\",\"@id\":\"https:\\\/\\\/eibarkultura.eus\\\/es\\\/#\\\/schema\\\/logo\\\/image\\\/\",\"url\":\"https:\\\/\\\/eibarkultura.eus\\\/wp-content\\\/uploads\\\/2023\\\/11\\\/Eibar-Kultura_Logo.png\",\"contentUrl\":\"https:\\\/\\\/eibarkultura.eus\\\/wp-content\\\/uploads\\\/2023\\\/11\\\/Eibar-Kultura_Logo.png\",\"width\":1169,\"height\":245,\"caption\":\"Eibarko Kultura\"},\"image\":{\"@id\":\"https:\\\/\\\/eibarkultura.eus\\\/es\\\/#\\\/schema\\\/logo\\\/image\\\/\"}}]}<\/script>\n<!-- \/ Yoast SEO plugin. -->","yoast_head_json":{"title":"Un plan perfecto | Eibar Kultura","description":"Es Navidad. Los Ib\u00e1\u00f1ez son un fracaso como familia. Est\u00e1n arruinados, sin ilusi\u00f3n por la vida y su convivencia familiar es un desastre.","robots":{"index":"index","follow":"follow","max-snippet":"max-snippet:-1","max-image-preview":"max-image-preview:large","max-video-preview":"max-video-preview:-1"},"canonical":"https:\/\/eibarkultura.eus\/es\/eventos\/un-plan-perfecto\/","og_locale":"es_ES","og_type":"article","og_title":"Un plan perfecto | Eibar Kultura","og_description":"Es Navidad. Los Ib\u00e1\u00f1ez son un fracaso como familia. Est\u00e1n arruinados, sin ilusi\u00f3n por la vida y su convivencia familiar es un desastre.","og_url":"https:\/\/eibarkultura.eus\/es\/eventos\/un-plan-perfecto\/","og_site_name":"Eibarko Kultur Gida","og_image":[{"width":2000,"height":1333,"url":"https:\/\/eibarkultura.eus\/wp-content\/uploads\/2026\/07\/un-plan-perfectoc.jpg","type":"image\/jpeg"}],"twitter_card":"summary_large_image","twitter_misc":{"Tiempo de lectura":"1 minuto"},"schema":{"@context":"https:\/\/schema.org","@graph":[{"@type":"WebPage","@id":"https:\/\/eibarkultura.eus\/es\/eventos\/un-plan-perfecto\/","url":"https:\/\/eibarkultura.eus\/es\/eventos\/un-plan-perfecto\/","name":"Un plan perfecto | Eibar Kultura","isPartOf":{"@id":"https:\/\/eibarkultura.eus\/es\/#website"},"primaryImageOfPage":{"@id":"https:\/\/eibarkultura.eus\/es\/eventos\/un-plan-perfecto\/#primaryimage"},"image":{"@id":"https:\/\/eibarkultura.eus\/es\/eventos\/un-plan-perfecto\/#primaryimage"},"thumbnailUrl":"https:\/\/eibarkultura.eus\/wp-content\/uploads\/2026\/07\/un-plan-perfectoc.jpg","datePublished":"2026-08-31T07:25:06+00:00","description":"Es Navidad. Los Ib\u00e1\u00f1ez son un fracaso como familia. Est\u00e1n arruinados, sin ilusi\u00f3n por la vida y su convivencia familiar es un desastre.","breadcrumb":{"@id":"https:\/\/eibarkultura.eus\/es\/eventos\/un-plan-perfecto\/#breadcrumb"},"inLanguage":"es","potentialAction":[{"@type":"ReadAction","target":["https:\/\/eibarkultura.eus\/es\/eventos\/un-plan-perfecto\/"]}]},{"@type":"ImageObject","inLanguage":"es","@id":"https:\/\/eibarkultura.eus\/es\/eventos\/un-plan-perfecto\/#primaryimage","url":"https:\/\/eibarkultura.eus\/wp-content\/uploads\/2026\/07\/un-plan-perfectoc.jpg","contentUrl":"https:\/\/eibarkultura.eus\/wp-content\/uploads\/2026\/07\/un-plan-perfectoc.jpg","width":2000,"height":1333},{"@type":"BreadcrumbList","@id":"https:\/\/eibarkultura.eus\/es\/eventos\/un-plan-perfecto\/#breadcrumb","itemListElement":[{"@type":"ListItem","position":1,"name":"Hasiera","item":"https:\/\/eibarkultura.eus\/es\/"},{"@type":"ListItem","position":2,"name":"Eventos","item":"https:\/\/eibarkultura.eus\/es\/eventos\/"},{"@type":"ListItem","position":3,"name":"Un plan perfecto"}]},{"@type":"WebSite","@id":"https:\/\/eibarkultura.eus\/es\/#website","url":"https:\/\/eibarkultura.eus\/es\/","name":"Eibarko Kultura","description":"Bizi Kultura","publisher":{"@id":"https:\/\/eibarkultura.eus\/es\/#organization"},"potentialAction":[{"@type":"SearchAction","target":{"@type":"EntryPoint","urlTemplate":"https:\/\/eibarkultura.eus\/es\/?s={search_term_string}"},"query-input":{"@type":"PropertyValueSpecification","valueRequired":true,"valueName":"search_term_string"}}],"inLanguage":"es"},{"@type":"Organization","@id":"https:\/\/eibarkultura.eus\/es\/#organization","name":"Eibarko Kultura","url":"https:\/\/eibarkultura.eus\/es\/","logo":{"@type":"ImageObject","inLanguage":"es","@id":"https:\/\/eibarkultura.eus\/es\/#\/schema\/logo\/image\/","url":"https:\/\/eibarkultura.eus\/wp-content\/uploads\/2023\/11\/Eibar-Kultura_Logo.png","contentUrl":"https:\/\/eibarkultura.eus\/wp-content\/uploads\/2023\/11\/Eibar-Kultura_Logo.png","width":1169,"height":245,"caption":"Eibarko Kultura"},"image":{"@id":"https:\/\/eibarkultura.eus\/es\/#\/schema\/logo\/image\/"}}]}},"_links":{"self":[{"href":"https:\/\/eibarkultura.eus\/es\/wp-json\/wp\/v2\/mec-events\/14840","targetHints":{"allow":["GET"]}}],"collection":[{"href":"https:\/\/eibarkultura.eus\/es\/wp-json\/wp\/v2\/mec-events"}],"about":[{"href":"https:\/\/eibarkultura.eus\/es\/wp-json\/wp\/v2\/types\/mec-events"}],"author":[{"embeddable":true,"href":"https:\/\/eibarkultura.eus\/es\/wp-json\/wp\/v2\/users\/1"}],"replies":[{"embeddable":true,"href":"https:\/\/eibarkultura.eus\/es\/wp-json\/wp\/v2\/comments?post=14840"}],"wp:featuredmedia":[{"embeddable":true,"href":"https:\/\/eibarkultura.eus\/es\/wp-json\/wp\/v2\/media\/14841"}],"wp:attachment":[{"href":"https:\/\/eibarkultura.eus\/es\/wp-json\/wp\/v2\/media?parent=14840"}],"wp:term":[{"taxonomy":"post_tag","embeddable":true,"href":"https:\/\/eibarkultura.eus\/es\/wp-json\/wp\/v2\/tags?post=14840"},{"taxonomy":"mec_category","embeddable":true,"href":"https:\/\/eibarkultura.eus\/es\/wp-json\/wp\/v2\/mec_category?post=14840"}],"curies":[{"name":"wp","href":"https:\/\/api.w.org\/{rel}","templated":true}]}}

<p><strong>Comedia | ES</strong></p>
<p>Es Navidad. Los Ibáñez son un fracaso como familia. Están arruinados, sin ilusión por la vida y su convivencia familiar es un desastre. Cuando están a punto de ser desahuciados por el banco, descubren en el sótano de su casa que alguien cavó un túnel con la idea de robar el banco de enfrente. Con la ayuda de Rufus, un veterano ladrón retirado, la familia decide completar el túnel y dar el golpe de sus vidas. Sin embargo, convivir y trabajar en equipo resultará mucho más complicado que cavar los últimos metros del túnel. Entre conflictos familiares, situaciones disparatadas y un atraco en el que todo parece salir mal, descubrirán que al final de ese túnel les espera algo mucho más importante que un botín millonario.</p>

<p>Comedia | ES Es Navidad. Los Ibáñez son un fracaso como familia. Están arruinados, sin ilusión por la vida y su convivencia familiar es un desastre. Cuando están a punto&hellip;</p>

<!-- This site is optimized with the Yoast SEO plugin v28.3 - https://yoast.com/product/yoast-seo-wordpress/ -->
<title>Un plan perfecto | Eibar Kultura</title>
<meta name="description" content="Es Navidad. Los Ibáñez son un fracaso como familia. Están arruinados, sin ilusión por la vida y su convivencia familiar es un desastre." />
<meta name="robots" content="index, follow, max-snippet:-1, max-image-preview:large, max-video-preview:-1" />
<link rel="canonical" href="https://eibarkultura.eus/es/eventos/un-plan-perfecto/" />
<meta property="og:locale" content="es_ES" />
<meta property="og:type" content="article" />
<meta property="og:title" content="Un plan perfecto | Eibar Kultura" />
<meta property="og:description" content="Es Navidad. Los Ibáñez son un fracaso como familia. Están arruinados, sin ilusión por la vida y su convivencia familiar es un desastre." />
<meta property="og:url" content="https://eibarkultura.eus/es/eventos/un-plan-perfecto/" />
<meta property="og:site_name" content="Eibarko Kultur Gida" />
<meta property="og:image" content="https://eibarkultura.eus/wp-content/uploads/2026/07/un-plan-perfectoc.jpg" />
	<meta property="og:image:width" content="2000" />
	<meta property="og:image:height" content="1333" />
	<meta property="og:image:type" content="image/jpeg" />
<meta name="twitter:card" content="summary_large_image" />
<meta name="twitter:label1" content="Tiempo de lectura" />
	<meta name="twitter:data1" content="1 minuto" />
<script type="application/ld+json" class="yoast-schema-graph">{"@context":"https:\/\/schema.org","@graph":[{"@type":"WebPage","@id":"https:\/\/eibarkultura.eus\/es\/eventos\/un-plan-perfecto\/","url":"https:\/\/eibarkultura.eus\/es\/eventos\/un-plan-perfecto\/","name":"Un plan perfecto | Eibar Kultura","isPartOf":{"@id":"https:\/\/eibarkultura.eus\/es\/#website"},"primaryImageOfPage":{"@id":"https:\/\/eibarkultura.eus\/es\/eventos\/un-plan-perfecto\/#primaryimage"},"image":{"@id":"https:\/\/eibarkultura.eus\/es\/eventos\/un-plan-perfecto\/#primaryimage"},"thumbnailUrl":"https:\/\/eibarkultura.eus\/wp-content\/uploads\/2026\/07\/un-plan-perfectoc.jpg","datePublished":"2026-08-31T07:25:06+00:00","description":"Es Navidad. Los Ibáñez son un fracaso como familia. Están arruinados, sin ilusión por la vida y su convivencia familiar es un desastre.","breadcrumb":{"@id":"https:\/\/eibarkultura.eus\/es\/eventos\/un-plan-perfecto\/#breadcrumb"},"inLanguage":"es","potentialAction":[{"@type":"ReadAction","target":["https:\/\/eibarkultura.eus\/es\/eventos\/un-plan-perfecto\/"]}]},{"@type":"ImageObject","inLanguage":"es","@id":"https:\/\/eibarkultura.eus\/es\/eventos\/un-plan-perfecto\/#primaryimage","url":"https:\/\/eibarkultura.eus\/wp-content\/uploads\/2026\/07\/un-plan-perfectoc.jpg","contentUrl":"https:\/\/eibarkultura.eus\/wp-content\/uploads\/2026\/07\/un-plan-perfectoc.jpg","width":2000,"height":1333},{"@type":"BreadcrumbList","@id":"https:\/\/eibarkultura.eus\/es\/eventos\/un-plan-perfecto\/#breadcrumb","itemListElement":[{"@type":"ListItem","position":1,"name":"Hasiera","item":"https:\/\/eibarkultura.eus\/es\/"},{"@type":"ListItem","position":2,"name":"Eventos","item":"https:\/\/eibarkultura.eus\/es\/eventos\/"},{"@type":"ListItem","position":3,"name":"Un plan perfecto"}]},{"@type":"WebSite","@id":"https:\/\/eibarkultura.eus\/es\/#website","url":"https:\/\/eibarkultura.eus\/es\/","name":"Eibarko Kultura","description":"Bizi Kultura","publisher":{"@id":"https:\/\/eibarkultura.eus\/es\/#organization"},"potentialAction":[{"@type":"SearchAction","target":{"@type":"EntryPoint","urlTemplate":"https:\/\/eibarkultura.eus\/es\/?s={search_term_string}"},"query-input":{"@type":"PropertyValueSpecification","valueRequired":true,"valueName":"search_term_string"}}],"inLanguage":"es"},{"@type":"Organization","@id":"https:\/\/eibarkultura.eus\/es\/#organization","name":"Eibarko Kultura","url":"https:\/\/eibarkultura.eus\/es\/","logo":{"@type":"ImageObject","inLanguage":"es","@id":"https:\/\/eibarkultura.eus\/es\/#\/schema\/logo\/image\/","url":"https:\/\/eibarkultura.eus\/wp-content\/uploads\/2023\/11\/Eibar-Kultura_Logo.png","contentUrl":"https:\/\/eibarkultura.eus\/wp-content\/uploads\/2023\/11\/Eibar-Kultura_Logo.png","width":1169,"height":245,"caption":"Eibarko Kultura"},"image":{"@id":"https:\/\/eibarkultura.eus\/es\/#\/schema\/logo\/image\/"}}]}</script>
<!-- / Yoast SEO plugin. -->

Es Navidad. Los Ibáñez son un fracaso como familia. Están arruinados, sin ilusión por la vida y su convivencia familiar es un desastre.
