{"id":14818,"date":"2026-08-31T09:33:07","date_gmt":"2026-08-31T07:33:07","guid":{"rendered":"https:\/\/eibarkultura.eus\/?post_type=mec-events&#038;p=14818"},"modified":"2026-08-31T09:33:07","modified_gmt":"2026-08-31T07:33:07","slug":"la-patrulla-canina-la-dino-pelicula","status":"publish","type":"mec-events","link":"https:\/\/eibarkultura.eus\/es\/eventos\/la-patrulla-canina-la-dino-pelicula\/","title":{"rendered":"La patrulla canina: la dino pel\u00edcula"},"content":{"rendered":"<p><strong>Animaci\u00f3n | USA<\/strong><\/p>\n<p>Despu\u00e9s de que su barco quede atrapado en una misteriosa tormenta, los cachorros de la Patrulla Canina naufragan en una isla tropical inexplorada repleta de dinosaurios. All\u00ed conocen a Rex, un cachorro que lleva a\u00f1os varado en la isla y que se ha convertido en un aut\u00e9ntico experto en todo lo relacionado con los dinos. Cuando el archienemigo de la Patrulla Canina, el alcalde Humdinger, comienza a explotar la isla de forma imprudente con la intenci\u00f3n de aprovechar sus recursos naturales, provoca accidentalmente la erupci\u00f3n de un enorme volc\u00e1n inactivo. Los cachorros de la Patrulla Canina se enfrentan a sus rescates m\u00e1s importantes hasta ahora y deben detener a Humdinger antes de que la isla desaparezca.<\/p>\n<p><iframe title=\"La Patrulla Canina - La Dino Pel\u00edcula | Tr\u00e1iler Oficial | Paramount Pictures Spain\" src=\"https:\/\/www.youtube.com\/embed\/l08qv9mM4fQ\" width=\"1905\" height=\"742\" frameborder=\"0\" allowfullscreen=\"allowfullscreen\"><\/iframe><\/p>\n","protected":false},"excerpt":{"rendered":"<p>Animaci\u00f3n | USA Despu\u00e9s de que su barco quede atrapado en una misteriosa tormenta, los cachorros de la Patrulla Canina naufragan en una isla tropical inexplorada repleta de dinosaurios. All\u00ed&hellip;<\/p>\n","protected":false},"author":1,"featured_media":14819,"comment_status":"closed","ping_status":"closed","template":"","tags":[],"mec_category":[58],"class_list":["post-14818","mec-events","type-mec-events","status-publish","has-post-thumbnail","hentry","mec_category-cine-coliseo"],"yoast_head":"<!-- This site is optimized with the Yoast SEO plugin v28.3 - https:\/\/yoast.com\/product\/yoast-seo-wordpress\/ -->\n<title>La patrulla canina: la dino pel\u00edcula | Eibar Kultura<\/title>\n<meta name=\"description\" content=\"Despu\u00e9s de que su barco quede atrapado en una misteriosa tormenta, los cachorros de la Patrulla Canina naufragan en una isla tropical inexplorada.\" \/>\n<meta name=\"robots\" content=\"index, follow, max-snippet:-1, max-image-preview:large, max-video-preview:-1\" \/>\n<link rel=\"canonical\" href=\"https:\/\/eibarkultura.eus\/es\/eventos\/la-patrulla-canina-la-dino-pelicula\/\" \/>\n<meta property=\"og:locale\" content=\"es_ES\" \/>\n<meta property=\"og:type\" content=\"article\" \/>\n<meta property=\"og:title\" content=\"La patrulla canina: la dino pel\u00edcula | Eibar Kultura\" \/>\n<meta property=\"og:description\" content=\"Despu\u00e9s de que su barco quede atrapado en una misteriosa tormenta, los cachorros de la Patrulla Canina naufragan en una isla tropical inexplorada.\" \/>\n<meta property=\"og:url\" content=\"https:\/\/eibarkultura.eus\/es\/eventos\/la-patrulla-canina-la-dino-pelicula\/\" \/>\n<meta property=\"og:site_name\" content=\"Eibarko Kultur Gida\" \/>\n<meta property=\"og:image\" content=\"https:\/\/eibarkultura.eus\/wp-content\/uploads\/2026\/07\/la-patrulla-canina.jpg\" \/>\n\t<meta property=\"og:image:width\" content=\"2000\" \/>\n\t<meta property=\"og:image:height\" content=\"1333\" \/>\n\t<meta property=\"og:image:type\" content=\"image\/jpeg\" \/>\n<meta name=\"twitter:card\" content=\"summary_large_image\" \/>\n<meta name=\"twitter:label1\" content=\"Tiempo de lectura\" \/>\n\t<meta name=\"twitter:data1\" content=\"1 minuto\" \/>\n<script type=\"application\/ld+json\" class=\"yoast-schema-graph\">{\"@context\":\"https:\\\/\\\/schema.org\",\"@graph\":[{\"@type\":\"WebPage\",\"@id\":\"https:\\\/\\\/eibarkultura.eus\\\/es\\\/eventos\\\/la-patrulla-canina-la-dino-pelicula\\\/\",\"url\":\"https:\\\/\\\/eibarkultura.eus\\\/es\\\/eventos\\\/la-patrulla-canina-la-dino-pelicula\\\/\",\"name\":\"La patrulla canina: la dino pel\u00edcula | Eibar Kultura\",\"isPartOf\":{\"@id\":\"https:\\\/\\\/eibarkultura.eus\\\/es\\\/#website\"},\"primaryImageOfPage\":{\"@id\":\"https:\\\/\\\/eibarkultura.eus\\\/es\\\/eventos\\\/la-patrulla-canina-la-dino-pelicula\\\/#primaryimage\"},\"image\":{\"@id\":\"https:\\\/\\\/eibarkultura.eus\\\/es\\\/eventos\\\/la-patrulla-canina-la-dino-pelicula\\\/#primaryimage\"},\"thumbnailUrl\":\"https:\\\/\\\/eibarkultura.eus\\\/wp-content\\\/uploads\\\/2026\\\/07\\\/la-patrulla-canina.jpg\",\"datePublished\":\"2026-08-31T07:33:07+00:00\",\"description\":\"Despu\u00e9s de que su barco quede atrapado en una misteriosa tormenta, los cachorros de la Patrulla Canina naufragan en una isla tropical inexplorada.\",\"breadcrumb\":{\"@id\":\"https:\\\/\\\/eibarkultura.eus\\\/es\\\/eventos\\\/la-patrulla-canina-la-dino-pelicula\\\/#breadcrumb\"},\"inLanguage\":\"es\",\"potentialAction\":[{\"@type\":\"ReadAction\",\"target\":[\"https:\\\/\\\/eibarkultura.eus\\\/es\\\/eventos\\\/la-patrulla-canina-la-dino-pelicula\\\/\"]}]},{\"@type\":\"ImageObject\",\"inLanguage\":\"es\",\"@id\":\"https:\\\/\\\/eibarkultura.eus\\\/es\\\/eventos\\\/la-patrulla-canina-la-dino-pelicula\\\/#primaryimage\",\"url\":\"https:\\\/\\\/eibarkultura.eus\\\/wp-content\\\/uploads\\\/2026\\\/07\\\/la-patrulla-canina.jpg\",\"contentUrl\":\"https:\\\/\\\/eibarkultura.eus\\\/wp-content\\\/uploads\\\/2026\\\/07\\\/la-patrulla-canina.jpg\",\"width\":2000,\"height\":1333},{\"@type\":\"BreadcrumbList\",\"@id\":\"https:\\\/\\\/eibarkultura.eus\\\/es\\\/eventos\\\/la-patrulla-canina-la-dino-pelicula\\\/#breadcrumb\",\"itemListElement\":[{\"@type\":\"ListItem\",\"position\":1,\"name\":\"Hasiera\",\"item\":\"https:\\\/\\\/eibarkultura.eus\\\/es\\\/\"},{\"@type\":\"ListItem\",\"position\":2,\"name\":\"Eventos\",\"item\":\"https:\\\/\\\/eibarkultura.eus\\\/es\\\/eventos\\\/\"},{\"@type\":\"ListItem\",\"position\":3,\"name\":\"La patrulla canina: la dino pel\u00edcula\"}]},{\"@type\":\"WebSite\",\"@id\":\"https:\\\/\\\/eibarkultura.eus\\\/es\\\/#website\",\"url\":\"https:\\\/\\\/eibarkultura.eus\\\/es\\\/\",\"name\":\"Eibarko Kultura\",\"description\":\"Bizi Kultura\",\"publisher\":{\"@id\":\"https:\\\/\\\/eibarkultura.eus\\\/es\\\/#organization\"},\"potentialAction\":[{\"@type\":\"SearchAction\",\"target\":{\"@type\":\"EntryPoint\",\"urlTemplate\":\"https:\\\/\\\/eibarkultura.eus\\\/es\\\/?s={search_term_string}\"},\"query-input\":{\"@type\":\"PropertyValueSpecification\",\"valueRequired\":true,\"valueName\":\"search_term_string\"}}],\"inLanguage\":\"es\"},{\"@type\":\"Organization\",\"@id\":\"https:\\\/\\\/eibarkultura.eus\\\/es\\\/#organization\",\"name\":\"Eibarko Kultura\",\"url\":\"https:\\\/\\\/eibarkultura.eus\\\/es\\\/\",\"logo\":{\"@type\":\"ImageObject\",\"inLanguage\":\"es\",\"@id\":\"https:\\\/\\\/eibarkultura.eus\\\/es\\\/#\\\/schema\\\/logo\\\/image\\\/\",\"url\":\"https:\\\/\\\/eibarkultura.eus\\\/wp-content\\\/uploads\\\/2023\\\/11\\\/Eibar-Kultura_Logo.png\",\"contentUrl\":\"https:\\\/\\\/eibarkultura.eus\\\/wp-content\\\/uploads\\\/2023\\\/11\\\/Eibar-Kultura_Logo.png\",\"width\":1169,\"height\":245,\"caption\":\"Eibarko Kultura\"},\"image\":{\"@id\":\"https:\\\/\\\/eibarkultura.eus\\\/es\\\/#\\\/schema\\\/logo\\\/image\\\/\"}}]}<\/script>\n<!-- \/ Yoast SEO plugin. -->","yoast_head_json":{"title":"La patrulla canina: la dino pel\u00edcula | Eibar Kultura","description":"Despu\u00e9s de que su barco quede atrapado en una misteriosa tormenta, los cachorros de la Patrulla Canina naufragan en una isla tropical inexplorada.","robots":{"index":"index","follow":"follow","max-snippet":"max-snippet:-1","max-image-preview":"max-image-preview:large","max-video-preview":"max-video-preview:-1"},"canonical":"https:\/\/eibarkultura.eus\/es\/eventos\/la-patrulla-canina-la-dino-pelicula\/","og_locale":"es_ES","og_type":"article","og_title":"La patrulla canina: la dino pel\u00edcula | Eibar Kultura","og_description":"Despu\u00e9s de que su barco quede atrapado en una misteriosa tormenta, los cachorros de la Patrulla Canina naufragan en una isla tropical inexplorada.","og_url":"https:\/\/eibarkultura.eus\/es\/eventos\/la-patrulla-canina-la-dino-pelicula\/","og_site_name":"Eibarko Kultur Gida","og_image":[{"width":2000,"height":1333,"url":"https:\/\/eibarkultura.eus\/wp-content\/uploads\/2026\/07\/la-patrulla-canina.jpg","type":"image\/jpeg"}],"twitter_card":"summary_large_image","twitter_misc":{"Tiempo de lectura":"1 minuto"},"schema":{"@context":"https:\/\/schema.org","@graph":[{"@type":"WebPage","@id":"https:\/\/eibarkultura.eus\/es\/eventos\/la-patrulla-canina-la-dino-pelicula\/","url":"https:\/\/eibarkultura.eus\/es\/eventos\/la-patrulla-canina-la-dino-pelicula\/","name":"La patrulla canina: la dino pel\u00edcula | Eibar Kultura","isPartOf":{"@id":"https:\/\/eibarkultura.eus\/es\/#website"},"primaryImageOfPage":{"@id":"https:\/\/eibarkultura.eus\/es\/eventos\/la-patrulla-canina-la-dino-pelicula\/#primaryimage"},"image":{"@id":"https:\/\/eibarkultura.eus\/es\/eventos\/la-patrulla-canina-la-dino-pelicula\/#primaryimage"},"thumbnailUrl":"https:\/\/eibarkultura.eus\/wp-content\/uploads\/2026\/07\/la-patrulla-canina.jpg","datePublished":"2026-08-31T07:33:07+00:00","description":"Despu\u00e9s de que su barco quede atrapado en una misteriosa tormenta, los cachorros de la Patrulla Canina naufragan en una isla tropical inexplorada.","breadcrumb":{"@id":"https:\/\/eibarkultura.eus\/es\/eventos\/la-patrulla-canina-la-dino-pelicula\/#breadcrumb"},"inLanguage":"es","potentialAction":[{"@type":"ReadAction","target":["https:\/\/eibarkultura.eus\/es\/eventos\/la-patrulla-canina-la-dino-pelicula\/"]}]},{"@type":"ImageObject","inLanguage":"es","@id":"https:\/\/eibarkultura.eus\/es\/eventos\/la-patrulla-canina-la-dino-pelicula\/#primaryimage","url":"https:\/\/eibarkultura.eus\/wp-content\/uploads\/2026\/07\/la-patrulla-canina.jpg","contentUrl":"https:\/\/eibarkultura.eus\/wp-content\/uploads\/2026\/07\/la-patrulla-canina.jpg","width":2000,"height":1333},{"@type":"BreadcrumbList","@id":"https:\/\/eibarkultura.eus\/es\/eventos\/la-patrulla-canina-la-dino-pelicula\/#breadcrumb","itemListElement":[{"@type":"ListItem","position":1,"name":"Hasiera","item":"https:\/\/eibarkultura.eus\/es\/"},{"@type":"ListItem","position":2,"name":"Eventos","item":"https:\/\/eibarkultura.eus\/es\/eventos\/"},{"@type":"ListItem","position":3,"name":"La patrulla canina: la dino pel\u00edcula"}]},{"@type":"WebSite","@id":"https:\/\/eibarkultura.eus\/es\/#website","url":"https:\/\/eibarkultura.eus\/es\/","name":"Eibarko Kultura","description":"Bizi Kultura","publisher":{"@id":"https:\/\/eibarkultura.eus\/es\/#organization"},"potentialAction":[{"@type":"SearchAction","target":{"@type":"EntryPoint","urlTemplate":"https:\/\/eibarkultura.eus\/es\/?s={search_term_string}"},"query-input":{"@type":"PropertyValueSpecification","valueRequired":true,"valueName":"search_term_string"}}],"inLanguage":"es"},{"@type":"Organization","@id":"https:\/\/eibarkultura.eus\/es\/#organization","name":"Eibarko Kultura","url":"https:\/\/eibarkultura.eus\/es\/","logo":{"@type":"ImageObject","inLanguage":"es","@id":"https:\/\/eibarkultura.eus\/es\/#\/schema\/logo\/image\/","url":"https:\/\/eibarkultura.eus\/wp-content\/uploads\/2023\/11\/Eibar-Kultura_Logo.png","contentUrl":"https:\/\/eibarkultura.eus\/wp-content\/uploads\/2023\/11\/Eibar-Kultura_Logo.png","width":1169,"height":245,"caption":"Eibarko Kultura"},"image":{"@id":"https:\/\/eibarkultura.eus\/es\/#\/schema\/logo\/image\/"}}]}},"_links":{"self":[{"href":"https:\/\/eibarkultura.eus\/es\/wp-json\/wp\/v2\/mec-events\/14818","targetHints":{"allow":["GET"]}}],"collection":[{"href":"https:\/\/eibarkultura.eus\/es\/wp-json\/wp\/v2\/mec-events"}],"about":[{"href":"https:\/\/eibarkultura.eus\/es\/wp-json\/wp\/v2\/types\/mec-events"}],"author":[{"embeddable":true,"href":"https:\/\/eibarkultura.eus\/es\/wp-json\/wp\/v2\/users\/1"}],"replies":[{"embeddable":true,"href":"https:\/\/eibarkultura.eus\/es\/wp-json\/wp\/v2\/comments?post=14818"}],"wp:featuredmedia":[{"embeddable":true,"href":"https:\/\/eibarkultura.eus\/es\/wp-json\/wp\/v2\/media\/14819"}],"wp:attachment":[{"href":"https:\/\/eibarkultura.eus\/es\/wp-json\/wp\/v2\/media?parent=14818"}],"wp:term":[{"taxonomy":"post_tag","embeddable":true,"href":"https:\/\/eibarkultura.eus\/es\/wp-json\/wp\/v2\/tags?post=14818"},{"taxonomy":"mec_category","embeddable":true,"href":"https:\/\/eibarkultura.eus\/es\/wp-json\/wp\/v2\/mec_category?post=14818"}],"curies":[{"name":"wp","href":"https:\/\/api.w.org\/{rel}","templated":true}]}}

La patrulla canina: la dino película

<p><strong>Animación | USA</strong></p>
<p>Después de que su barco quede atrapado en una misteriosa tormenta, los cachorros de la Patrulla Canina naufragan en una isla tropical inexplorada repleta de dinosaurios. Allí conocen a Rex, un cachorro que lleva años varado en la isla y que se ha convertido en un auténtico experto en todo lo relacionado con los dinos. Cuando el archienemigo de la Patrulla Canina, el alcalde Humdinger, comienza a explotar la isla de forma imprudente con la intención de aprovechar sus recursos naturales, provoca accidentalmente la erupción de un enorme volcán inactivo. Los cachorros de la Patrulla Canina se enfrentan a sus rescates más importantes hasta ahora y deben detener a Humdinger antes de que la isla desaparezca.</p>
<p><iframe title="La Patrulla Canina - La Dino Película | Tráiler Oficial | Paramount Pictures Spain" src="https://www.youtube.com/embed/l08qv9mM4fQ" width="1905" height="742" frameborder="0" allowfullscreen="allowfullscreen"></iframe></p>

<p>Animación | USA Después de que su barco quede atrapado en una misteriosa tormenta, los cachorros de la Patrulla Canina naufragan en una isla tropical inexplorada repleta de dinosaurios. Allí&hellip;</p>

<!-- This site is optimized with the Yoast SEO plugin v28.3 - https://yoast.com/product/yoast-seo-wordpress/ -->
<title>La patrulla canina: la dino película | Eibar Kultura</title>
<meta name="description" content="Después de que su barco quede atrapado en una misteriosa tormenta, los cachorros de la Patrulla Canina naufragan en una isla tropical inexplorada." />
<meta name="robots" content="index, follow, max-snippet:-1, max-image-preview:large, max-video-preview:-1" />
<link rel="canonical" href="https://eibarkultura.eus/es/eventos/la-patrulla-canina-la-dino-pelicula/" />
<meta property="og:locale" content="es_ES" />
<meta property="og:type" content="article" />
<meta property="og:title" content="La patrulla canina: la dino película | Eibar Kultura" />
<meta property="og:description" content="Después de que su barco quede atrapado en una misteriosa tormenta, los cachorros de la Patrulla Canina naufragan en una isla tropical inexplorada." />
<meta property="og:url" content="https://eibarkultura.eus/es/eventos/la-patrulla-canina-la-dino-pelicula/" />
<meta property="og:site_name" content="Eibarko Kultur Gida" />
<meta property="og:image" content="https://eibarkultura.eus/wp-content/uploads/2026/07/la-patrulla-canina.jpg" />
	<meta property="og:image:width" content="2000" />
	<meta property="og:image:height" content="1333" />
	<meta property="og:image:type" content="image/jpeg" />
<meta name="twitter:card" content="summary_large_image" />
<meta name="twitter:label1" content="Tiempo de lectura" />
	<meta name="twitter:data1" content="1 minuto" />
<script type="application/ld+json" class="yoast-schema-graph">{"@context":"https:\/\/schema.org","@graph":[{"@type":"WebPage","@id":"https:\/\/eibarkultura.eus\/es\/eventos\/la-patrulla-canina-la-dino-pelicula\/","url":"https:\/\/eibarkultura.eus\/es\/eventos\/la-patrulla-canina-la-dino-pelicula\/","name":"La patrulla canina: la dino película | Eibar Kultura","isPartOf":{"@id":"https:\/\/eibarkultura.eus\/es\/#website"},"primaryImageOfPage":{"@id":"https:\/\/eibarkultura.eus\/es\/eventos\/la-patrulla-canina-la-dino-pelicula\/#primaryimage"},"image":{"@id":"https:\/\/eibarkultura.eus\/es\/eventos\/la-patrulla-canina-la-dino-pelicula\/#primaryimage"},"thumbnailUrl":"https:\/\/eibarkultura.eus\/wp-content\/uploads\/2026\/07\/la-patrulla-canina.jpg","datePublished":"2026-08-31T07:33:07+00:00","description":"Después de que su barco quede atrapado en una misteriosa tormenta, los cachorros de la Patrulla Canina naufragan en una isla tropical inexplorada.","breadcrumb":{"@id":"https:\/\/eibarkultura.eus\/es\/eventos\/la-patrulla-canina-la-dino-pelicula\/#breadcrumb"},"inLanguage":"es","potentialAction":[{"@type":"ReadAction","target":["https:\/\/eibarkultura.eus\/es\/eventos\/la-patrulla-canina-la-dino-pelicula\/"]}]},{"@type":"ImageObject","inLanguage":"es","@id":"https:\/\/eibarkultura.eus\/es\/eventos\/la-patrulla-canina-la-dino-pelicula\/#primaryimage","url":"https:\/\/eibarkultura.eus\/wp-content\/uploads\/2026\/07\/la-patrulla-canina.jpg","contentUrl":"https:\/\/eibarkultura.eus\/wp-content\/uploads\/2026\/07\/la-patrulla-canina.jpg","width":2000,"height":1333},{"@type":"BreadcrumbList","@id":"https:\/\/eibarkultura.eus\/es\/eventos\/la-patrulla-canina-la-dino-pelicula\/#breadcrumb","itemListElement":[{"@type":"ListItem","position":1,"name":"Hasiera","item":"https:\/\/eibarkultura.eus\/es\/"},{"@type":"ListItem","position":2,"name":"Eventos","item":"https:\/\/eibarkultura.eus\/es\/eventos\/"},{"@type":"ListItem","position":3,"name":"La patrulla canina: la dino película"}]},{"@type":"WebSite","@id":"https:\/\/eibarkultura.eus\/es\/#website","url":"https:\/\/eibarkultura.eus\/es\/","name":"Eibarko Kultura","description":"Bizi Kultura","publisher":{"@id":"https:\/\/eibarkultura.eus\/es\/#organization"},"potentialAction":[{"@type":"SearchAction","target":{"@type":"EntryPoint","urlTemplate":"https:\/\/eibarkultura.eus\/es\/?s={search_term_string}"},"query-input":{"@type":"PropertyValueSpecification","valueRequired":true,"valueName":"search_term_string"}}],"inLanguage":"es"},{"@type":"Organization","@id":"https:\/\/eibarkultura.eus\/es\/#organization","name":"Eibarko Kultura","url":"https:\/\/eibarkultura.eus\/es\/","logo":{"@type":"ImageObject","inLanguage":"es","@id":"https:\/\/eibarkultura.eus\/es\/#\/schema\/logo\/image\/","url":"https:\/\/eibarkultura.eus\/wp-content\/uploads\/2023\/11\/Eibar-Kultura_Logo.png","contentUrl":"https:\/\/eibarkultura.eus\/wp-content\/uploads\/2023\/11\/Eibar-Kultura_Logo.png","width":1169,"height":245,"caption":"Eibarko Kultura"},"image":{"@id":"https:\/\/eibarkultura.eus\/es\/#\/schema\/logo\/image\/"}}]}</script>
<!-- / Yoast SEO plugin. -->

La patrulla canina: la dino película | Eibar Kultura

Después de que su barco quede atrapado en una misteriosa tormenta, los cachorros de la Patrulla Canina naufragan en una isla tropical inexplorada.
