{"id":14790,"date":"2026-08-31T09:12:41","date_gmt":"2026-08-31T07:12:41","guid":{"rendered":"https:\/\/eibarkultura.eus\/?post_type=mec-events&#038;p=14790"},"modified":"2026-08-31T09:13:31","modified_gmt":"2026-08-31T07:13:31","slug":"el-ser-querido","status":"publish","type":"mec-events","link":"https:\/\/eibarkultura.eus\/es\/eventos\/el-ser-querido\/","title":{"rendered":"El ser querido"},"content":{"rendered":"<p><strong>Drama | ES<\/strong><\/p>\n<p>El aclamado director de cine Esteban Mart\u00ednez (Bardem) es una leyenda tanto por sus pel\u00edculas como por un pasado marcado por la violencia y los excesos. En su nuevo proyecto, le ofrece un papel a su hija Emilia (Luengo) con el pretexto de ayudarla a relanzar su estancada carrera como actriz. Convivir en el set fomentar\u00e1 una cercan\u00eda que no han compartido en a\u00f1os, pero tambi\u00e9n reabrir\u00e1 viejas heridas que nunca cicatrizaron.<\/p>\n<p><iframe title=\"EL SER QUERIDO | Tr\u00e1iler Oficial | 26 DE AGOSTO SOLO EN CINES\" src=\"https:\/\/www.youtube.com\/embed\/ApdPm1KWUcc\" width=\"1335\" height=\"751\" frameborder=\"0\" allowfullscreen=\"allowfullscreen\"><\/iframe><\/p>\n","protected":false},"excerpt":{"rendered":"<p>Drama | ES El aclamado director de cine Esteban Mart\u00ednez (Bardem) es una leyenda tanto por sus pel\u00edculas como por un pasado marcado por la violencia y los excesos. En&hellip;<\/p>\n","protected":false},"author":1,"featured_media":14791,"comment_status":"closed","ping_status":"closed","template":"","tags":[],"mec_category":[58],"class_list":["post-14790","mec-events","type-mec-events","status-publish","has-post-thumbnail","hentry","mec_category-cine-coliseo"],"yoast_head":"<!-- This site is optimized with the Yoast SEO plugin v28.3 - https:\/\/yoast.com\/product\/yoast-seo-wordpress\/ -->\n<title>El ser querido | Eibar Kultura<\/title>\n<meta name=\"description\" content=\"El aclamado director de cine Esteban Mart\u00ednez (Bardem) es una leyenda tanto por sus pel\u00edculas como por un pasado marcado por la violencia y los excesos.\" \/>\n<meta name=\"robots\" content=\"index, follow, max-snippet:-1, max-image-preview:large, max-video-preview:-1\" \/>\n<link rel=\"canonical\" href=\"https:\/\/eibarkultura.eus\/es\/eventos\/el-ser-querido\/\" \/>\n<meta property=\"og:locale\" content=\"es_ES\" \/>\n<meta property=\"og:type\" content=\"article\" \/>\n<meta property=\"og:title\" content=\"El ser querido | Eibar Kultura\" \/>\n<meta property=\"og:description\" content=\"El aclamado director de cine Esteban Mart\u00ednez (Bardem) es una leyenda tanto por sus pel\u00edculas como por un pasado marcado por la violencia y los excesos.\" \/>\n<meta property=\"og:url\" content=\"https:\/\/eibarkultura.eus\/es\/eventos\/el-ser-querido\/\" \/>\n<meta property=\"og:site_name\" content=\"Eibarko Kultur Gida\" \/>\n<meta property=\"article:modified_time\" content=\"2026-08-31T07:13:31+00:00\" \/>\n<meta property=\"og:image\" content=\"https:\/\/eibarkultura.eus\/wp-content\/uploads\/2026\/07\/el-ser-querido.jpg\" \/>\n\t<meta property=\"og:image:width\" content=\"2000\" \/>\n\t<meta property=\"og:image:height\" content=\"1333\" \/>\n\t<meta property=\"og:image:type\" content=\"image\/jpeg\" \/>\n<meta name=\"twitter:card\" content=\"summary_large_image\" \/>\n<meta name=\"twitter:label1\" content=\"Tiempo de lectura\" \/>\n\t<meta name=\"twitter:data1\" content=\"1 minuto\" \/>\n<script type=\"application\/ld+json\" class=\"yoast-schema-graph\">{\"@context\":\"https:\\\/\\\/schema.org\",\"@graph\":[{\"@type\":\"WebPage\",\"@id\":\"https:\\\/\\\/eibarkultura.eus\\\/es\\\/eventos\\\/el-ser-querido\\\/\",\"url\":\"https:\\\/\\\/eibarkultura.eus\\\/es\\\/eventos\\\/el-ser-querido\\\/\",\"name\":\"El ser querido | Eibar Kultura\",\"isPartOf\":{\"@id\":\"https:\\\/\\\/eibarkultura.eus\\\/es\\\/#website\"},\"primaryImageOfPage\":{\"@id\":\"https:\\\/\\\/eibarkultura.eus\\\/es\\\/eventos\\\/el-ser-querido\\\/#primaryimage\"},\"image\":{\"@id\":\"https:\\\/\\\/eibarkultura.eus\\\/es\\\/eventos\\\/el-ser-querido\\\/#primaryimage\"},\"thumbnailUrl\":\"https:\\\/\\\/eibarkultura.eus\\\/wp-content\\\/uploads\\\/2026\\\/07\\\/el-ser-querido.jpg\",\"datePublished\":\"2026-08-31T07:12:41+00:00\",\"dateModified\":\"2026-08-31T07:13:31+00:00\",\"description\":\"El aclamado director de cine Esteban Mart\u00ednez (Bardem) es una leyenda tanto por sus pel\u00edculas como por un pasado marcado por la violencia y los excesos.\",\"breadcrumb\":{\"@id\":\"https:\\\/\\\/eibarkultura.eus\\\/es\\\/eventos\\\/el-ser-querido\\\/#breadcrumb\"},\"inLanguage\":\"es\",\"potentialAction\":[{\"@type\":\"ReadAction\",\"target\":[\"https:\\\/\\\/eibarkultura.eus\\\/es\\\/eventos\\\/el-ser-querido\\\/\"]}]},{\"@type\":\"ImageObject\",\"inLanguage\":\"es\",\"@id\":\"https:\\\/\\\/eibarkultura.eus\\\/es\\\/eventos\\\/el-ser-querido\\\/#primaryimage\",\"url\":\"https:\\\/\\\/eibarkultura.eus\\\/wp-content\\\/uploads\\\/2026\\\/07\\\/el-ser-querido.jpg\",\"contentUrl\":\"https:\\\/\\\/eibarkultura.eus\\\/wp-content\\\/uploads\\\/2026\\\/07\\\/el-ser-querido.jpg\",\"width\":2000,\"height\":1333},{\"@type\":\"BreadcrumbList\",\"@id\":\"https:\\\/\\\/eibarkultura.eus\\\/es\\\/eventos\\\/el-ser-querido\\\/#breadcrumb\",\"itemListElement\":[{\"@type\":\"ListItem\",\"position\":1,\"name\":\"Hasiera\",\"item\":\"https:\\\/\\\/eibarkultura.eus\\\/es\\\/\"},{\"@type\":\"ListItem\",\"position\":2,\"name\":\"Eventos\",\"item\":\"https:\\\/\\\/eibarkultura.eus\\\/es\\\/eventos\\\/\"},{\"@type\":\"ListItem\",\"position\":3,\"name\":\"El ser querido\"}]},{\"@type\":\"WebSite\",\"@id\":\"https:\\\/\\\/eibarkultura.eus\\\/es\\\/#website\",\"url\":\"https:\\\/\\\/eibarkultura.eus\\\/es\\\/\",\"name\":\"Eibarko Kultura\",\"description\":\"Bizi Kultura\",\"publisher\":{\"@id\":\"https:\\\/\\\/eibarkultura.eus\\\/es\\\/#organization\"},\"potentialAction\":[{\"@type\":\"SearchAction\",\"target\":{\"@type\":\"EntryPoint\",\"urlTemplate\":\"https:\\\/\\\/eibarkultura.eus\\\/es\\\/?s={search_term_string}\"},\"query-input\":{\"@type\":\"PropertyValueSpecification\",\"valueRequired\":true,\"valueName\":\"search_term_string\"}}],\"inLanguage\":\"es\"},{\"@type\":\"Organization\",\"@id\":\"https:\\\/\\\/eibarkultura.eus\\\/es\\\/#organization\",\"name\":\"Eibarko Kultura\",\"url\":\"https:\\\/\\\/eibarkultura.eus\\\/es\\\/\",\"logo\":{\"@type\":\"ImageObject\",\"inLanguage\":\"es\",\"@id\":\"https:\\\/\\\/eibarkultura.eus\\\/es\\\/#\\\/schema\\\/logo\\\/image\\\/\",\"url\":\"https:\\\/\\\/eibarkultura.eus\\\/wp-content\\\/uploads\\\/2023\\\/11\\\/Eibar-Kultura_Logo.png\",\"contentUrl\":\"https:\\\/\\\/eibarkultura.eus\\\/wp-content\\\/uploads\\\/2023\\\/11\\\/Eibar-Kultura_Logo.png\",\"width\":1169,\"height\":245,\"caption\":\"Eibarko Kultura\"},\"image\":{\"@id\":\"https:\\\/\\\/eibarkultura.eus\\\/es\\\/#\\\/schema\\\/logo\\\/image\\\/\"}}]}<\/script>\n<!-- \/ Yoast SEO plugin. -->","yoast_head_json":{"title":"El ser querido | Eibar Kultura","description":"El aclamado director de cine Esteban Mart\u00ednez (Bardem) es una leyenda tanto por sus pel\u00edculas como por un pasado marcado por la violencia y los excesos.","robots":{"index":"index","follow":"follow","max-snippet":"max-snippet:-1","max-image-preview":"max-image-preview:large","max-video-preview":"max-video-preview:-1"},"canonical":"https:\/\/eibarkultura.eus\/es\/eventos\/el-ser-querido\/","og_locale":"es_ES","og_type":"article","og_title":"El ser querido | Eibar Kultura","og_description":"El aclamado director de cine Esteban Mart\u00ednez (Bardem) es una leyenda tanto por sus pel\u00edculas como por un pasado marcado por la violencia y los excesos.","og_url":"https:\/\/eibarkultura.eus\/es\/eventos\/el-ser-querido\/","og_site_name":"Eibarko Kultur Gida","article_modified_time":"2026-08-31T07:13:31+00:00","og_image":[{"width":2000,"height":1333,"url":"https:\/\/eibarkultura.eus\/wp-content\/uploads\/2026\/07\/el-ser-querido.jpg","type":"image\/jpeg"}],"twitter_card":"summary_large_image","twitter_misc":{"Tiempo de lectura":"1 minuto"},"schema":{"@context":"https:\/\/schema.org","@graph":[{"@type":"WebPage","@id":"https:\/\/eibarkultura.eus\/es\/eventos\/el-ser-querido\/","url":"https:\/\/eibarkultura.eus\/es\/eventos\/el-ser-querido\/","name":"El ser querido | Eibar Kultura","isPartOf":{"@id":"https:\/\/eibarkultura.eus\/es\/#website"},"primaryImageOfPage":{"@id":"https:\/\/eibarkultura.eus\/es\/eventos\/el-ser-querido\/#primaryimage"},"image":{"@id":"https:\/\/eibarkultura.eus\/es\/eventos\/el-ser-querido\/#primaryimage"},"thumbnailUrl":"https:\/\/eibarkultura.eus\/wp-content\/uploads\/2026\/07\/el-ser-querido.jpg","datePublished":"2026-08-31T07:12:41+00:00","dateModified":"2026-08-31T07:13:31+00:00","description":"El aclamado director de cine Esteban Mart\u00ednez (Bardem) es una leyenda tanto por sus pel\u00edculas como por un pasado marcado por la violencia y los excesos.","breadcrumb":{"@id":"https:\/\/eibarkultura.eus\/es\/eventos\/el-ser-querido\/#breadcrumb"},"inLanguage":"es","potentialAction":[{"@type":"ReadAction","target":["https:\/\/eibarkultura.eus\/es\/eventos\/el-ser-querido\/"]}]},{"@type":"ImageObject","inLanguage":"es","@id":"https:\/\/eibarkultura.eus\/es\/eventos\/el-ser-querido\/#primaryimage","url":"https:\/\/eibarkultura.eus\/wp-content\/uploads\/2026\/07\/el-ser-querido.jpg","contentUrl":"https:\/\/eibarkultura.eus\/wp-content\/uploads\/2026\/07\/el-ser-querido.jpg","width":2000,"height":1333},{"@type":"BreadcrumbList","@id":"https:\/\/eibarkultura.eus\/es\/eventos\/el-ser-querido\/#breadcrumb","itemListElement":[{"@type":"ListItem","position":1,"name":"Hasiera","item":"https:\/\/eibarkultura.eus\/es\/"},{"@type":"ListItem","position":2,"name":"Eventos","item":"https:\/\/eibarkultura.eus\/es\/eventos\/"},{"@type":"ListItem","position":3,"name":"El ser querido"}]},{"@type":"WebSite","@id":"https:\/\/eibarkultura.eus\/es\/#website","url":"https:\/\/eibarkultura.eus\/es\/","name":"Eibarko Kultura","description":"Bizi Kultura","publisher":{"@id":"https:\/\/eibarkultura.eus\/es\/#organization"},"potentialAction":[{"@type":"SearchAction","target":{"@type":"EntryPoint","urlTemplate":"https:\/\/eibarkultura.eus\/es\/?s={search_term_string}"},"query-input":{"@type":"PropertyValueSpecification","valueRequired":true,"valueName":"search_term_string"}}],"inLanguage":"es"},{"@type":"Organization","@id":"https:\/\/eibarkultura.eus\/es\/#organization","name":"Eibarko Kultura","url":"https:\/\/eibarkultura.eus\/es\/","logo":{"@type":"ImageObject","inLanguage":"es","@id":"https:\/\/eibarkultura.eus\/es\/#\/schema\/logo\/image\/","url":"https:\/\/eibarkultura.eus\/wp-content\/uploads\/2023\/11\/Eibar-Kultura_Logo.png","contentUrl":"https:\/\/eibarkultura.eus\/wp-content\/uploads\/2023\/11\/Eibar-Kultura_Logo.png","width":1169,"height":245,"caption":"Eibarko Kultura"},"image":{"@id":"https:\/\/eibarkultura.eus\/es\/#\/schema\/logo\/image\/"}}]}},"_links":{"self":[{"href":"https:\/\/eibarkultura.eus\/es\/wp-json\/wp\/v2\/mec-events\/14790","targetHints":{"allow":["GET"]}}],"collection":[{"href":"https:\/\/eibarkultura.eus\/es\/wp-json\/wp\/v2\/mec-events"}],"about":[{"href":"https:\/\/eibarkultura.eus\/es\/wp-json\/wp\/v2\/types\/mec-events"}],"author":[{"embeddable":true,"href":"https:\/\/eibarkultura.eus\/es\/wp-json\/wp\/v2\/users\/1"}],"replies":[{"embeddable":true,"href":"https:\/\/eibarkultura.eus\/es\/wp-json\/wp\/v2\/comments?post=14790"}],"wp:featuredmedia":[{"embeddable":true,"href":"https:\/\/eibarkultura.eus\/es\/wp-json\/wp\/v2\/media\/14791"}],"wp:attachment":[{"href":"https:\/\/eibarkultura.eus\/es\/wp-json\/wp\/v2\/media?parent=14790"}],"wp:term":[{"taxonomy":"post_tag","embeddable":true,"href":"https:\/\/eibarkultura.eus\/es\/wp-json\/wp\/v2\/tags?post=14790"},{"taxonomy":"mec_category","embeddable":true,"href":"https:\/\/eibarkultura.eus\/es\/wp-json\/wp\/v2\/mec_category?post=14790"}],"curies":[{"name":"wp","href":"https:\/\/api.w.org\/{rel}","templated":true}]}}

<p><strong>Drama | ES</strong></p>
<p>El aclamado director de cine Esteban Martínez (Bardem) es una leyenda tanto por sus películas como por un pasado marcado por la violencia y los excesos. En su nuevo proyecto, le ofrece un papel a su hija Emilia (Luengo) con el pretexto de ayudarla a relanzar su estancada carrera como actriz. Convivir en el set fomentará una cercanía que no han compartido en años, pero también reabrirá viejas heridas que nunca cicatrizaron.</p>
<p><iframe title="EL SER QUERIDO | Tráiler Oficial | 26 DE AGOSTO SOLO EN CINES" src="https://www.youtube.com/embed/ApdPm1KWUcc" width="1335" height="751" frameborder="0" allowfullscreen="allowfullscreen"></iframe></p>

<p>Drama | ES El aclamado director de cine Esteban Martínez (Bardem) es una leyenda tanto por sus películas como por un pasado marcado por la violencia y los excesos. En&hellip;</p>

<!-- This site is optimized with the Yoast SEO plugin v28.3 - https://yoast.com/product/yoast-seo-wordpress/ -->
<title>El ser querido | Eibar Kultura</title>
<meta name="description" content="El aclamado director de cine Esteban Martínez (Bardem) es una leyenda tanto por sus películas como por un pasado marcado por la violencia y los excesos." />
<meta name="robots" content="index, follow, max-snippet:-1, max-image-preview:large, max-video-preview:-1" />
<link rel="canonical" href="https://eibarkultura.eus/es/eventos/el-ser-querido/" />
<meta property="og:locale" content="es_ES" />
<meta property="og:type" content="article" />
<meta property="og:title" content="El ser querido | Eibar Kultura" />
<meta property="og:description" content="El aclamado director de cine Esteban Martínez (Bardem) es una leyenda tanto por sus películas como por un pasado marcado por la violencia y los excesos." />
<meta property="og:url" content="https://eibarkultura.eus/es/eventos/el-ser-querido/" />
<meta property="og:site_name" content="Eibarko Kultur Gida" />
<meta property="article:modified_time" content="2026-08-31T07:13:31+00:00" />
<meta property="og:image" content="https://eibarkultura.eus/wp-content/uploads/2026/07/el-ser-querido.jpg" />
	<meta property="og:image:width" content="2000" />
	<meta property="og:image:height" content="1333" />
	<meta property="og:image:type" content="image/jpeg" />
<meta name="twitter:card" content="summary_large_image" />
<meta name="twitter:label1" content="Tiempo de lectura" />
	<meta name="twitter:data1" content="1 minuto" />
<script type="application/ld+json" class="yoast-schema-graph">{"@context":"https:\/\/schema.org","@graph":[{"@type":"WebPage","@id":"https:\/\/eibarkultura.eus\/es\/eventos\/el-ser-querido\/","url":"https:\/\/eibarkultura.eus\/es\/eventos\/el-ser-querido\/","name":"El ser querido | Eibar Kultura","isPartOf":{"@id":"https:\/\/eibarkultura.eus\/es\/#website"},"primaryImageOfPage":{"@id":"https:\/\/eibarkultura.eus\/es\/eventos\/el-ser-querido\/#primaryimage"},"image":{"@id":"https:\/\/eibarkultura.eus\/es\/eventos\/el-ser-querido\/#primaryimage"},"thumbnailUrl":"https:\/\/eibarkultura.eus\/wp-content\/uploads\/2026\/07\/el-ser-querido.jpg","datePublished":"2026-08-31T07:12:41+00:00","dateModified":"2026-08-31T07:13:31+00:00","description":"El aclamado director de cine Esteban Martínez (Bardem) es una leyenda tanto por sus películas como por un pasado marcado por la violencia y los excesos.","breadcrumb":{"@id":"https:\/\/eibarkultura.eus\/es\/eventos\/el-ser-querido\/#breadcrumb"},"inLanguage":"es","potentialAction":[{"@type":"ReadAction","target":["https:\/\/eibarkultura.eus\/es\/eventos\/el-ser-querido\/"]}]},{"@type":"ImageObject","inLanguage":"es","@id":"https:\/\/eibarkultura.eus\/es\/eventos\/el-ser-querido\/#primaryimage","url":"https:\/\/eibarkultura.eus\/wp-content\/uploads\/2026\/07\/el-ser-querido.jpg","contentUrl":"https:\/\/eibarkultura.eus\/wp-content\/uploads\/2026\/07\/el-ser-querido.jpg","width":2000,"height":1333},{"@type":"BreadcrumbList","@id":"https:\/\/eibarkultura.eus\/es\/eventos\/el-ser-querido\/#breadcrumb","itemListElement":[{"@type":"ListItem","position":1,"name":"Hasiera","item":"https:\/\/eibarkultura.eus\/es\/"},{"@type":"ListItem","position":2,"name":"Eventos","item":"https:\/\/eibarkultura.eus\/es\/eventos\/"},{"@type":"ListItem","position":3,"name":"El ser querido"}]},{"@type":"WebSite","@id":"https:\/\/eibarkultura.eus\/es\/#website","url":"https:\/\/eibarkultura.eus\/es\/","name":"Eibarko Kultura","description":"Bizi Kultura","publisher":{"@id":"https:\/\/eibarkultura.eus\/es\/#organization"},"potentialAction":[{"@type":"SearchAction","target":{"@type":"EntryPoint","urlTemplate":"https:\/\/eibarkultura.eus\/es\/?s={search_term_string}"},"query-input":{"@type":"PropertyValueSpecification","valueRequired":true,"valueName":"search_term_string"}}],"inLanguage":"es"},{"@type":"Organization","@id":"https:\/\/eibarkultura.eus\/es\/#organization","name":"Eibarko Kultura","url":"https:\/\/eibarkultura.eus\/es\/","logo":{"@type":"ImageObject","inLanguage":"es","@id":"https:\/\/eibarkultura.eus\/es\/#\/schema\/logo\/image\/","url":"https:\/\/eibarkultura.eus\/wp-content\/uploads\/2023\/11\/Eibar-Kultura_Logo.png","contentUrl":"https:\/\/eibarkultura.eus\/wp-content\/uploads\/2023\/11\/Eibar-Kultura_Logo.png","width":1169,"height":245,"caption":"Eibarko Kultura"},"image":{"@id":"https:\/\/eibarkultura.eus\/es\/#\/schema\/logo\/image\/"}}]}</script>
<!-- / Yoast SEO plugin. -->

El aclamado director de cine Esteban Martínez (Bardem) es una leyenda tanto por sus películas como por un pasado marcado por la violencia y los excesos.
