{"id":14768,"date":"2026-09-03T11:50:00","date_gmt":"2026-09-03T09:50:00","guid":{"rendered":"https:\/\/eibarkultura.eus\/?post_type=mec-events&#038;p=14768"},"modified":"2026-09-03T11:54:45","modified_gmt":"2026-09-03T09:54:45","slug":"atra-bilis","status":"publish","type":"mec-events","link":"https:\/\/eibarkultura.eus\/es\/eventos\/atra-bilis\/","title":{"rendered":"Atra Bilis"},"content":{"rendered":"<p><strong>Hilo Producciones<\/strong><\/p>\n<ul>\n<li>Direcci\u00f3n: Sandro Cordero<\/li>\n<li>Autor\u00eda: Laila Ripoll<\/li>\n<li>Int\u00e9rpretes: Laura Ordu\u00f1a, Cristina Lorenzo, Bea Canteli, Concha Rodr\u00edguez<\/li>\n<\/ul>\n<p>Cuatro ancianas llenas de rencor y amargura se re\u00fanen en el velatorio del esposo de Nazaria Alba Montenegro en una noche de tormenta. El ambiente es propicio para la conversaci\u00f3n y surgen los recuerdos, los desamores, los secretos y los odios ocultos, que abren la tapa de los truenos.<br \/>\nUna premiada comedia negra, muy negra, llena de aires fratricidas, homicidas, gaticidas y todo lo malo que acabe en \u201cidas\u201d.<\/p>\n<p><iframe title=\"V\u00eddeo promocional ATRA BILIS\" src=\"https:\/\/www.youtube.com\/embed\/nF6kzCj0ljo\" width=\"1337\" height=\"752\" frameborder=\"0\" allowfullscreen=\"allowfullscreen\"><\/iframe><\/p>\n","protected":false},"excerpt":{"rendered":"<p>Hilo Producciones Direcci\u00f3n: Sandro Cordero Autor\u00eda: Laila Ripoll Int\u00e9rpretes: Laura Ordu\u00f1a, Cristina Lorenzo, Bea Canteli, Concha Rodr\u00edguez Cuatro ancianas llenas de rencor y amargura se re\u00fanen en el velatorio del&hellip;<\/p>\n","protected":false},"author":1,"featured_media":14767,"comment_status":"closed","ping_status":"closed","template":"","tags":[],"mec_category":[48],"class_list":["post-14768","mec-events","type-mec-events","status-publish","has-post-thumbnail","hentry","mec_category-teatro"],"yoast_head":"<!-- This site is optimized with the Yoast SEO plugin v28.4 - https:\/\/yoast.com\/product\/yoast-seo-wordpress\/ -->\n<title>Atra Bilis - Hilo Producciones | Eibar Kultura<\/title>\n<meta name=\"description\" content=\"Atra Bilis, comedia negra de Hilo Producciones, el 1 de noviembre en el Coliseo de Eibar. Secretos, rencores y humor negro en una noche de tormenta.\" \/>\n<meta name=\"robots\" content=\"index, follow, max-snippet:-1, max-image-preview:large, max-video-preview:-1\" \/>\n<link rel=\"canonical\" href=\"https:\/\/eibarkultura.eus\/es\/eventos\/atra-bilis\/\" \/>\n<meta property=\"og:locale\" content=\"es_ES\" \/>\n<meta property=\"og:type\" content=\"article\" \/>\n<meta property=\"og:title\" content=\"Atra Bilis - Hilo Producciones | Eibar Kultura\" \/>\n<meta property=\"og:description\" content=\"Atra Bilis, comedia negra de Hilo Producciones, el 1 de noviembre en el Coliseo de Eibar. Secretos, rencores y humor negro en una noche de tormenta.\" \/>\n<meta property=\"og:url\" content=\"https:\/\/eibarkultura.eus\/es\/eventos\/atra-bilis\/\" \/>\n<meta property=\"og:site_name\" content=\"Eibarko Kultur Gida\" \/>\n<meta property=\"article:modified_time\" content=\"2026-09-03T09:54:45+00:00\" \/>\n<meta property=\"og:image\" content=\"https:\/\/eibarkultura.eus\/wp-content\/uploads\/2026\/07\/AtrasBilis.jpg\" \/>\n\t<meta property=\"og:image:width\" content=\"2000\" \/>\n\t<meta property=\"og:image:height\" content=\"1333\" \/>\n\t<meta property=\"og:image:type\" content=\"image\/jpeg\" \/>\n<meta name=\"twitter:card\" content=\"summary_large_image\" \/>\n<meta name=\"twitter:label1\" content=\"Tiempo de lectura\" \/>\n\t<meta name=\"twitter:data1\" content=\"1 minuto\" \/>\n<script type=\"application\/ld+json\" class=\"yoast-schema-graph\">{\"@context\":\"https:\\\/\\\/schema.org\",\"@graph\":[{\"@type\":\"WebPage\",\"@id\":\"https:\\\/\\\/eibarkultura.eus\\\/es\\\/eventos\\\/atra-bilis\\\/\",\"url\":\"https:\\\/\\\/eibarkultura.eus\\\/es\\\/eventos\\\/atra-bilis\\\/\",\"name\":\"Atra Bilis - Hilo Producciones | Eibar Kultura\",\"isPartOf\":{\"@id\":\"https:\\\/\\\/eibarkultura.eus\\\/es\\\/#website\"},\"primaryImageOfPage\":{\"@id\":\"https:\\\/\\\/eibarkultura.eus\\\/es\\\/eventos\\\/atra-bilis\\\/#primaryimage\"},\"image\":{\"@id\":\"https:\\\/\\\/eibarkultura.eus\\\/es\\\/eventos\\\/atra-bilis\\\/#primaryimage\"},\"thumbnailUrl\":\"https:\\\/\\\/eibarkultura.eus\\\/wp-content\\\/uploads\\\/2026\\\/07\\\/AtrasBilis.jpg\",\"datePublished\":\"2026-09-03T09:50:00+00:00\",\"dateModified\":\"2026-09-03T09:54:45+00:00\",\"description\":\"Atra Bilis, comedia negra de Hilo Producciones, el 1 de noviembre en el Coliseo de Eibar. Secretos, rencores y humor negro en una noche de tormenta.\",\"breadcrumb\":{\"@id\":\"https:\\\/\\\/eibarkultura.eus\\\/es\\\/eventos\\\/atra-bilis\\\/#breadcrumb\"},\"inLanguage\":\"es\",\"potentialAction\":[{\"@type\":\"ReadAction\",\"target\":[\"https:\\\/\\\/eibarkultura.eus\\\/es\\\/eventos\\\/atra-bilis\\\/\"]}]},{\"@type\":\"ImageObject\",\"inLanguage\":\"es\",\"@id\":\"https:\\\/\\\/eibarkultura.eus\\\/es\\\/eventos\\\/atra-bilis\\\/#primaryimage\",\"url\":\"https:\\\/\\\/eibarkultura.eus\\\/wp-content\\\/uploads\\\/2026\\\/07\\\/AtrasBilis.jpg\",\"contentUrl\":\"https:\\\/\\\/eibarkultura.eus\\\/wp-content\\\/uploads\\\/2026\\\/07\\\/AtrasBilis.jpg\",\"width\":2000,\"height\":1333},{\"@type\":\"BreadcrumbList\",\"@id\":\"https:\\\/\\\/eibarkultura.eus\\\/es\\\/eventos\\\/atra-bilis\\\/#breadcrumb\",\"itemListElement\":[{\"@type\":\"ListItem\",\"position\":1,\"name\":\"Hasiera\",\"item\":\"https:\\\/\\\/eibarkultura.eus\\\/es\\\/\"},{\"@type\":\"ListItem\",\"position\":2,\"name\":\"Eventos\",\"item\":\"https:\\\/\\\/eibarkultura.eus\\\/es\\\/eventos\\\/\"},{\"@type\":\"ListItem\",\"position\":3,\"name\":\"Atra Bilis\"}]},{\"@type\":\"WebSite\",\"@id\":\"https:\\\/\\\/eibarkultura.eus\\\/es\\\/#website\",\"url\":\"https:\\\/\\\/eibarkultura.eus\\\/es\\\/\",\"name\":\"Eibarko Kultura\",\"description\":\"Bizi Kultura\",\"publisher\":{\"@id\":\"https:\\\/\\\/eibarkultura.eus\\\/es\\\/#organization\"},\"potentialAction\":[{\"@type\":\"SearchAction\",\"target\":{\"@type\":\"EntryPoint\",\"urlTemplate\":\"https:\\\/\\\/eibarkultura.eus\\\/es\\\/?s={search_term_string}\"},\"query-input\":{\"@type\":\"PropertyValueSpecification\",\"valueRequired\":true,\"valueName\":\"search_term_string\"}}],\"inLanguage\":\"es\"},{\"@type\":\"Organization\",\"@id\":\"https:\\\/\\\/eibarkultura.eus\\\/es\\\/#organization\",\"name\":\"Eibarko Kultura\",\"url\":\"https:\\\/\\\/eibarkultura.eus\\\/es\\\/\",\"logo\":{\"@type\":\"ImageObject\",\"inLanguage\":\"es\",\"@id\":\"https:\\\/\\\/eibarkultura.eus\\\/es\\\/#\\\/schema\\\/logo\\\/image\\\/\",\"url\":\"https:\\\/\\\/eibarkultura.eus\\\/wp-content\\\/uploads\\\/2023\\\/11\\\/Eibar-Kultura_Logo.png\",\"contentUrl\":\"https:\\\/\\\/eibarkultura.eus\\\/wp-content\\\/uploads\\\/2023\\\/11\\\/Eibar-Kultura_Logo.png\",\"width\":1169,\"height\":245,\"caption\":\"Eibarko Kultura\"},\"image\":{\"@id\":\"https:\\\/\\\/eibarkultura.eus\\\/es\\\/#\\\/schema\\\/logo\\\/image\\\/\"}}]}<\/script>\n<!-- \/ Yoast SEO plugin. -->","yoast_head_json":{"title":"Atra Bilis - Hilo Producciones | Eibar Kultura","description":"Atra Bilis, comedia negra de Hilo Producciones, el 1 de noviembre en el Coliseo de Eibar. Secretos, rencores y humor negro en una noche de tormenta.","robots":{"index":"index","follow":"follow","max-snippet":"max-snippet:-1","max-image-preview":"max-image-preview:large","max-video-preview":"max-video-preview:-1"},"canonical":"https:\/\/eibarkultura.eus\/es\/eventos\/atra-bilis\/","og_locale":"es_ES","og_type":"article","og_title":"Atra Bilis - Hilo Producciones | Eibar Kultura","og_description":"Atra Bilis, comedia negra de Hilo Producciones, el 1 de noviembre en el Coliseo de Eibar. Secretos, rencores y humor negro en una noche de tormenta.","og_url":"https:\/\/eibarkultura.eus\/es\/eventos\/atra-bilis\/","og_site_name":"Eibarko Kultur Gida","article_modified_time":"2026-09-03T09:54:45+00:00","og_image":[{"width":2000,"height":1333,"url":"https:\/\/eibarkultura.eus\/wp-content\/uploads\/2026\/07\/AtrasBilis.jpg","type":"image\/jpeg"}],"twitter_card":"summary_large_image","twitter_misc":{"Tiempo de lectura":"1 minuto"},"schema":{"@context":"https:\/\/schema.org","@graph":[{"@type":"WebPage","@id":"https:\/\/eibarkultura.eus\/es\/eventos\/atra-bilis\/","url":"https:\/\/eibarkultura.eus\/es\/eventos\/atra-bilis\/","name":"Atra Bilis - Hilo Producciones | Eibar Kultura","isPartOf":{"@id":"https:\/\/eibarkultura.eus\/es\/#website"},"primaryImageOfPage":{"@id":"https:\/\/eibarkultura.eus\/es\/eventos\/atra-bilis\/#primaryimage"},"image":{"@id":"https:\/\/eibarkultura.eus\/es\/eventos\/atra-bilis\/#primaryimage"},"thumbnailUrl":"https:\/\/eibarkultura.eus\/wp-content\/uploads\/2026\/07\/AtrasBilis.jpg","datePublished":"2026-09-03T09:50:00+00:00","dateModified":"2026-09-03T09:54:45+00:00","description":"Atra Bilis, comedia negra de Hilo Producciones, el 1 de noviembre en el Coliseo de Eibar. Secretos, rencores y humor negro en una noche de tormenta.","breadcrumb":{"@id":"https:\/\/eibarkultura.eus\/es\/eventos\/atra-bilis\/#breadcrumb"},"inLanguage":"es","potentialAction":[{"@type":"ReadAction","target":["https:\/\/eibarkultura.eus\/es\/eventos\/atra-bilis\/"]}]},{"@type":"ImageObject","inLanguage":"es","@id":"https:\/\/eibarkultura.eus\/es\/eventos\/atra-bilis\/#primaryimage","url":"https:\/\/eibarkultura.eus\/wp-content\/uploads\/2026\/07\/AtrasBilis.jpg","contentUrl":"https:\/\/eibarkultura.eus\/wp-content\/uploads\/2026\/07\/AtrasBilis.jpg","width":2000,"height":1333},{"@type":"BreadcrumbList","@id":"https:\/\/eibarkultura.eus\/es\/eventos\/atra-bilis\/#breadcrumb","itemListElement":[{"@type":"ListItem","position":1,"name":"Hasiera","item":"https:\/\/eibarkultura.eus\/es\/"},{"@type":"ListItem","position":2,"name":"Eventos","item":"https:\/\/eibarkultura.eus\/es\/eventos\/"},{"@type":"ListItem","position":3,"name":"Atra Bilis"}]},{"@type":"WebSite","@id":"https:\/\/eibarkultura.eus\/es\/#website","url":"https:\/\/eibarkultura.eus\/es\/","name":"Eibarko Kultura","description":"Bizi Kultura","publisher":{"@id":"https:\/\/eibarkultura.eus\/es\/#organization"},"potentialAction":[{"@type":"SearchAction","target":{"@type":"EntryPoint","urlTemplate":"https:\/\/eibarkultura.eus\/es\/?s={search_term_string}"},"query-input":{"@type":"PropertyValueSpecification","valueRequired":true,"valueName":"search_term_string"}}],"inLanguage":"es"},{"@type":"Organization","@id":"https:\/\/eibarkultura.eus\/es\/#organization","name":"Eibarko Kultura","url":"https:\/\/eibarkultura.eus\/es\/","logo":{"@type":"ImageObject","inLanguage":"es","@id":"https:\/\/eibarkultura.eus\/es\/#\/schema\/logo\/image\/","url":"https:\/\/eibarkultura.eus\/wp-content\/uploads\/2023\/11\/Eibar-Kultura_Logo.png","contentUrl":"https:\/\/eibarkultura.eus\/wp-content\/uploads\/2023\/11\/Eibar-Kultura_Logo.png","width":1169,"height":245,"caption":"Eibarko Kultura"},"image":{"@id":"https:\/\/eibarkultura.eus\/es\/#\/schema\/logo\/image\/"}}]}},"_links":{"self":[{"href":"https:\/\/eibarkultura.eus\/es\/wp-json\/wp\/v2\/mec-events\/14768","targetHints":{"allow":["GET"]}}],"collection":[{"href":"https:\/\/eibarkultura.eus\/es\/wp-json\/wp\/v2\/mec-events"}],"about":[{"href":"https:\/\/eibarkultura.eus\/es\/wp-json\/wp\/v2\/types\/mec-events"}],"author":[{"embeddable":true,"href":"https:\/\/eibarkultura.eus\/es\/wp-json\/wp\/v2\/users\/1"}],"replies":[{"embeddable":true,"href":"https:\/\/eibarkultura.eus\/es\/wp-json\/wp\/v2\/comments?post=14768"}],"wp:featuredmedia":[{"embeddable":true,"href":"https:\/\/eibarkultura.eus\/es\/wp-json\/wp\/v2\/media\/14767"}],"wp:attachment":[{"href":"https:\/\/eibarkultura.eus\/es\/wp-json\/wp\/v2\/media?parent=14768"}],"wp:term":[{"taxonomy":"post_tag","embeddable":true,"href":"https:\/\/eibarkultura.eus\/es\/wp-json\/wp\/v2\/tags?post=14768"},{"taxonomy":"mec_category","embeddable":true,"href":"https:\/\/eibarkultura.eus\/es\/wp-json\/wp\/v2\/mec_category?post=14768"}],"curies":[{"name":"wp","href":"https:\/\/api.w.org\/{rel}","templated":true}]}}

<p><strong>Hilo Producciones</strong></p>
<ul>
<li>Dirección: Sandro Cordero</li>
<li>Autoría: Laila Ripoll</li>
<li>Intérpretes: Laura Orduña, Cristina Lorenzo, Bea Canteli, Concha Rodríguez</li>
</ul>
<p>Cuatro ancianas llenas de rencor y amargura se reúnen en el velatorio del esposo de Nazaria Alba Montenegro en una noche de tormenta. El ambiente es propicio para la conversación y surgen los recuerdos, los desamores, los secretos y los odios ocultos, que abren la tapa de los truenos.<br />
Una premiada comedia negra, muy negra, llena de aires fratricidas, homicidas, gaticidas y todo lo malo que acabe en “idas”.</p>
<p><iframe title="Vídeo promocional ATRA BILIS" src="https://www.youtube.com/embed/nF6kzCj0ljo" width="1337" height="752" frameborder="0" allowfullscreen="allowfullscreen"></iframe></p>

<p>Hilo Producciones Dirección: Sandro Cordero Autoría: Laila Ripoll Intérpretes: Laura Orduña, Cristina Lorenzo, Bea Canteli, Concha Rodríguez Cuatro ancianas llenas de rencor y amargura se reúnen en el velatorio del&hellip;</p>
