{"id":14735,"date":"2026-09-03T11:15:05","date_gmt":"2026-09-03T09:15:05","guid":{"rendered":"https:\/\/eibarkultura.eus\/?post_type=mec-events&#038;p=14735"},"modified":"2026-09-03T11:23:09","modified_gmt":"2026-09-03T09:23:09","slug":"bidutzi","status":"publish","type":"mec-events","link":"https:\/\/eibarkultura.eus\/es\/eventos\/bidutzi\/","title":{"rendered":"Bidutzi"},"content":{"rendered":"<p><strong>Benetan be<\/strong><\/p>\n<ul>\n<li>Direcci\u00f3n y texto: Patricia Urrutia<\/li>\n<li>Direcci\u00f3n art\u00edstica: Elena Olivieri<\/li>\n<li>Int\u00e9rpretes: Patricia Urrutia, Jon Zumelaga, Juanma Urrutia<\/li>\n<\/ul>\n<p>La noche de carnaval, monstruos y seres humanos toman las calles en un ambiente festivo. Anda tan contento Bidutzi en el desorden y es tan tentador ese cartel que dice que no se meta&#8230; \u201cNo te metas, sobre todo si eres un monstruo, un cocodrilo o un fantasma. \u00a1No entres!\u201d. Claro, se meter\u00e1 dentro de la jaula. Se quedar\u00e1 atrapado por el miedo. Menos mal que Godofredo lo ha visto todo. \u00bfO es Ainara, disfrazada de Godofredo, la que lo ha visto todo? Eso no importa, al menos aqu\u00ed, no ahora. Ahora y aqu\u00ed hay que salir de la jaula antes de que vuelvan el cazador y el ayudante. Humanos y monstruos, monstruos y disfraz, se ayudar\u00e1n mutuamente a pasar de un pasaje a otro y con ellos llevar\u00e1n a los espectadores del susto a la carcajada.<\/p>\n","protected":false},"excerpt":{"rendered":"<p>Benetan be Direcci\u00f3n y texto: Patricia Urrutia Direcci\u00f3n art\u00edstica: Elena Olivieri Int\u00e9rpretes: Patricia Urrutia, Jon Zumelaga, Juanma Urrutia La noche de carnaval, monstruos y seres humanos toman las calles en&hellip;<\/p>\n","protected":false},"author":1,"featured_media":14732,"comment_status":"closed","ping_status":"closed","template":"","tags":[],"mec_category":[48],"class_list":["post-14735","mec-events","type-mec-events","status-publish","has-post-thumbnail","hentry","mec_category-teatro"],"yoast_head":"<!-- This site is optimized with the Yoast SEO plugin v28.4 - https:\/\/yoast.com\/product\/yoast-seo-wordpress\/ -->\n<title>Bidutzi - Benetan Be | Eibar Kultura<\/title>\n<meta name=\"description\" content=\"Bidutzi, espect\u00e1culo infantil de Benetan Be, el 24 de octubre en el Coliseo de Eibar. Una divertida historia de monstruos, disfraces, miedo y humor.\" \/>\n<meta name=\"robots\" content=\"index, follow, max-snippet:-1, max-image-preview:large, max-video-preview:-1\" \/>\n<link rel=\"canonical\" href=\"https:\/\/eibarkultura.eus\/es\/eventos\/bidutzi\/\" \/>\n<meta property=\"og:locale\" content=\"es_ES\" \/>\n<meta property=\"og:type\" content=\"article\" \/>\n<meta property=\"og:title\" content=\"Bidutzi - Benetan Be | Eibar Kultura\" \/>\n<meta property=\"og:description\" content=\"Bidutzi, espect\u00e1culo infantil de Benetan Be, el 24 de octubre en el Coliseo de Eibar. Una divertida historia de monstruos, disfraces, miedo y humor.\" \/>\n<meta property=\"og:url\" content=\"https:\/\/eibarkultura.eus\/es\/eventos\/bidutzi\/\" \/>\n<meta property=\"og:site_name\" content=\"Eibarko Kultur Gida\" \/>\n<meta property=\"article:modified_time\" content=\"2026-09-03T09:23:09+00:00\" \/>\n<meta property=\"og:image\" content=\"https:\/\/eibarkultura.eus\/wp-content\/uploads\/2026\/07\/Bidutzi-1024x682.jpg\" \/>\n\t<meta property=\"og:image:width\" content=\"1024\" \/>\n\t<meta property=\"og:image:height\" content=\"682\" \/>\n\t<meta property=\"og:image:type\" content=\"image\/jpeg\" \/>\n<meta name=\"twitter:card\" content=\"summary_large_image\" \/>\n<meta name=\"twitter:label1\" content=\"Tiempo de lectura\" \/>\n\t<meta name=\"twitter:data1\" content=\"1 minuto\" \/>\n<script type=\"application\/ld+json\" class=\"yoast-schema-graph\">{\"@context\":\"https:\\\/\\\/schema.org\",\"@graph\":[{\"@type\":\"WebPage\",\"@id\":\"https:\\\/\\\/eibarkultura.eus\\\/es\\\/eventos\\\/bidutzi\\\/\",\"url\":\"https:\\\/\\\/eibarkultura.eus\\\/es\\\/eventos\\\/bidutzi\\\/\",\"name\":\"Bidutzi - Benetan Be | Eibar Kultura\",\"isPartOf\":{\"@id\":\"https:\\\/\\\/eibarkultura.eus\\\/es\\\/#website\"},\"primaryImageOfPage\":{\"@id\":\"https:\\\/\\\/eibarkultura.eus\\\/es\\\/eventos\\\/bidutzi\\\/#primaryimage\"},\"image\":{\"@id\":\"https:\\\/\\\/eibarkultura.eus\\\/es\\\/eventos\\\/bidutzi\\\/#primaryimage\"},\"thumbnailUrl\":\"https:\\\/\\\/eibarkultura.eus\\\/wp-content\\\/uploads\\\/2026\\\/07\\\/Bidutzi.jpg\",\"datePublished\":\"2026-09-03T09:15:05+00:00\",\"dateModified\":\"2026-09-03T09:23:09+00:00\",\"description\":\"Bidutzi, espect\u00e1culo infantil de Benetan Be, el 24 de octubre en el Coliseo de Eibar. Una divertida historia de monstruos, disfraces, miedo y humor.\",\"breadcrumb\":{\"@id\":\"https:\\\/\\\/eibarkultura.eus\\\/es\\\/eventos\\\/bidutzi\\\/#breadcrumb\"},\"inLanguage\":\"es\",\"potentialAction\":[{\"@type\":\"ReadAction\",\"target\":[\"https:\\\/\\\/eibarkultura.eus\\\/es\\\/eventos\\\/bidutzi\\\/\"]}]},{\"@type\":\"ImageObject\",\"inLanguage\":\"es\",\"@id\":\"https:\\\/\\\/eibarkultura.eus\\\/es\\\/eventos\\\/bidutzi\\\/#primaryimage\",\"url\":\"https:\\\/\\\/eibarkultura.eus\\\/wp-content\\\/uploads\\\/2026\\\/07\\\/Bidutzi.jpg\",\"contentUrl\":\"https:\\\/\\\/eibarkultura.eus\\\/wp-content\\\/uploads\\\/2026\\\/07\\\/Bidutzi.jpg\",\"width\":2000,\"height\":1333},{\"@type\":\"BreadcrumbList\",\"@id\":\"https:\\\/\\\/eibarkultura.eus\\\/es\\\/eventos\\\/bidutzi\\\/#breadcrumb\",\"itemListElement\":[{\"@type\":\"ListItem\",\"position\":1,\"name\":\"Hasiera\",\"item\":\"https:\\\/\\\/eibarkultura.eus\\\/es\\\/\"},{\"@type\":\"ListItem\",\"position\":2,\"name\":\"Eventos\",\"item\":\"https:\\\/\\\/eibarkultura.eus\\\/es\\\/eventos\\\/\"},{\"@type\":\"ListItem\",\"position\":3,\"name\":\"Bidutzi\"}]},{\"@type\":\"WebSite\",\"@id\":\"https:\\\/\\\/eibarkultura.eus\\\/es\\\/#website\",\"url\":\"https:\\\/\\\/eibarkultura.eus\\\/es\\\/\",\"name\":\"Eibarko Kultura\",\"description\":\"Bizi Kultura\",\"publisher\":{\"@id\":\"https:\\\/\\\/eibarkultura.eus\\\/es\\\/#organization\"},\"potentialAction\":[{\"@type\":\"SearchAction\",\"target\":{\"@type\":\"EntryPoint\",\"urlTemplate\":\"https:\\\/\\\/eibarkultura.eus\\\/es\\\/?s={search_term_string}\"},\"query-input\":{\"@type\":\"PropertyValueSpecification\",\"valueRequired\":true,\"valueName\":\"search_term_string\"}}],\"inLanguage\":\"es\"},{\"@type\":\"Organization\",\"@id\":\"https:\\\/\\\/eibarkultura.eus\\\/es\\\/#organization\",\"name\":\"Eibarko Kultura\",\"url\":\"https:\\\/\\\/eibarkultura.eus\\\/es\\\/\",\"logo\":{\"@type\":\"ImageObject\",\"inLanguage\":\"es\",\"@id\":\"https:\\\/\\\/eibarkultura.eus\\\/es\\\/#\\\/schema\\\/logo\\\/image\\\/\",\"url\":\"https:\\\/\\\/eibarkultura.eus\\\/wp-content\\\/uploads\\\/2023\\\/11\\\/Eibar-Kultura_Logo.png\",\"contentUrl\":\"https:\\\/\\\/eibarkultura.eus\\\/wp-content\\\/uploads\\\/2023\\\/11\\\/Eibar-Kultura_Logo.png\",\"width\":1169,\"height\":245,\"caption\":\"Eibarko Kultura\"},\"image\":{\"@id\":\"https:\\\/\\\/eibarkultura.eus\\\/es\\\/#\\\/schema\\\/logo\\\/image\\\/\"}}]}<\/script>\n<!-- \/ Yoast SEO plugin. -->","yoast_head_json":{"title":"Bidutzi - Benetan Be | Eibar Kultura","description":"Bidutzi, espect\u00e1culo infantil de Benetan Be, el 24 de octubre en el Coliseo de Eibar. Una divertida historia de monstruos, disfraces, miedo y humor.","robots":{"index":"index","follow":"follow","max-snippet":"max-snippet:-1","max-image-preview":"max-image-preview:large","max-video-preview":"max-video-preview:-1"},"canonical":"https:\/\/eibarkultura.eus\/es\/eventos\/bidutzi\/","og_locale":"es_ES","og_type":"article","og_title":"Bidutzi - Benetan Be | Eibar Kultura","og_description":"Bidutzi, espect\u00e1culo infantil de Benetan Be, el 24 de octubre en el Coliseo de Eibar. Una divertida historia de monstruos, disfraces, miedo y humor.","og_url":"https:\/\/eibarkultura.eus\/es\/eventos\/bidutzi\/","og_site_name":"Eibarko Kultur Gida","article_modified_time":"2026-09-03T09:23:09+00:00","og_image":[{"width":1024,"height":682,"url":"https:\/\/eibarkultura.eus\/wp-content\/uploads\/2026\/07\/Bidutzi-1024x682.jpg","type":"image\/jpeg"}],"twitter_card":"summary_large_image","twitter_misc":{"Tiempo de lectura":"1 minuto"},"schema":{"@context":"https:\/\/schema.org","@graph":[{"@type":"WebPage","@id":"https:\/\/eibarkultura.eus\/es\/eventos\/bidutzi\/","url":"https:\/\/eibarkultura.eus\/es\/eventos\/bidutzi\/","name":"Bidutzi - Benetan Be | Eibar Kultura","isPartOf":{"@id":"https:\/\/eibarkultura.eus\/es\/#website"},"primaryImageOfPage":{"@id":"https:\/\/eibarkultura.eus\/es\/eventos\/bidutzi\/#primaryimage"},"image":{"@id":"https:\/\/eibarkultura.eus\/es\/eventos\/bidutzi\/#primaryimage"},"thumbnailUrl":"https:\/\/eibarkultura.eus\/wp-content\/uploads\/2026\/07\/Bidutzi.jpg","datePublished":"2026-09-03T09:15:05+00:00","dateModified":"2026-09-03T09:23:09+00:00","description":"Bidutzi, espect\u00e1culo infantil de Benetan Be, el 24 de octubre en el Coliseo de Eibar. Una divertida historia de monstruos, disfraces, miedo y humor.","breadcrumb":{"@id":"https:\/\/eibarkultura.eus\/es\/eventos\/bidutzi\/#breadcrumb"},"inLanguage":"es","potentialAction":[{"@type":"ReadAction","target":["https:\/\/eibarkultura.eus\/es\/eventos\/bidutzi\/"]}]},{"@type":"ImageObject","inLanguage":"es","@id":"https:\/\/eibarkultura.eus\/es\/eventos\/bidutzi\/#primaryimage","url":"https:\/\/eibarkultura.eus\/wp-content\/uploads\/2026\/07\/Bidutzi.jpg","contentUrl":"https:\/\/eibarkultura.eus\/wp-content\/uploads\/2026\/07\/Bidutzi.jpg","width":2000,"height":1333},{"@type":"BreadcrumbList","@id":"https:\/\/eibarkultura.eus\/es\/eventos\/bidutzi\/#breadcrumb","itemListElement":[{"@type":"ListItem","position":1,"name":"Hasiera","item":"https:\/\/eibarkultura.eus\/es\/"},{"@type":"ListItem","position":2,"name":"Eventos","item":"https:\/\/eibarkultura.eus\/es\/eventos\/"},{"@type":"ListItem","position":3,"name":"Bidutzi"}]},{"@type":"WebSite","@id":"https:\/\/eibarkultura.eus\/es\/#website","url":"https:\/\/eibarkultura.eus\/es\/","name":"Eibarko Kultura","description":"Bizi Kultura","publisher":{"@id":"https:\/\/eibarkultura.eus\/es\/#organization"},"potentialAction":[{"@type":"SearchAction","target":{"@type":"EntryPoint","urlTemplate":"https:\/\/eibarkultura.eus\/es\/?s={search_term_string}"},"query-input":{"@type":"PropertyValueSpecification","valueRequired":true,"valueName":"search_term_string"}}],"inLanguage":"es"},{"@type":"Organization","@id":"https:\/\/eibarkultura.eus\/es\/#organization","name":"Eibarko Kultura","url":"https:\/\/eibarkultura.eus\/es\/","logo":{"@type":"ImageObject","inLanguage":"es","@id":"https:\/\/eibarkultura.eus\/es\/#\/schema\/logo\/image\/","url":"https:\/\/eibarkultura.eus\/wp-content\/uploads\/2023\/11\/Eibar-Kultura_Logo.png","contentUrl":"https:\/\/eibarkultura.eus\/wp-content\/uploads\/2023\/11\/Eibar-Kultura_Logo.png","width":1169,"height":245,"caption":"Eibarko Kultura"},"image":{"@id":"https:\/\/eibarkultura.eus\/es\/#\/schema\/logo\/image\/"}}]}},"_links":{"self":[{"href":"https:\/\/eibarkultura.eus\/es\/wp-json\/wp\/v2\/mec-events\/14735","targetHints":{"allow":["GET"]}}],"collection":[{"href":"https:\/\/eibarkultura.eus\/es\/wp-json\/wp\/v2\/mec-events"}],"about":[{"href":"https:\/\/eibarkultura.eus\/es\/wp-json\/wp\/v2\/types\/mec-events"}],"author":[{"embeddable":true,"href":"https:\/\/eibarkultura.eus\/es\/wp-json\/wp\/v2\/users\/1"}],"replies":[{"embeddable":true,"href":"https:\/\/eibarkultura.eus\/es\/wp-json\/wp\/v2\/comments?post=14735"}],"wp:attachment":[{"href":"https:\/\/eibarkultura.eus\/es\/wp-json\/wp\/v2\/media?parent=14735"}],"wp:term":[{"taxonomy":"post_tag","embeddable":true,"href":"https:\/\/eibarkultura.eus\/es\/wp-json\/wp\/v2\/tags?post=14735"},{"taxonomy":"mec_category","embeddable":true,"href":"https:\/\/eibarkultura.eus\/es\/wp-json\/wp\/v2\/mec_category?post=14735"}],"curies":[{"name":"wp","href":"https:\/\/api.w.org\/{rel}","templated":true}]}}

<p><strong>Benetan be</strong></p>
<ul>
<li>Dirección y texto: Patricia Urrutia</li>
<li>Dirección artística: Elena Olivieri</li>
<li>Intérpretes: Patricia Urrutia, Jon Zumelaga, Juanma Urrutia</li>
</ul>
<p>La noche de carnaval, monstruos y seres humanos toman las calles en un ambiente festivo. Anda tan contento Bidutzi en el desorden y es tan tentador ese cartel que dice que no se meta&#8230; “No te metas, sobre todo si eres un monstruo, un cocodrilo o un fantasma. ¡No entres!”. Claro, se meterá dentro de la jaula. Se quedará atrapado por el miedo. Menos mal que Godofredo lo ha visto todo. ¿O es Ainara, disfrazada de Godofredo, la que lo ha visto todo? Eso no importa, al menos aquí, no ahora. Ahora y aquí hay que salir de la jaula antes de que vuelvan el cazador y el ayudante. Humanos y monstruos, monstruos y disfraz, se ayudarán mutuamente a pasar de un pasaje a otro y con ellos llevarán a los espectadores del susto a la carcajada.</p>

<p>Benetan be Dirección y texto: Patricia Urrutia Dirección artística: Elena Olivieri Intérpretes: Patricia Urrutia, Jon Zumelaga, Juanma Urrutia La noche de carnaval, monstruos y seres humanos toman las calles en&hellip;</p>

<!-- This site is optimized with the Yoast SEO plugin v28.4 - https://yoast.com/product/yoast-seo-wordpress/ -->
<title>Bidutzi - Benetan Be | Eibar Kultura</title>
<meta name="description" content="Bidutzi, espectáculo infantil de Benetan Be, el 24 de octubre en el Coliseo de Eibar. Una divertida historia de monstruos, disfraces, miedo y humor." />
<meta name="robots" content="index, follow, max-snippet:-1, max-image-preview:large, max-video-preview:-1" />
<link rel="canonical" href="https://eibarkultura.eus/es/eventos/bidutzi/" />
<meta property="og:locale" content="es_ES" />
<meta property="og:type" content="article" />
<meta property="og:title" content="Bidutzi - Benetan Be | Eibar Kultura" />
<meta property="og:description" content="Bidutzi, espectáculo infantil de Benetan Be, el 24 de octubre en el Coliseo de Eibar. Una divertida historia de monstruos, disfraces, miedo y humor." />
<meta property="og:url" content="https://eibarkultura.eus/es/eventos/bidutzi/" />
<meta property="og:site_name" content="Eibarko Kultur Gida" />
<meta property="article:modified_time" content="2026-09-03T09:23:09+00:00" />
<meta property="og:image" content="https://eibarkultura.eus/wp-content/uploads/2026/07/Bidutzi-1024x682.jpg" />
	<meta property="og:image:width" content="1024" />
	<meta property="og:image:height" content="682" />
	<meta property="og:image:type" content="image/jpeg" />
<meta name="twitter:card" content="summary_large_image" />
<meta name="twitter:label1" content="Tiempo de lectura" />
	<meta name="twitter:data1" content="1 minuto" />
<script type="application/ld+json" class="yoast-schema-graph">{"@context":"https:\/\/schema.org","@graph":[{"@type":"WebPage","@id":"https:\/\/eibarkultura.eus\/es\/eventos\/bidutzi\/","url":"https:\/\/eibarkultura.eus\/es\/eventos\/bidutzi\/","name":"Bidutzi - Benetan Be | Eibar Kultura","isPartOf":{"@id":"https:\/\/eibarkultura.eus\/es\/#website"},"primaryImageOfPage":{"@id":"https:\/\/eibarkultura.eus\/es\/eventos\/bidutzi\/#primaryimage"},"image":{"@id":"https:\/\/eibarkultura.eus\/es\/eventos\/bidutzi\/#primaryimage"},"thumbnailUrl":"https:\/\/eibarkultura.eus\/wp-content\/uploads\/2026\/07\/Bidutzi.jpg","datePublished":"2026-09-03T09:15:05+00:00","dateModified":"2026-09-03T09:23:09+00:00","description":"Bidutzi, espectáculo infantil de Benetan Be, el 24 de octubre en el Coliseo de Eibar. Una divertida historia de monstruos, disfraces, miedo y humor.","breadcrumb":{"@id":"https:\/\/eibarkultura.eus\/es\/eventos\/bidutzi\/#breadcrumb"},"inLanguage":"es","potentialAction":[{"@type":"ReadAction","target":["https:\/\/eibarkultura.eus\/es\/eventos\/bidutzi\/"]}]},{"@type":"ImageObject","inLanguage":"es","@id":"https:\/\/eibarkultura.eus\/es\/eventos\/bidutzi\/#primaryimage","url":"https:\/\/eibarkultura.eus\/wp-content\/uploads\/2026\/07\/Bidutzi.jpg","contentUrl":"https:\/\/eibarkultura.eus\/wp-content\/uploads\/2026\/07\/Bidutzi.jpg","width":2000,"height":1333},{"@type":"BreadcrumbList","@id":"https:\/\/eibarkultura.eus\/es\/eventos\/bidutzi\/#breadcrumb","itemListElement":[{"@type":"ListItem","position":1,"name":"Hasiera","item":"https:\/\/eibarkultura.eus\/es\/"},{"@type":"ListItem","position":2,"name":"Eventos","item":"https:\/\/eibarkultura.eus\/es\/eventos\/"},{"@type":"ListItem","position":3,"name":"Bidutzi"}]},{"@type":"WebSite","@id":"https:\/\/eibarkultura.eus\/es\/#website","url":"https:\/\/eibarkultura.eus\/es\/","name":"Eibarko Kultura","description":"Bizi Kultura","publisher":{"@id":"https:\/\/eibarkultura.eus\/es\/#organization"},"potentialAction":[{"@type":"SearchAction","target":{"@type":"EntryPoint","urlTemplate":"https:\/\/eibarkultura.eus\/es\/?s={search_term_string}"},"query-input":{"@type":"PropertyValueSpecification","valueRequired":true,"valueName":"search_term_string"}}],"inLanguage":"es"},{"@type":"Organization","@id":"https:\/\/eibarkultura.eus\/es\/#organization","name":"Eibarko Kultura","url":"https:\/\/eibarkultura.eus\/es\/","logo":{"@type":"ImageObject","inLanguage":"es","@id":"https:\/\/eibarkultura.eus\/es\/#\/schema\/logo\/image\/","url":"https:\/\/eibarkultura.eus\/wp-content\/uploads\/2023\/11\/Eibar-Kultura_Logo.png","contentUrl":"https:\/\/eibarkultura.eus\/wp-content\/uploads\/2023\/11\/Eibar-Kultura_Logo.png","width":1169,"height":245,"caption":"Eibarko Kultura"},"image":{"@id":"https:\/\/eibarkultura.eus\/es\/#\/schema\/logo\/image\/"}}]}</script>
<!-- / Yoast SEO plugin. -->

Bidutzi, espectáculo infantil de Benetan Be, el 24 de octubre en el Coliseo de Eibar. Una divertida historia de monstruos, disfraces, miedo y humor.
